{"id":778,"date":"2014-08-12T05:27:46","date_gmt":"2014-08-12T04:27:46","guid":{"rendered":"http:\/\/yomeunoalretto.org\/?page_id=778"},"modified":"2014-08-12T05:27:46","modified_gmt":"2014-08-12T04:27:46","slug":"i-maraton-cycling-solidario-yo-me-uno-al-retto","status":"publish","type":"page","link":"http:\/\/yomeunoalretto.org\/?page_id=778","title":{"rendered":"I Marat\u00f3n Cycling Solidario Yo me uno al Retto"},"content":{"rendered":"<p>En la tarde del pr\u00f3ximo 23 de agosto, v\u00edspera del la salida de la vuelta ciclista desde C\u00e1diz, se desarrollar\u00e1 en la plaza de la Catedral de C\u00e1diz, el I Marat\u00f3n de Cycling Solidario Yo me uno al Retto.<\/p>\n<p>Donde podremos asistir a una de las mayores concentraciones de ciclistas de este deporte que se haya realizado en la capital, demostraciones deportivas, m\u00fasica y alguna que otra sorpresa m\u00e1s.<\/p>\n<p>Todo un espect\u00e1culo que no debes perderte y, si te atreves, participar del Retto; hasta 3 horas podr\u00e1s estar subido a un caballo de metal y desafiar a tus propios l\u00edmites.<\/p>\n<p>Son muchos los colaboradores que desean participar en este evento, Unete al Retto y pedalea por nuestras ni\u00f1as, entre todos vamos a darle la vuelta.<\/p>\n<p>Por la investigaci\u00f3n del s\u00edndrome de Rett.<\/p>\n<p>M\u00e1s informaci\u00f3n en\u00a0<span style=\"color: #ff9900;\"><strong><a href=\"http:\/\/www.cronosur.es\" target=\"_blank\"><span style=\"color: #ff9900;\">http:\/\/www.cronosur.es<\/span><\/a><\/strong><\/span><\/p>\n<div class=\"sharedaddy sd-sharing-enabled\"><div class=\"robots-nocontent sd-block sd-social sd-social-icon sd-sharing\"><h3 class=\"sd-title\">Comparte esto:<\/h3><div class=\"sd-content\"><ul><li class=\"share-facebook\"><a rel=\"nofollow noopener noreferrer\" data-shared=\"sharing-facebook-778\" class=\"share-facebook sd-button share-icon no-text\" href=\"http:\/\/yomeunoalretto.org\/?page_id=778&amp;share=facebook\" target=\"_blank\" title=\"Haz clic para compartir en Facebook\" ><span><\/span><span class=\"sharing-screen-reader-text\">Haz clic para compartir en Facebook (Se abre en una ventana nueva)<\/span><\/a><\/li><li class=\"share-twitter\"><a rel=\"nofollow noopener noreferrer\" data-shared=\"sharing-twitter-778\" class=\"share-twitter sd-button share-icon no-text\" href=\"http:\/\/yomeunoalretto.org\/?page_id=778&amp;share=twitter\" target=\"_blank\" title=\"Haz clic para compartir en Twitter\" ><span><\/span><span class=\"sharing-screen-reader-text\">Haz clic para compartir en Twitter (Se abre en una ventana nueva)<\/span><\/a><\/li><li class=\"share-print\"><a rel=\"nofollow noopener noreferrer\" data-shared=\"\" class=\"share-print sd-button share-icon no-text\" href=\"http:\/\/yomeunoalretto.org\/?page_id=778\" target=\"_blank\" title=\"Haz clic para imprimir\" ><span><\/span><span class=\"sharing-screen-reader-text\">Haz clic para imprimir (Se abre en una ventana nueva)<\/span><\/a><\/li><li class=\"share-email\"><a rel=\"nofollow noopener noreferrer\" data-shared=\"\" class=\"share-email sd-button share-icon no-text\" href=\"mailto:?subject=%5BEntrada%20compartida%5D%20I%20Marat%C3%B3n%20Cycling%20Solidario%20Yo%20me%20uno%20al%20Retto&body=http%3A%2F%2Fyomeunoalretto.org%2F%3Fpage_id%3D778&share=email\" target=\"_blank\" title=\"Haz clic para enviar un enlace por correo electr\u00f3nico a un amigo\" data-email-share-error-title=\"\u00bfTienes un correo electr\u00f3nico configurado?\" data-email-share-error-text=\"Si tienes problemas al compartir por correo electr\u00f3nico, es posible que sea porque no tengas un correo electr\u00f3nico configurado en tu navegador. Puede que tengas que crear un nuevo correo electr\u00f3nico t\u00fa mismo.\" data-email-share-nonce=\"7da158821c\" data-email-share-track-url=\"http:\/\/yomeunoalretto.org\/?page_id=778&amp;share=email\"><span><\/span><span class=\"sharing-screen-reader-text\">Haz clic para enviar un enlace por correo electr\u00f3nico a un amigo (Se abre en una ventana nueva)<\/span><\/a><\/li><li><a href=\"#\" class=\"sharing-anchor sd-button share-more\"><span>M\u00e1s<\/span><\/a><\/li><li class=\"share-end\"><\/li><\/ul><div class=\"sharing-hidden\"><div class=\"inner\" style=\"display: none;\"><ul><li class=\"share-linkedin\"><a rel=\"nofollow noopener noreferrer\" data-shared=\"sharing-linkedin-778\" class=\"share-linkedin sd-button share-icon no-text\" href=\"http:\/\/yomeunoalretto.org\/?page_id=778&amp;share=linkedin\" target=\"_blank\" title=\"Haz clic para compartir en LinkedIn\" ><span><\/span><span class=\"sharing-screen-reader-text\">Haz clic para compartir en LinkedIn (Se abre en una ventana nueva)<\/span><\/a><\/li><li class=\"share-tumblr\"><a rel=\"nofollow noopener noreferrer\" data-shared=\"\" class=\"share-tumblr sd-button share-icon no-text\" href=\"http:\/\/yomeunoalretto.org\/?page_id=778&amp;share=tumblr\" target=\"_blank\" title=\"Haz clic para compartir en Tumblr\" ><span><\/span><span class=\"sharing-screen-reader-text\">Haz clic para compartir en Tumblr (Se abre en una ventana nueva)<\/span><\/a><\/li><li class=\"share-end\"><\/li><li class=\"share-reddit\"><a rel=\"nofollow noopener noreferrer\" data-shared=\"\" class=\"share-reddit sd-button share-icon no-text\" href=\"http:\/\/yomeunoalretto.org\/?page_id=778&amp;share=reddit\" target=\"_blank\" title=\"Haz clic para compartir en Reddit\" ><span><\/span><span class=\"sharing-screen-reader-text\">Haz clic para compartir en Reddit (Se abre en una ventana nueva)<\/span><\/a><\/li><li class=\"share-pocket\"><a rel=\"nofollow noopener noreferrer\" data-shared=\"\" class=\"share-pocket sd-button share-icon no-text\" href=\"http:\/\/yomeunoalretto.org\/?page_id=778&amp;share=pocket\" target=\"_blank\" title=\"Haz clic para compartir en Pocket\" ><span><\/span><span class=\"sharing-screen-reader-text\">Haz clic para compartir en Pocket (Se abre en una ventana nueva)<\/span><\/a><\/li><li class=\"share-end\"><\/li><li class=\"share-pinterest\"><a rel=\"nofollow noopener noreferrer\" data-shared=\"sharing-pinterest-778\" class=\"share-pinterest sd-button share-icon no-text\" href=\"http:\/\/yomeunoalretto.org\/?page_id=778&amp;share=pinterest\" target=\"_blank\" title=\"Haz clic para compartir en Pinterest\" ><span><\/span><span class=\"sharing-screen-reader-text\">Haz clic para compartir en Pinterest (Se abre en una ventana nueva)<\/span><\/a><\/li><li class=\"share-end\"><\/li><\/ul><\/div><\/div><\/div><\/div><\/div>","protected":false},"excerpt":{"rendered":"<p>En la tarde del pr\u00f3ximo 23 de agosto, v\u00edspera del la salida de la vuelta ciclista desde C\u00e1diz, se desarrollar\u00e1 en la plaza de la Catedral de C\u00e1diz, el I Marat\u00f3n de Cycling Solidario Yo me uno al Retto. Donde podremos asistir a una de las mayores concentraciones de ciclistas de este deporte que se [&hellip;]<\/p>\n<div class=\"sharedaddy sd-sharing-enabled\"><div class=\"robots-nocontent sd-block sd-social sd-social-icon sd-sharing\"><h3 class=\"sd-title\">Comparte esto:<\/h3><div class=\"sd-content\"><ul><li class=\"share-facebook\"><a rel=\"nofollow noopener noreferrer\" data-shared=\"sharing-facebook-778\" class=\"share-facebook sd-button share-icon no-text\" href=\"http:\/\/yomeunoalretto.org\/?page_id=778&amp;share=facebook\" target=\"_blank\" title=\"Haz clic para compartir en Facebook\" ><span><\/span><span class=\"sharing-screen-reader-text\">Haz clic para compartir en Facebook (Se abre en una ventana nueva)<\/span><\/a><\/li><li class=\"share-twitter\"><a rel=\"nofollow noopener noreferrer\" data-shared=\"sharing-twitter-778\" class=\"share-twitter sd-button share-icon no-text\" href=\"http:\/\/yomeunoalretto.org\/?page_id=778&amp;share=twitter\" target=\"_blank\" title=\"Haz clic para compartir en Twitter\" ><span><\/span><span class=\"sharing-screen-reader-text\">Haz clic para compartir en Twitter (Se abre en una ventana nueva)<\/span><\/a><\/li><li class=\"share-print\"><a rel=\"nofollow noopener noreferrer\" data-shared=\"\" class=\"share-print sd-button share-icon no-text\" href=\"http:\/\/yomeunoalretto.org\/?page_id=778\" target=\"_blank\" title=\"Haz clic para imprimir\" ><span><\/span><span class=\"sharing-screen-reader-text\">Haz clic para imprimir (Se abre en una ventana nueva)<\/span><\/a><\/li><li class=\"share-email\"><a rel=\"nofollow noopener noreferrer\" data-shared=\"\" class=\"share-email sd-button share-icon no-text\" href=\"mailto:?subject=%5BEntrada%20compartida%5D%20I%20Marat%C3%B3n%20Cycling%20Solidario%20Yo%20me%20uno%20al%20Retto&body=http%3A%2F%2Fyomeunoalretto.org%2F%3Fpage_id%3D778&share=email\" target=\"_blank\" title=\"Haz clic para enviar un enlace por correo electr\u00f3nico a un amigo\" data-email-share-error-title=\"\u00bfTienes un correo electr\u00f3nico configurado?\" data-email-share-error-text=\"Si tienes problemas al compartir por correo electr\u00f3nico, es posible que sea porque no tengas un correo electr\u00f3nico configurado en tu navegador. Puede que tengas que crear un nuevo correo electr\u00f3nico t\u00fa mismo.\" data-email-share-nonce=\"7da158821c\" data-email-share-track-url=\"http:\/\/yomeunoalretto.org\/?page_id=778&amp;share=email\"><span><\/span><span class=\"sharing-screen-reader-text\">Haz clic para enviar un enlace por correo electr\u00f3nico a un amigo (Se abre en una ventana nueva)<\/span><\/a><\/li><li><a href=\"#\" class=\"sharing-anchor sd-button share-more\"><span>M\u00e1s<\/span><\/a><\/li><li class=\"share-end\"><\/li><\/ul><div class=\"sharing-hidden\"><div class=\"inner\" style=\"display: none;\"><ul><li class=\"share-linkedin\"><a rel=\"nofollow noopener noreferrer\" data-shared=\"sharing-linkedin-778\" class=\"share-linkedin sd-button share-icon no-text\" href=\"http:\/\/yomeunoalretto.org\/?page_id=778&amp;share=linkedin\" target=\"_blank\" title=\"Haz clic para compartir en LinkedIn\" ><span><\/span><span class=\"sharing-screen-reader-text\">Haz clic para compartir en LinkedIn (Se abre en una ventana nueva)<\/span><\/a><\/li><li class=\"share-tumblr\"><a rel=\"nofollow noopener noreferrer\" data-shared=\"\" class=\"share-tumblr sd-button share-icon no-text\" href=\"http:\/\/yomeunoalretto.org\/?page_id=778&amp;share=tumblr\" target=\"_blank\" title=\"Haz clic para compartir en Tumblr\" ><span><\/span><span class=\"sharing-screen-reader-text\">Haz clic para compartir en Tumblr (Se abre en una ventana nueva)<\/span><\/a><\/li><li class=\"share-end\"><\/li><li class=\"share-reddit\"><a rel=\"nofollow noopener noreferrer\" data-shared=\"\" class=\"share-reddit sd-button share-icon no-text\" href=\"http:\/\/yomeunoalretto.org\/?page_id=778&amp;share=reddit\" target=\"_blank\" title=\"Haz clic para compartir en Reddit\" ><span><\/span><span class=\"sharing-screen-reader-text\">Haz clic para compartir en Reddit (Se abre en una ventana nueva)<\/span><\/a><\/li><li class=\"share-pocket\"><a rel=\"nofollow noopener noreferrer\" data-shared=\"\" class=\"share-pocket sd-button share-icon no-text\" href=\"http:\/\/yomeunoalretto.org\/?page_id=778&amp;share=pocket\" target=\"_blank\" title=\"Haz clic para compartir en Pocket\" ><span><\/span><span class=\"sharing-screen-reader-text\">Haz clic para compartir en Pocket (Se abre en una ventana nueva)<\/span><\/a><\/li><li class=\"share-end\"><\/li><li class=\"share-pinterest\"><a rel=\"nofollow noopener noreferrer\" data-shared=\"sharing-pinterest-778\" class=\"share-pinterest sd-button share-icon no-text\" href=\"http:\/\/yomeunoalretto.org\/?page_id=778&amp;share=pinterest\" target=\"_blank\" title=\"Haz clic para compartir en Pinterest\" ><span><\/span><span class=\"sharing-screen-reader-text\">Haz clic para compartir en Pinterest (Se abre en una ventana nueva)<\/span><\/a><\/li><li class=\"share-end\"><\/li><\/ul><\/div><\/div><\/div><\/div><\/div>","protected":false},"author":1,"featured_media":0,"parent":0,"menu_order":0,"comment_status":"open","ping_status":"open","template":"","meta":[],"jetpack_shortlink":"https:\/\/wp.me\/P4JzDn-cy","jetpack_sharing_enabled":true,"_links":{"self":[{"href":"http:\/\/yomeunoalretto.org\/index.php?rest_route=\/wp\/v2\/pages\/778"}],"collection":[{"href":"http:\/\/yomeunoalretto.org\/index.php?rest_route=\/wp\/v2\/pages"}],"about":[{"href":"http:\/\/yomeunoalretto.org\/index.php?rest_route=\/wp\/v2\/types\/page"}],"author":[{"embeddable":true,"href":"http:\/\/yomeunoalretto.org\/index.php?rest_route=\/wp\/v2\/users\/1"}],"replies":[{"embeddable":true,"href":"http:\/\/yomeunoalretto.org\/index.php?rest_route=%2Fwp%2Fv2%2Fcomments&post=778"}],"version-history":[{"count":1,"href":"http:\/\/yomeunoalretto.org\/index.php?rest_route=\/wp\/v2\/pages\/778\/revisions"}],"predecessor-version":[{"id":779,"href":"http:\/\/yomeunoalretto.org\/index.php?rest_route=\/wp\/v2\/pages\/778\/revisions\/779"}],"wp:attachment":[{"href":"http:\/\/yomeunoalretto.org\/index.php?rest_route=%2Fwp%2Fv2%2Fmedia&parent=778"}],"curies":[{"name":"wp","href":"https:\/\/api.w.org\/{rel}","templated":true}]}}

I Maratón Cycling Solidario Yo me uno al Retto

<p>En la tarde del próximo 23 de agosto, víspera del la salida de la vuelta ciclista desde Cádiz, se desarrollará en la plaza de la Catedral de Cádiz, el I Maratón de Cycling Solidario Yo me uno al Retto.</p>
<p>Donde podremos asistir a una de las mayores concentraciones de ciclistas de este deporte que se haya realizado en la capital, demostraciones deportivas, música y alguna que otra sorpresa más.</p>
<p>Todo un espectáculo que no debes perderte y, si te atreves, participar del Retto; hasta 3 horas podrás estar subido a un caballo de metal y desafiar a tus propios límites.</p>
<p>Son muchos los colaboradores que desean participar en este evento, Unete al Retto y pedalea por nuestras niñas, entre todos vamos a darle la vuelta.</p>
<p>Por la investigación del síndrome de Rett.</p>
<p>Más información en <span style="color: #ff9900;"><strong><a href="http://www.cronosur.es" target="_blank"><span style="color: #ff9900;">http://www.cronosur.es</span></a></strong></span></p>
<div class="sharedaddy sd-sharing-enabled"><div class="robots-nocontent sd-block sd-social sd-social-icon sd-sharing"><h3 class="sd-title">Comparte esto:</h3><div class="sd-content"><ul><li class="share-facebook"><a rel="nofollow noopener noreferrer" data-shared="sharing-facebook-778" class="share-facebook sd-button share-icon no-text" href="http://yomeunoalretto.org/?page_id=778&amp;share=facebook" target="_blank" title="Haz clic para compartir en Facebook" ><span></span><span class="sharing-screen-reader-text">Haz clic para compartir en Facebook (Se abre en una ventana nueva)</span></a></li><li class="share-twitter"><a rel="nofollow noopener noreferrer" data-shared="sharing-twitter-778" class="share-twitter sd-button share-icon no-text" href="http://yomeunoalretto.org/?page_id=778&amp;share=twitter" target="_blank" title="Haz clic para compartir en Twitter" ><span></span><span class="sharing-screen-reader-text">Haz clic para compartir en Twitter (Se abre en una ventana nueva)</span></a></li><li class="share-print"><a rel="nofollow noopener noreferrer" data-shared="" class="share-print sd-button share-icon no-text" href="http://yomeunoalretto.org/?page_id=778" target="_blank" title="Haz clic para imprimir" ><span></span><span class="sharing-screen-reader-text">Haz clic para imprimir (Se abre en una ventana nueva)</span></a></li><li class="share-email"><a rel="nofollow noopener noreferrer" data-shared="" class="share-email sd-button share-icon no-text" href="mailto:?subject=%5BEntrada%20compartida%5D%20I%20Marat%C3%B3n%20Cycling%20Solidario%20Yo%20me%20uno%20al%20Retto&body=http%3A%2F%2Fyomeunoalretto.org%2F%3Fpage_id%3D778&share=email" target="_blank" title="Haz clic para enviar un enlace por correo electrónico a un amigo" data-email-share-error-title="¿Tienes un correo electrónico configurado?" data-email-share-error-text="Si tienes problemas al compartir por correo electrónico, es posible que sea porque no tengas un correo electrónico configurado en tu navegador. Puede que tengas que crear un nuevo correo electrónico tú mismo." data-email-share-nonce="7da158821c" data-email-share-track-url="http://yomeunoalretto.org/?page_id=778&amp;share=email"><span></span><span class="sharing-screen-reader-text">Haz clic para enviar un enlace por correo electrónico a un amigo (Se abre en una ventana nueva)</span></a></li><li><a href="#" class="sharing-anchor sd-button share-more"><span>Más</span></a></li><li class="share-end"></li></ul><div class="sharing-hidden"><div class="inner" style="display: none;"><ul><li class="share-linkedin"><a rel="nofollow noopener noreferrer" data-shared="sharing-linkedin-778" class="share-linkedin sd-button share-icon no-text" href="http://yomeunoalretto.org/?page_id=778&amp;share=linkedin" target="_blank" title="Haz clic para compartir en LinkedIn" ><span></span><span class="sharing-screen-reader-text">Haz clic para compartir en LinkedIn (Se abre en una ventana nueva)</span></a></li><li class="share-tumblr"><a rel="nofollow noopener noreferrer" data-shared="" class="share-tumblr sd-button share-icon no-text" href="http://yomeunoalretto.org/?page_id=778&amp;share=tumblr" target="_blank" title="Haz clic para compartir en Tumblr" ><span></span><span class="sharing-screen-reader-text">Haz clic para compartir en Tumblr (Se abre en una ventana nueva)</span></a></li><li class="share-end"></li><li class="share-reddit"><a rel="nofollow noopener noreferrer" data-shared="" class="share-reddit sd-button share-icon no-text" href="http://yomeunoalretto.org/?page_id=778&amp;share=reddit" target="_blank" title="Haz clic para compartir en Reddit" ><span></span><span class="sharing-screen-reader-text">Haz clic para compartir en Reddit (Se abre en una ventana nueva)</span></a></li><li class="share-pocket"><a rel="nofollow noopener noreferrer" data-shared="" class="share-pocket sd-button share-icon no-text" href="http://yomeunoalretto.org/?page_id=778&amp;share=pocket" target="_blank" title="Haz clic para compartir en Pocket" ><span></span><span class="sharing-screen-reader-text">Haz clic para compartir en Pocket (Se abre en una ventana nueva)</span></a></li><li class="share-end"></li><li class="share-pinterest"><a rel="nofollow noopener noreferrer" data-shared="sharing-pinterest-778" class="share-pinterest sd-button share-icon no-text" href="http://yomeunoalretto.org/?page_id=778&amp;share=pinterest" target="_blank" title="Haz clic para compartir en Pinterest" ><span></span><span class="sharing-screen-reader-text">Haz clic para compartir en Pinterest (Se abre en una ventana nueva)</span></a></li><li class="share-end"></li></ul></div></div></div></div></div>

<p>En la tarde del próximo 23 de agosto, víspera del la salida de la vuelta ciclista desde Cádiz, se desarrollará en la plaza de la Catedral de Cádiz, el I Maratón de Cycling Solidario Yo me uno al Retto. Donde podremos asistir a una de las mayores concentraciones de ciclistas de este deporte que se [&hellip;]</p>
<div class="sharedaddy sd-sharing-enabled"><div class="robots-nocontent sd-block sd-social sd-social-icon sd-sharing"><h3 class="sd-title">Comparte esto:</h3><div class="sd-content"><ul><li class="share-facebook"><a rel="nofollow noopener noreferrer" data-shared="sharing-facebook-778" class="share-facebook sd-button share-icon no-text" href="http://yomeunoalretto.org/?page_id=778&amp;share=facebook" target="_blank" title="Haz clic para compartir en Facebook" ><span></span><span class="sharing-screen-reader-text">Haz clic para compartir en Facebook (Se abre en una ventana nueva)</span></a></li><li class="share-twitter"><a rel="nofollow noopener noreferrer" data-shared="sharing-twitter-778" class="share-twitter sd-button share-icon no-text" href="http://yomeunoalretto.org/?page_id=778&amp;share=twitter" target="_blank" title="Haz clic para compartir en Twitter" ><span></span><span class="sharing-screen-reader-text">Haz clic para compartir en Twitter (Se abre en una ventana nueva)</span></a></li><li class="share-print"><a rel="nofollow noopener noreferrer" data-shared="" class="share-print sd-button share-icon no-text" href="http://yomeunoalretto.org/?page_id=778" target="_blank" title="Haz clic para imprimir" ><span></span><span class="sharing-screen-reader-text">Haz clic para imprimir (Se abre en una ventana nueva)</span></a></li><li class="share-email"><a rel="nofollow noopener noreferrer" data-shared="" class="share-email sd-button share-icon no-text" href="mailto:?subject=%5BEntrada%20compartida%5D%20I%20Marat%C3%B3n%20Cycling%20Solidario%20Yo%20me%20uno%20al%20Retto&body=http%3A%2F%2Fyomeunoalretto.org%2F%3Fpage_id%3D778&share=email" target="_blank" title="Haz clic para enviar un enlace por correo electrónico a un amigo" data-email-share-error-title="¿Tienes un correo electrónico configurado?" data-email-share-error-text="Si tienes problemas al compartir por correo electrónico, es posible que sea porque no tengas un correo electrónico configurado en tu navegador. Puede que tengas que crear un nuevo correo electrónico tú mismo." data-email-share-nonce="7da158821c" data-email-share-track-url="http://yomeunoalretto.org/?page_id=778&amp;share=email"><span></span><span class="sharing-screen-reader-text">Haz clic para enviar un enlace por correo electrónico a un amigo (Se abre en una ventana nueva)</span></a></li><li><a href="#" class="sharing-anchor sd-button share-more"><span>Más</span></a></li><li class="share-end"></li></ul><div class="sharing-hidden"><div class="inner" style="display: none;"><ul><li class="share-linkedin"><a rel="nofollow noopener noreferrer" data-shared="sharing-linkedin-778" class="share-linkedin sd-button share-icon no-text" href="http://yomeunoalretto.org/?page_id=778&amp;share=linkedin" target="_blank" title="Haz clic para compartir en LinkedIn" ><span></span><span class="sharing-screen-reader-text">Haz clic para compartir en LinkedIn (Se abre en una ventana nueva)</span></a></li><li class="share-tumblr"><a rel="nofollow noopener noreferrer" data-shared="" class="share-tumblr sd-button share-icon no-text" href="http://yomeunoalretto.org/?page_id=778&amp;share=tumblr" target="_blank" title="Haz clic para compartir en Tumblr" ><span></span><span class="sharing-screen-reader-text">Haz clic para compartir en Tumblr (Se abre en una ventana nueva)</span></a></li><li class="share-end"></li><li class="share-reddit"><a rel="nofollow noopener noreferrer" data-shared="" class="share-reddit sd-button share-icon no-text" href="http://yomeunoalretto.org/?page_id=778&amp;share=reddit" target="_blank" title="Haz clic para compartir en Reddit" ><span></span><span class="sharing-screen-reader-text">Haz clic para compartir en Reddit (Se abre en una ventana nueva)</span></a></li><li class="share-pocket"><a rel="nofollow noopener noreferrer" data-shared="" class="share-pocket sd-button share-icon no-text" href="http://yomeunoalretto.org/?page_id=778&amp;share=pocket" target="_blank" title="Haz clic para compartir en Pocket" ><span></span><span class="sharing-screen-reader-text">Haz clic para compartir en Pocket (Se abre en una ventana nueva)</span></a></li><li class="share-end"></li><li class="share-pinterest"><a rel="nofollow noopener noreferrer" data-shared="sharing-pinterest-778" class="share-pinterest sd-button share-icon no-text" href="http://yomeunoalretto.org/?page_id=778&amp;share=pinterest" target="_blank" title="Haz clic para compartir en Pinterest" ><span></span><span class="sharing-screen-reader-text">Haz clic para compartir en Pinterest (Se abre en una ventana nueva)</span></a></li><li class="share-end"></li></ul></div></div></div></div></div>
