{"id":4685,"date":"2017-08-28T01:49:37","date_gmt":"2017-08-28T00:49:37","guid":{"rendered":"http:\/\/yomeunoalretto.org\/?page_id=4685"},"modified":"2017-08-28T02:01:19","modified_gmt":"2017-08-28T01:01:19","slug":"entradas-anticipadas-en-cadiz-para-el-festival-yomeunoalretto","status":"publish","type":"page","link":"http:\/\/yomeunoalretto.org\/?page_id=4685","title":{"rendered":"Entradas anticipadas en C\u00e1diz para el Festival YomeunoalRetto."},"content":{"rendered":"<p>Si te quieres asegurar tu entrada para el Festival YomeunoalRetto del pr\u00f3ximo 3 de septiembre, las puedes adquirir de forma anticipada, por un donativo de solo 5 \u20acuros, en C\u00e1diz en:<\/p>\n<ul>\n<li><img data-attachment-id=\"4686\" data-permalink=\"http:\/\/yomeunoalretto.org\/?attachment_id=4686\" data-orig-file=\"http:\/\/yomeunoalretto.org\/wp-content\/uploads\/2017\/08\/IMG_5549.jpg\" data-orig-size=\"768,1024\" data-comments-opened=\"1\" data-image-meta=\"{&quot;aperture&quot;:&quot;0&quot;,&quot;credit&quot;:&quot;&quot;,&quot;camera&quot;:&quot;&quot;,&quot;caption&quot;:&quot;&quot;,&quot;created_timestamp&quot;:&quot;0&quot;,&quot;copyright&quot;:&quot;&quot;,&quot;focal_length&quot;:&quot;0&quot;,&quot;iso&quot;:&quot;0&quot;,&quot;shutter_speed&quot;:&quot;0&quot;,&quot;title&quot;:&quot;&quot;,&quot;orientation&quot;:&quot;1&quot;}\" data-image-title=\"IMG_5549\" data-image-description=\"\" data-image-caption=\"\" data-medium-file=\"http:\/\/yomeunoalretto.org\/wp-content\/uploads\/2017\/08\/IMG_5549-188x250.jpg\" data-large-file=\"http:\/\/yomeunoalretto.org\/wp-content\/uploads\/2017\/08\/IMG_5549-768x1024.jpg\" decoding=\"async\" loading=\"lazy\" class=\"size-medium wp-image-4686 alignright\" src=\"http:\/\/yomeunoalretto.org\/wp-content\/uploads\/2017\/08\/IMG_5549-188x250.jpg\" alt=\"\" width=\"188\" height=\"250\" srcset=\"http:\/\/yomeunoalretto.org\/wp-content\/uploads\/2017\/08\/IMG_5549-188x250.jpg 188w, http:\/\/yomeunoalretto.org\/wp-content\/uploads\/2017\/08\/IMG_5549.jpg 768w, http:\/\/yomeunoalretto.org\/wp-content\/uploads\/2017\/08\/IMG_5549-126x168.jpg 126w\" sizes=\"(max-width: 188px) 100vw, 188px\" \/>Estanco de Plaza de San Antonio.<\/li>\n<li>Panader\u00eda del Mentidero.<\/li>\n<\/ul>\n<p>Tambi\u00e9n estar\u00e1n a la venta en la puerta de la caseta municipal del recinto ferial de Puerto Real el pr\u00f3ximo domingo d\u00eda 3 de septiembre (amplia zona de aparcamiento y a 300 metros de la estaci\u00f3n de tren de Puerto Real)<\/p>\n<p>Desde la Asociaci\u00f3n Gaditana Yo me uno al Retto queremos reconocer y agradecer a estos comerciantes la labor solidaria que realizan durante todo el a\u00f1o.<\/p>\n<p>Recuerda que no necesitan adquirir entrada: ni\u00f1os menores de 14 a\u00f1os, discapacitados y los participantes en la carrera de esa misma ma\u00f1ana presentando el dorsal.<\/p>\n<div class=\"sharedaddy sd-sharing-enabled\"><div class=\"robots-nocontent sd-block sd-social sd-social-icon sd-sharing\"><h3 class=\"sd-title\">Comparte esto:<\/h3><div class=\"sd-content\"><ul><li class=\"share-facebook\"><a rel=\"nofollow noopener noreferrer\" data-shared=\"sharing-facebook-4685\" class=\"share-facebook sd-button share-icon no-text\" href=\"http:\/\/yomeunoalretto.org\/?page_id=4685&amp;share=facebook\" target=\"_blank\" title=\"Haz clic para compartir en Facebook\" ><span><\/span><span class=\"sharing-screen-reader-text\">Haz clic para compartir en Facebook (Se abre en una ventana nueva)<\/span><\/a><\/li><li class=\"share-twitter\"><a rel=\"nofollow noopener noreferrer\" data-shared=\"sharing-twitter-4685\" class=\"share-twitter sd-button share-icon no-text\" href=\"http:\/\/yomeunoalretto.org\/?page_id=4685&amp;share=twitter\" target=\"_blank\" title=\"Haz clic para compartir en Twitter\" ><span><\/span><span class=\"sharing-screen-reader-text\">Haz clic para compartir en Twitter (Se abre en una ventana nueva)<\/span><\/a><\/li><li class=\"share-print\"><a rel=\"nofollow noopener noreferrer\" data-shared=\"\" class=\"share-print sd-button share-icon no-text\" href=\"http:\/\/yomeunoalretto.org\/?page_id=4685\" target=\"_blank\" title=\"Haz clic para imprimir\" ><span><\/span><span class=\"sharing-screen-reader-text\">Haz clic para imprimir (Se abre en una ventana nueva)<\/span><\/a><\/li><li class=\"share-email\"><a rel=\"nofollow noopener noreferrer\" data-shared=\"\" class=\"share-email sd-button share-icon no-text\" href=\"mailto:?subject=%5BEntrada%20compartida%5D%20Entradas%20anticipadas%20en%20C%C3%A1diz%20para%20el%20Festival%20YomeunoalRetto.&body=http%3A%2F%2Fyomeunoalretto.org%2F%3Fpage_id%3D4685&share=email\" target=\"_blank\" title=\"Haz clic para enviar un enlace por correo electr\u00f3nico a un amigo\" data-email-share-error-title=\"\u00bfTienes un correo electr\u00f3nico configurado?\" data-email-share-error-text=\"Si tienes problemas al compartir por correo electr\u00f3nico, es posible que sea porque no tengas un correo electr\u00f3nico configurado en tu navegador. Puede que tengas que crear un nuevo correo electr\u00f3nico t\u00fa mismo.\" data-email-share-nonce=\"8b5ac5ae5a\" data-email-share-track-url=\"http:\/\/yomeunoalretto.org\/?page_id=4685&amp;share=email\"><span><\/span><span class=\"sharing-screen-reader-text\">Haz clic para enviar un enlace por correo electr\u00f3nico a un amigo (Se abre en una ventana nueva)<\/span><\/a><\/li><li><a href=\"#\" class=\"sharing-anchor sd-button share-more\"><span>M\u00e1s<\/span><\/a><\/li><li class=\"share-end\"><\/li><\/ul><div class=\"sharing-hidden\"><div class=\"inner\" style=\"display: none;\"><ul><li class=\"share-linkedin\"><a rel=\"nofollow noopener noreferrer\" data-shared=\"sharing-linkedin-4685\" class=\"share-linkedin sd-button share-icon no-text\" href=\"http:\/\/yomeunoalretto.org\/?page_id=4685&amp;share=linkedin\" target=\"_blank\" title=\"Haz clic para compartir en LinkedIn\" ><span><\/span><span class=\"sharing-screen-reader-text\">Haz clic para compartir en LinkedIn (Se abre en una ventana nueva)<\/span><\/a><\/li><li class=\"share-tumblr\"><a rel=\"nofollow noopener noreferrer\" data-shared=\"\" class=\"share-tumblr sd-button share-icon no-text\" href=\"http:\/\/yomeunoalretto.org\/?page_id=4685&amp;share=tumblr\" target=\"_blank\" title=\"Haz clic para compartir en Tumblr\" ><span><\/span><span class=\"sharing-screen-reader-text\">Haz clic para compartir en Tumblr (Se abre en una ventana nueva)<\/span><\/a><\/li><li class=\"share-end\"><\/li><li class=\"share-reddit\"><a rel=\"nofollow noopener noreferrer\" data-shared=\"\" class=\"share-reddit sd-button share-icon no-text\" href=\"http:\/\/yomeunoalretto.org\/?page_id=4685&amp;share=reddit\" target=\"_blank\" title=\"Haz clic para compartir en Reddit\" ><span><\/span><span class=\"sharing-screen-reader-text\">Haz clic para compartir en Reddit (Se abre en una ventana nueva)<\/span><\/a><\/li><li class=\"share-pocket\"><a rel=\"nofollow noopener noreferrer\" data-shared=\"\" class=\"share-pocket sd-button share-icon no-text\" href=\"http:\/\/yomeunoalretto.org\/?page_id=4685&amp;share=pocket\" target=\"_blank\" title=\"Haz clic para compartir en Pocket\" ><span><\/span><span class=\"sharing-screen-reader-text\">Haz clic para compartir en Pocket (Se abre en una ventana nueva)<\/span><\/a><\/li><li class=\"share-end\"><\/li><li class=\"share-pinterest\"><a rel=\"nofollow noopener noreferrer\" data-shared=\"sharing-pinterest-4685\" class=\"share-pinterest sd-button share-icon no-text\" href=\"http:\/\/yomeunoalretto.org\/?page_id=4685&amp;share=pinterest\" target=\"_blank\" title=\"Haz clic para compartir en Pinterest\" ><span><\/span><span class=\"sharing-screen-reader-text\">Haz clic para compartir en Pinterest (Se abre en una ventana nueva)<\/span><\/a><\/li><li class=\"share-end\"><\/li><\/ul><\/div><\/div><\/div><\/div><\/div>","protected":false},"excerpt":{"rendered":"<p>Si te quieres asegurar tu entrada para el Festival YomeunoalRetto del pr\u00f3ximo 3 de septiembre, las puedes adquirir de forma anticipada, por un donativo de solo 5 \u20acuros, en C\u00e1diz en: Estanco de Plaza de San Antonio. Panader\u00eda del Mentidero. Tambi\u00e9n estar\u00e1n a la venta en la puerta de la caseta municipal del recinto ferial [&hellip;]<\/p>\n<div class=\"sharedaddy sd-sharing-enabled\"><div class=\"robots-nocontent sd-block sd-social sd-social-icon sd-sharing\"><h3 class=\"sd-title\">Comparte esto:<\/h3><div class=\"sd-content\"><ul><li class=\"share-facebook\"><a rel=\"nofollow noopener noreferrer\" data-shared=\"sharing-facebook-4685\" class=\"share-facebook sd-button share-icon no-text\" href=\"http:\/\/yomeunoalretto.org\/?page_id=4685&amp;share=facebook\" target=\"_blank\" title=\"Haz clic para compartir en Facebook\" ><span><\/span><span class=\"sharing-screen-reader-text\">Haz clic para compartir en Facebook (Se abre en una ventana nueva)<\/span><\/a><\/li><li class=\"share-twitter\"><a rel=\"nofollow noopener noreferrer\" data-shared=\"sharing-twitter-4685\" class=\"share-twitter sd-button share-icon no-text\" href=\"http:\/\/yomeunoalretto.org\/?page_id=4685&amp;share=twitter\" target=\"_blank\" title=\"Haz clic para compartir en Twitter\" ><span><\/span><span class=\"sharing-screen-reader-text\">Haz clic para compartir en Twitter (Se abre en una ventana nueva)<\/span><\/a><\/li><li class=\"share-print\"><a rel=\"nofollow noopener noreferrer\" data-shared=\"\" class=\"share-print sd-button share-icon no-text\" href=\"http:\/\/yomeunoalretto.org\/?page_id=4685\" target=\"_blank\" title=\"Haz clic para imprimir\" ><span><\/span><span class=\"sharing-screen-reader-text\">Haz clic para imprimir (Se abre en una ventana nueva)<\/span><\/a><\/li><li class=\"share-email\"><a rel=\"nofollow noopener noreferrer\" data-shared=\"\" class=\"share-email sd-button share-icon no-text\" href=\"mailto:?subject=%5BEntrada%20compartida%5D%20Entradas%20anticipadas%20en%20C%C3%A1diz%20para%20el%20Festival%20YomeunoalRetto.&body=http%3A%2F%2Fyomeunoalretto.org%2F%3Fpage_id%3D4685&share=email\" target=\"_blank\" title=\"Haz clic para enviar un enlace por correo electr\u00f3nico a un amigo\" data-email-share-error-title=\"\u00bfTienes un correo electr\u00f3nico configurado?\" data-email-share-error-text=\"Si tienes problemas al compartir por correo electr\u00f3nico, es posible que sea porque no tengas un correo electr\u00f3nico configurado en tu navegador. Puede que tengas que crear un nuevo correo electr\u00f3nico t\u00fa mismo.\" data-email-share-nonce=\"8b5ac5ae5a\" data-email-share-track-url=\"http:\/\/yomeunoalretto.org\/?page_id=4685&amp;share=email\"><span><\/span><span class=\"sharing-screen-reader-text\">Haz clic para enviar un enlace por correo electr\u00f3nico a un amigo (Se abre en una ventana nueva)<\/span><\/a><\/li><li><a href=\"#\" class=\"sharing-anchor sd-button share-more\"><span>M\u00e1s<\/span><\/a><\/li><li class=\"share-end\"><\/li><\/ul><div class=\"sharing-hidden\"><div class=\"inner\" style=\"display: none;\"><ul><li class=\"share-linkedin\"><a rel=\"nofollow noopener noreferrer\" data-shared=\"sharing-linkedin-4685\" class=\"share-linkedin sd-button share-icon no-text\" href=\"http:\/\/yomeunoalretto.org\/?page_id=4685&amp;share=linkedin\" target=\"_blank\" title=\"Haz clic para compartir en LinkedIn\" ><span><\/span><span class=\"sharing-screen-reader-text\">Haz clic para compartir en LinkedIn (Se abre en una ventana nueva)<\/span><\/a><\/li><li class=\"share-tumblr\"><a rel=\"nofollow noopener noreferrer\" data-shared=\"\" class=\"share-tumblr sd-button share-icon no-text\" href=\"http:\/\/yomeunoalretto.org\/?page_id=4685&amp;share=tumblr\" target=\"_blank\" title=\"Haz clic para compartir en Tumblr\" ><span><\/span><span class=\"sharing-screen-reader-text\">Haz clic para compartir en Tumblr (Se abre en una ventana nueva)<\/span><\/a><\/li><li class=\"share-end\"><\/li><li class=\"share-reddit\"><a rel=\"nofollow noopener noreferrer\" data-shared=\"\" class=\"share-reddit sd-button share-icon no-text\" href=\"http:\/\/yomeunoalretto.org\/?page_id=4685&amp;share=reddit\" target=\"_blank\" title=\"Haz clic para compartir en Reddit\" ><span><\/span><span class=\"sharing-screen-reader-text\">Haz clic para compartir en Reddit (Se abre en una ventana nueva)<\/span><\/a><\/li><li class=\"share-pocket\"><a rel=\"nofollow noopener noreferrer\" data-shared=\"\" class=\"share-pocket sd-button share-icon no-text\" href=\"http:\/\/yomeunoalretto.org\/?page_id=4685&amp;share=pocket\" target=\"_blank\" title=\"Haz clic para compartir en Pocket\" ><span><\/span><span class=\"sharing-screen-reader-text\">Haz clic para compartir en Pocket (Se abre en una ventana nueva)<\/span><\/a><\/li><li class=\"share-end\"><\/li><li class=\"share-pinterest\"><a rel=\"nofollow noopener noreferrer\" data-shared=\"sharing-pinterest-4685\" class=\"share-pinterest sd-button share-icon no-text\" href=\"http:\/\/yomeunoalretto.org\/?page_id=4685&amp;share=pinterest\" target=\"_blank\" title=\"Haz clic para compartir en Pinterest\" ><span><\/span><span class=\"sharing-screen-reader-text\">Haz clic para compartir en Pinterest (Se abre en una ventana nueva)<\/span><\/a><\/li><li class=\"share-end\"><\/li><\/ul><\/div><\/div><\/div><\/div><\/div>","protected":false},"author":1,"featured_media":0,"parent":0,"menu_order":0,"comment_status":"closed","ping_status":"closed","template":"","meta":[],"jetpack_shortlink":"https:\/\/wp.me\/P4JzDn-1dz","jetpack_sharing_enabled":true,"_links":{"self":[{"href":"http:\/\/yomeunoalretto.org\/index.php?rest_route=\/wp\/v2\/pages\/4685"}],"collection":[{"href":"http:\/\/yomeunoalretto.org\/index.php?rest_route=\/wp\/v2\/pages"}],"about":[{"href":"http:\/\/yomeunoalretto.org\/index.php?rest_route=\/wp\/v2\/types\/page"}],"author":[{"embeddable":true,"href":"http:\/\/yomeunoalretto.org\/index.php?rest_route=\/wp\/v2\/users\/1"}],"replies":[{"embeddable":true,"href":"http:\/\/yomeunoalretto.org\/index.php?rest_route=%2Fwp%2Fv2%2Fcomments&post=4685"}],"version-history":[{"count":2,"href":"http:\/\/yomeunoalretto.org\/index.php?rest_route=\/wp\/v2\/pages\/4685\/revisions"}],"predecessor-version":[{"id":4695,"href":"http:\/\/yomeunoalretto.org\/index.php?rest_route=\/wp\/v2\/pages\/4685\/revisions\/4695"}],"wp:attachment":[{"href":"http:\/\/yomeunoalretto.org\/index.php?rest_route=%2Fwp%2Fv2%2Fmedia&parent=4685"}],"curies":[{"name":"wp","href":"https:\/\/api.w.org\/{rel}","templated":true}]}}

Entradas anticipadas en Cádiz para el Festival YomeunoalRetto.

<p>Si te quieres asegurar tu entrada para el Festival YomeunoalRetto del próximo 3 de septiembre, las puedes adquirir de forma anticipada, por un donativo de solo 5 €uros, en Cádiz en:</p>
<ul>
<li><img data-attachment-id="4686" data-permalink="http://yomeunoalretto.org/?attachment_id=4686" data-orig-file="http://yomeunoalretto.org/wp-content/uploads/2017/08/IMG_5549.jpg" data-orig-size="768,1024" data-comments-opened="1" data-image-meta="{&quot;aperture&quot;:&quot;0&quot;,&quot;credit&quot;:&quot;&quot;,&quot;camera&quot;:&quot;&quot;,&quot;caption&quot;:&quot;&quot;,&quot;created_timestamp&quot;:&quot;0&quot;,&quot;copyright&quot;:&quot;&quot;,&quot;focal_length&quot;:&quot;0&quot;,&quot;iso&quot;:&quot;0&quot;,&quot;shutter_speed&quot;:&quot;0&quot;,&quot;title&quot;:&quot;&quot;,&quot;orientation&quot;:&quot;1&quot;}" data-image-title="IMG_5549" data-image-description="" data-image-caption="" data-medium-file="http://yomeunoalretto.org/wp-content/uploads/2017/08/IMG_5549-188x250.jpg" data-large-file="http://yomeunoalretto.org/wp-content/uploads/2017/08/IMG_5549-768x1024.jpg" decoding="async" loading="lazy" class="size-medium wp-image-4686 alignright" src="http://yomeunoalretto.org/wp-content/uploads/2017/08/IMG_5549-188x250.jpg" alt="" width="188" height="250" srcset="http://yomeunoalretto.org/wp-content/uploads/2017/08/IMG_5549-188x250.jpg 188w, http://yomeunoalretto.org/wp-content/uploads/2017/08/IMG_5549.jpg 768w, http://yomeunoalretto.org/wp-content/uploads/2017/08/IMG_5549-126x168.jpg 126w" sizes="(max-width: 188px) 100vw, 188px" />Estanco de Plaza de San Antonio.</li>
<li>Panadería del Mentidero.</li>
</ul>
<p>También estarán a la venta en la puerta de la caseta municipal del recinto ferial de Puerto Real el próximo domingo día 3 de septiembre (amplia zona de aparcamiento y a 300 metros de la estación de tren de Puerto Real)</p>
<p>Desde la Asociación Gaditana Yo me uno al Retto queremos reconocer y agradecer a estos comerciantes la labor solidaria que realizan durante todo el año.</p>
<p>Recuerda que no necesitan adquirir entrada: niños menores de 14 años, discapacitados y los participantes en la carrera de esa misma mañana presentando el dorsal.</p>
<div class="sharedaddy sd-sharing-enabled"><div class="robots-nocontent sd-block sd-social sd-social-icon sd-sharing"><h3 class="sd-title">Comparte esto:</h3><div class="sd-content"><ul><li class="share-facebook"><a rel="nofollow noopener noreferrer" data-shared="sharing-facebook-4685" class="share-facebook sd-button share-icon no-text" href="http://yomeunoalretto.org/?page_id=4685&amp;share=facebook" target="_blank" title="Haz clic para compartir en Facebook" ><span></span><span class="sharing-screen-reader-text">Haz clic para compartir en Facebook (Se abre en una ventana nueva)</span></a></li><li class="share-twitter"><a rel="nofollow noopener noreferrer" data-shared="sharing-twitter-4685" class="share-twitter sd-button share-icon no-text" href="http://yomeunoalretto.org/?page_id=4685&amp;share=twitter" target="_blank" title="Haz clic para compartir en Twitter" ><span></span><span class="sharing-screen-reader-text">Haz clic para compartir en Twitter (Se abre en una ventana nueva)</span></a></li><li class="share-print"><a rel="nofollow noopener noreferrer" data-shared="" class="share-print sd-button share-icon no-text" href="http://yomeunoalretto.org/?page_id=4685" target="_blank" title="Haz clic para imprimir" ><span></span><span class="sharing-screen-reader-text">Haz clic para imprimir (Se abre en una ventana nueva)</span></a></li><li class="share-email"><a rel="nofollow noopener noreferrer" data-shared="" class="share-email sd-button share-icon no-text" href="mailto:?subject=%5BEntrada%20compartida%5D%20Entradas%20anticipadas%20en%20C%C3%A1diz%20para%20el%20Festival%20YomeunoalRetto.&body=http%3A%2F%2Fyomeunoalretto.org%2F%3Fpage_id%3D4685&share=email" target="_blank" title="Haz clic para enviar un enlace por correo electrónico a un amigo" data-email-share-error-title="¿Tienes un correo electrónico configurado?" data-email-share-error-text="Si tienes problemas al compartir por correo electrónico, es posible que sea porque no tengas un correo electrónico configurado en tu navegador. Puede que tengas que crear un nuevo correo electrónico tú mismo." data-email-share-nonce="8b5ac5ae5a" data-email-share-track-url="http://yomeunoalretto.org/?page_id=4685&amp;share=email"><span></span><span class="sharing-screen-reader-text">Haz clic para enviar un enlace por correo electrónico a un amigo (Se abre en una ventana nueva)</span></a></li><li><a href="#" class="sharing-anchor sd-button share-more"><span>Más</span></a></li><li class="share-end"></li></ul><div class="sharing-hidden"><div class="inner" style="display: none;"><ul><li class="share-linkedin"><a rel="nofollow noopener noreferrer" data-shared="sharing-linkedin-4685" class="share-linkedin sd-button share-icon no-text" href="http://yomeunoalretto.org/?page_id=4685&amp;share=linkedin" target="_blank" title="Haz clic para compartir en LinkedIn" ><span></span><span class="sharing-screen-reader-text">Haz clic para compartir en LinkedIn (Se abre en una ventana nueva)</span></a></li><li class="share-tumblr"><a rel="nofollow noopener noreferrer" data-shared="" class="share-tumblr sd-button share-icon no-text" href="http://yomeunoalretto.org/?page_id=4685&amp;share=tumblr" target="_blank" title="Haz clic para compartir en Tumblr" ><span></span><span class="sharing-screen-reader-text">Haz clic para compartir en Tumblr (Se abre en una ventana nueva)</span></a></li><li class="share-end"></li><li class="share-reddit"><a rel="nofollow noopener noreferrer" data-shared="" class="share-reddit sd-button share-icon no-text" href="http://yomeunoalretto.org/?page_id=4685&amp;share=reddit" target="_blank" title="Haz clic para compartir en Reddit" ><span></span><span class="sharing-screen-reader-text">Haz clic para compartir en Reddit (Se abre en una ventana nueva)</span></a></li><li class="share-pocket"><a rel="nofollow noopener noreferrer" data-shared="" class="share-pocket sd-button share-icon no-text" href="http://yomeunoalretto.org/?page_id=4685&amp;share=pocket" target="_blank" title="Haz clic para compartir en Pocket" ><span></span><span class="sharing-screen-reader-text">Haz clic para compartir en Pocket (Se abre en una ventana nueva)</span></a></li><li class="share-end"></li><li class="share-pinterest"><a rel="nofollow noopener noreferrer" data-shared="sharing-pinterest-4685" class="share-pinterest sd-button share-icon no-text" href="http://yomeunoalretto.org/?page_id=4685&amp;share=pinterest" target="_blank" title="Haz clic para compartir en Pinterest" ><span></span><span class="sharing-screen-reader-text">Haz clic para compartir en Pinterest (Se abre en una ventana nueva)</span></a></li><li class="share-end"></li></ul></div></div></div></div></div>

<p>Si te quieres asegurar tu entrada para el Festival YomeunoalRetto del próximo 3 de septiembre, las puedes adquirir de forma anticipada, por un donativo de solo 5 €uros, en Cádiz en: Estanco de Plaza de San Antonio. Panadería del Mentidero. También estarán a la venta en la puerta de la caseta municipal del recinto ferial [&hellip;]</p>
<div class="sharedaddy sd-sharing-enabled"><div class="robots-nocontent sd-block sd-social sd-social-icon sd-sharing"><h3 class="sd-title">Comparte esto:</h3><div class="sd-content"><ul><li class="share-facebook"><a rel="nofollow noopener noreferrer" data-shared="sharing-facebook-4685" class="share-facebook sd-button share-icon no-text" href="http://yomeunoalretto.org/?page_id=4685&amp;share=facebook" target="_blank" title="Haz clic para compartir en Facebook" ><span></span><span class="sharing-screen-reader-text">Haz clic para compartir en Facebook (Se abre en una ventana nueva)</span></a></li><li class="share-twitter"><a rel="nofollow noopener noreferrer" data-shared="sharing-twitter-4685" class="share-twitter sd-button share-icon no-text" href="http://yomeunoalretto.org/?page_id=4685&amp;share=twitter" target="_blank" title="Haz clic para compartir en Twitter" ><span></span><span class="sharing-screen-reader-text">Haz clic para compartir en Twitter (Se abre en una ventana nueva)</span></a></li><li class="share-print"><a rel="nofollow noopener noreferrer" data-shared="" class="share-print sd-button share-icon no-text" href="http://yomeunoalretto.org/?page_id=4685" target="_blank" title="Haz clic para imprimir" ><span></span><span class="sharing-screen-reader-text">Haz clic para imprimir (Se abre en una ventana nueva)</span></a></li><li class="share-email"><a rel="nofollow noopener noreferrer" data-shared="" class="share-email sd-button share-icon no-text" href="mailto:?subject=%5BEntrada%20compartida%5D%20Entradas%20anticipadas%20en%20C%C3%A1diz%20para%20el%20Festival%20YomeunoalRetto.&body=http%3A%2F%2Fyomeunoalretto.org%2F%3Fpage_id%3D4685&share=email" target="_blank" title="Haz clic para enviar un enlace por correo electrónico a un amigo" data-email-share-error-title="¿Tienes un correo electrónico configurado?" data-email-share-error-text="Si tienes problemas al compartir por correo electrónico, es posible que sea porque no tengas un correo electrónico configurado en tu navegador. Puede que tengas que crear un nuevo correo electrónico tú mismo." data-email-share-nonce="8b5ac5ae5a" data-email-share-track-url="http://yomeunoalretto.org/?page_id=4685&amp;share=email"><span></span><span class="sharing-screen-reader-text">Haz clic para enviar un enlace por correo electrónico a un amigo (Se abre en una ventana nueva)</span></a></li><li><a href="#" class="sharing-anchor sd-button share-more"><span>Más</span></a></li><li class="share-end"></li></ul><div class="sharing-hidden"><div class="inner" style="display: none;"><ul><li class="share-linkedin"><a rel="nofollow noopener noreferrer" data-shared="sharing-linkedin-4685" class="share-linkedin sd-button share-icon no-text" href="http://yomeunoalretto.org/?page_id=4685&amp;share=linkedin" target="_blank" title="Haz clic para compartir en LinkedIn" ><span></span><span class="sharing-screen-reader-text">Haz clic para compartir en LinkedIn (Se abre en una ventana nueva)</span></a></li><li class="share-tumblr"><a rel="nofollow noopener noreferrer" data-shared="" class="share-tumblr sd-button share-icon no-text" href="http://yomeunoalretto.org/?page_id=4685&amp;share=tumblr" target="_blank" title="Haz clic para compartir en Tumblr" ><span></span><span class="sharing-screen-reader-text">Haz clic para compartir en Tumblr (Se abre en una ventana nueva)</span></a></li><li class="share-end"></li><li class="share-reddit"><a rel="nofollow noopener noreferrer" data-shared="" class="share-reddit sd-button share-icon no-text" href="http://yomeunoalretto.org/?page_id=4685&amp;share=reddit" target="_blank" title="Haz clic para compartir en Reddit" ><span></span><span class="sharing-screen-reader-text">Haz clic para compartir en Reddit (Se abre en una ventana nueva)</span></a></li><li class="share-pocket"><a rel="nofollow noopener noreferrer" data-shared="" class="share-pocket sd-button share-icon no-text" href="http://yomeunoalretto.org/?page_id=4685&amp;share=pocket" target="_blank" title="Haz clic para compartir en Pocket" ><span></span><span class="sharing-screen-reader-text">Haz clic para compartir en Pocket (Se abre en una ventana nueva)</span></a></li><li class="share-end"></li><li class="share-pinterest"><a rel="nofollow noopener noreferrer" data-shared="sharing-pinterest-4685" class="share-pinterest sd-button share-icon no-text" href="http://yomeunoalretto.org/?page_id=4685&amp;share=pinterest" target="_blank" title="Haz clic para compartir en Pinterest" ><span></span><span class="sharing-screen-reader-text">Haz clic para compartir en Pinterest (Se abre en una ventana nueva)</span></a></li><li class="share-end"></li></ul></div></div></div></div></div>
