{"id":4407,"date":"2016-04-22T08:16:47","date_gmt":"2016-04-22T07:16:47","guid":{"rendered":"http:\/\/yomeunoalretto.org\/?page_id=4407"},"modified":"2016-04-22T08:23:12","modified_gmt":"2016-04-22T07:23:12","slug":"30-de-abril-trihercules-cadiz","status":"publish","type":"page","link":"http:\/\/yomeunoalretto.org\/?page_id=4407","title":{"rendered":"30 de Abril Trihercules C\u00e1diz"},"content":{"rendered":"<p><img data-attachment-id=\"4237\" data-permalink=\"http:\/\/yomeunoalretto.org\/?attachment_id=4237\" data-orig-file=\"http:\/\/yomeunoalretto.org\/wp-content\/uploads\/2016\/03\/IMG_6713-1.jpg\" data-orig-size=\"896,1028\" data-comments-opened=\"1\" data-image-meta=\"{&quot;aperture&quot;:&quot;0&quot;,&quot;credit&quot;:&quot;&quot;,&quot;camera&quot;:&quot;&quot;,&quot;caption&quot;:&quot;&quot;,&quot;created_timestamp&quot;:&quot;0&quot;,&quot;copyright&quot;:&quot;&quot;,&quot;focal_length&quot;:&quot;0&quot;,&quot;iso&quot;:&quot;0&quot;,&quot;shutter_speed&quot;:&quot;0&quot;,&quot;title&quot;:&quot;&quot;,&quot;orientation&quot;:&quot;1&quot;}\" data-image-title=\"IMG_6713\" data-image-description=\"\" data-image-caption=\"\" data-medium-file=\"http:\/\/yomeunoalretto.org\/wp-content\/uploads\/2016\/03\/IMG_6713-1-218x250.jpg\" data-large-file=\"http:\/\/yomeunoalretto.org\/wp-content\/uploads\/2016\/03\/IMG_6713-1-893x1024.jpg\" decoding=\"async\" loading=\"lazy\" class=\"alignleft wp-image-4237\" src=\"http:\/\/yomeunoalretto.org\/wp-content\/uploads\/2016\/03\/IMG_6713-1-218x250.jpg\" alt=\"IMG_6713\" width=\"166\" height=\"190\" srcset=\"http:\/\/yomeunoalretto.org\/wp-content\/uploads\/2016\/03\/IMG_6713-1-218x250.jpg 218w, http:\/\/yomeunoalretto.org\/wp-content\/uploads\/2016\/03\/IMG_6713-1-768x881.jpg 768w, http:\/\/yomeunoalretto.org\/wp-content\/uploads\/2016\/03\/IMG_6713-1-893x1024.jpg 893w, http:\/\/yomeunoalretto.org\/wp-content\/uploads\/2016\/03\/IMG_6713-1-146x168.jpg 146w, http:\/\/yomeunoalretto.org\/wp-content\/uploads\/2016\/03\/IMG_6713-1.jpg 896w\" sizes=\"(max-width: 166px) 100vw, 166px\" \/>El pr\u00f3ximo 30 de Abril tenemos la pr\u00f3xima cita solidaria con el deporte.<\/p>\n<p>Esta vez de la mano del <strong><span style=\"color: #3366ff;\"><a style=\"color: #3366ff;\" href=\"http:\/\/www.cdcadizcostadelaluz.com\/\" target=\"_blank\"><span style=\"color: #000000;\">Club Deportivo<\/span> <span style=\"color: #800000;\">C<\/span><span style=\"color: #ff9900;\">\u00e1<\/span><span style=\"color: #ffcc00;\">d<\/span><span style=\"color: #ff9900;\">i<\/span><span style=\"color: #800000;\">z<\/span> Costa <span style=\"color: #000080;\">de la<\/span> Luz, <span style=\"color: #000080;\">Trihercules<\/span><\/a><\/span><\/strong><span style=\"color: #000080;\">,<\/span> organizador de la Quinta edici\u00f3n del Triatl\u00f3n de C\u00e1diz, que en un esfuerzo tit\u00e1nico organiza una prueba para deportistas de elite y que como el m\u00edtico H\u00e9rcules lleva desarrollando un trabajo sobrehumano para poder organizar esta prueba, de la que parte de sus ingresos ir\u00e1n destinados a nuestra asociaci\u00f3n.<\/p>\n<p>Desde YomeunoalRetto, nos faltan palabras de agradecimiento para este club y su directiva porque siempre nos han acompa\u00f1ado en la difusi\u00f3n del conocimiento del S\u00edndrome de Rett y por el apoyo que siempre nos han prestando en la organizaci\u00f3n de sus eventos.<\/p>\n<p><img data-attachment-id=\"4236\" data-permalink=\"http:\/\/yomeunoalretto.org\/?attachment_id=4236\" data-orig-file=\"http:\/\/yomeunoalretto.org\/wp-content\/uploads\/2016\/03\/IMG_6712-1.jpg\" data-orig-size=\"778,960\" data-comments-opened=\"1\" data-image-meta=\"{&quot;aperture&quot;:&quot;0&quot;,&quot;credit&quot;:&quot;&quot;,&quot;camera&quot;:&quot;&quot;,&quot;caption&quot;:&quot;&quot;,&quot;created_timestamp&quot;:&quot;0&quot;,&quot;copyright&quot;:&quot;&quot;,&quot;focal_length&quot;:&quot;0&quot;,&quot;iso&quot;:&quot;0&quot;,&quot;shutter_speed&quot;:&quot;0&quot;,&quot;title&quot;:&quot;&quot;,&quot;orientation&quot;:&quot;1&quot;}\" data-image-title=\"IMG_6712\" data-image-description=\"\" data-image-caption=\"\" data-medium-file=\"http:\/\/yomeunoalretto.org\/wp-content\/uploads\/2016\/03\/IMG_6712-1-203x250.jpg\" data-large-file=\"http:\/\/yomeunoalretto.org\/wp-content\/uploads\/2016\/03\/IMG_6712-1.jpg\" decoding=\"async\" loading=\"lazy\" class=\" wp-image-4236 alignright\" src=\"http:\/\/yomeunoalretto.org\/wp-content\/uploads\/2016\/03\/IMG_6712-1-203x250.jpg\" alt=\"IMG_6712\" width=\"154\" height=\"190\" srcset=\"http:\/\/yomeunoalretto.org\/wp-content\/uploads\/2016\/03\/IMG_6712-1-203x250.jpg 203w, http:\/\/yomeunoalretto.org\/wp-content\/uploads\/2016\/03\/IMG_6712-1-768x948.jpg 768w, http:\/\/yomeunoalretto.org\/wp-content\/uploads\/2016\/03\/IMG_6712-1-136x168.jpg 136w, http:\/\/yomeunoalretto.org\/wp-content\/uploads\/2016\/03\/IMG_6712-1.jpg 778w\" sizes=\"(max-width: 154px) 100vw, 154px\" \/>Paralelamente a este evento deportivo, en la misma ma\u00f1ana del 30 de abril, los gimnasios <strong><a href=\"https:\/\/www.facebook.com\/easyfitnesscadiz\" target=\"_blank\"><span style=\"color: #333333;\">Easy<span style=\"color: #ffcc00;\">fitnees<\/span><\/span><\/a><\/strong> y <span style=\"color: #ff0000;\"><strong><a style=\"color: #ff0000;\" href=\"http:\/\/gimnasiomillenium.es\/\" target=\"_blank\">Millenium<\/a><\/strong><\/span> organizan en la Glorieta Ingeniero de la Cierva de C\u00e1diz, una jornada de Cycling al aire libre, que no te debes \u00a0perder si te gusta hacer el deporte de la mano de los mejores profesionales adem\u00e1s de asegurarte un rato divertido y solidario. Y recuerda que los beneficios son destinados a la asociaci\u00f3n Yo me uno al Retto, por la investigaci\u00f3n del s\u00edndrome de Rett.<\/p>\n<p>Inscripciones, en la web de inscripciones deportivas que como siempre apoya los eventos de nuestra asociaci\u00f3n. <a href=\"http:\/\/conchipandalucia.com\/evento\/cycling-day-trihercules\/\" target=\"_blank\"><strong><span style=\"color: #3366ff;\">Conchip Andalucia, <\/span><\/strong><\/a>donde tambi\u00e9n se puede colaborar con una dorsal cero.<\/p>\n<p>Como ver\u00e9is son muchos los que apoya a los afectados y afectadas por el s\u00edndrome de Rett, y es mucho lo que hay que agradecer, si quieres ayudar y no has podido o no te apetece inscribirte a\u00fan nos puedes echar una mano como voluntario en la organizaci\u00f3n del evento. M\u00e1ndanos un correo a <a href=\"mailto:info@yomeunoalretto.org\">info@yomeunoalretto.org<\/a> o un mensaje privado a trav\u00e9s de nuestra p\u00e1gina de facebook y <strong>colabora como volntari@.<\/strong><\/p>\n<div class=\"sharedaddy sd-sharing-enabled\"><div class=\"robots-nocontent sd-block sd-social sd-social-icon sd-sharing\"><h3 class=\"sd-title\">Comparte esto:<\/h3><div class=\"sd-content\"><ul><li class=\"share-facebook\"><a rel=\"nofollow noopener noreferrer\" data-shared=\"sharing-facebook-4407\" class=\"share-facebook sd-button share-icon no-text\" href=\"http:\/\/yomeunoalretto.org\/?page_id=4407&amp;share=facebook\" target=\"_blank\" title=\"Haz clic para compartir en Facebook\" ><span><\/span><span class=\"sharing-screen-reader-text\">Haz clic para compartir en Facebook (Se abre en una ventana nueva)<\/span><\/a><\/li><li class=\"share-twitter\"><a rel=\"nofollow noopener noreferrer\" data-shared=\"sharing-twitter-4407\" class=\"share-twitter sd-button share-icon no-text\" href=\"http:\/\/yomeunoalretto.org\/?page_id=4407&amp;share=twitter\" target=\"_blank\" title=\"Haz clic para compartir en Twitter\" ><span><\/span><span class=\"sharing-screen-reader-text\">Haz clic para compartir en Twitter (Se abre en una ventana nueva)<\/span><\/a><\/li><li class=\"share-print\"><a rel=\"nofollow noopener noreferrer\" data-shared=\"\" class=\"share-print sd-button share-icon no-text\" href=\"http:\/\/yomeunoalretto.org\/?page_id=4407\" target=\"_blank\" title=\"Haz clic para imprimir\" ><span><\/span><span class=\"sharing-screen-reader-text\">Haz clic para imprimir (Se abre en una ventana nueva)<\/span><\/a><\/li><li class=\"share-email\"><a rel=\"nofollow noopener noreferrer\" data-shared=\"\" class=\"share-email sd-button share-icon no-text\" href=\"mailto:?subject=%5BEntrada%20compartida%5D%2030%20de%20Abril%20Trihercules%20C%C3%A1diz&body=http%3A%2F%2Fyomeunoalretto.org%2F%3Fpage_id%3D4407&share=email\" target=\"_blank\" title=\"Haz clic para enviar un enlace por correo electr\u00f3nico a un amigo\" data-email-share-error-title=\"\u00bfTienes un correo electr\u00f3nico configurado?\" data-email-share-error-text=\"Si tienes problemas al compartir por correo electr\u00f3nico, es posible que sea porque no tengas un correo electr\u00f3nico configurado en tu navegador. Puede que tengas que crear un nuevo correo electr\u00f3nico t\u00fa mismo.\" data-email-share-nonce=\"558bc1920a\" data-email-share-track-url=\"http:\/\/yomeunoalretto.org\/?page_id=4407&amp;share=email\"><span><\/span><span class=\"sharing-screen-reader-text\">Haz clic para enviar un enlace por correo electr\u00f3nico a un amigo (Se abre en una ventana nueva)<\/span><\/a><\/li><li><a href=\"#\" class=\"sharing-anchor sd-button share-more\"><span>M\u00e1s<\/span><\/a><\/li><li class=\"share-end\"><\/li><\/ul><div class=\"sharing-hidden\"><div class=\"inner\" style=\"display: none;\"><ul><li class=\"share-linkedin\"><a rel=\"nofollow noopener noreferrer\" data-shared=\"sharing-linkedin-4407\" class=\"share-linkedin sd-button share-icon no-text\" href=\"http:\/\/yomeunoalretto.org\/?page_id=4407&amp;share=linkedin\" target=\"_blank\" title=\"Haz clic para compartir en LinkedIn\" ><span><\/span><span class=\"sharing-screen-reader-text\">Haz clic para compartir en LinkedIn (Se abre en una ventana nueva)<\/span><\/a><\/li><li class=\"share-tumblr\"><a rel=\"nofollow noopener noreferrer\" data-shared=\"\" class=\"share-tumblr sd-button share-icon no-text\" href=\"http:\/\/yomeunoalretto.org\/?page_id=4407&amp;share=tumblr\" target=\"_blank\" title=\"Haz clic para compartir en Tumblr\" ><span><\/span><span class=\"sharing-screen-reader-text\">Haz clic para compartir en Tumblr (Se abre en una ventana nueva)<\/span><\/a><\/li><li class=\"share-end\"><\/li><li class=\"share-reddit\"><a rel=\"nofollow noopener noreferrer\" data-shared=\"\" class=\"share-reddit sd-button share-icon no-text\" href=\"http:\/\/yomeunoalretto.org\/?page_id=4407&amp;share=reddit\" target=\"_blank\" title=\"Haz clic para compartir en Reddit\" ><span><\/span><span class=\"sharing-screen-reader-text\">Haz clic para compartir en Reddit (Se abre en una ventana nueva)<\/span><\/a><\/li><li class=\"share-pocket\"><a rel=\"nofollow noopener noreferrer\" data-shared=\"\" class=\"share-pocket sd-button share-icon no-text\" href=\"http:\/\/yomeunoalretto.org\/?page_id=4407&amp;share=pocket\" target=\"_blank\" title=\"Haz clic para compartir en Pocket\" ><span><\/span><span class=\"sharing-screen-reader-text\">Haz clic para compartir en Pocket (Se abre en una ventana nueva)<\/span><\/a><\/li><li class=\"share-end\"><\/li><li class=\"share-pinterest\"><a rel=\"nofollow noopener noreferrer\" data-shared=\"sharing-pinterest-4407\" class=\"share-pinterest sd-button share-icon no-text\" href=\"http:\/\/yomeunoalretto.org\/?page_id=4407&amp;share=pinterest\" target=\"_blank\" title=\"Haz clic para compartir en Pinterest\" ><span><\/span><span class=\"sharing-screen-reader-text\">Haz clic para compartir en Pinterest (Se abre en una ventana nueva)<\/span><\/a><\/li><li class=\"share-end\"><\/li><\/ul><\/div><\/div><\/div><\/div><\/div>","protected":false},"excerpt":{"rendered":"<p>El pr\u00f3ximo 30 de Abril tenemos la pr\u00f3xima cita solidaria con el deporte. Esta vez de la mano del Club Deportivo C\u00e1diz Costa de la Luz, Trihercules, organizador de la Quinta edici\u00f3n del Triatl\u00f3n de C\u00e1diz, que en un esfuerzo tit\u00e1nico organiza una prueba para deportistas de elite y que como el m\u00edtico H\u00e9rcules lleva [&hellip;]<\/p>\n<div class=\"sharedaddy sd-sharing-enabled\"><div class=\"robots-nocontent sd-block sd-social sd-social-icon sd-sharing\"><h3 class=\"sd-title\">Comparte esto:<\/h3><div class=\"sd-content\"><ul><li class=\"share-facebook\"><a rel=\"nofollow noopener noreferrer\" data-shared=\"sharing-facebook-4407\" class=\"share-facebook sd-button share-icon no-text\" href=\"http:\/\/yomeunoalretto.org\/?page_id=4407&amp;share=facebook\" target=\"_blank\" title=\"Haz clic para compartir en Facebook\" ><span><\/span><span class=\"sharing-screen-reader-text\">Haz clic para compartir en Facebook (Se abre en una ventana nueva)<\/span><\/a><\/li><li class=\"share-twitter\"><a rel=\"nofollow noopener noreferrer\" data-shared=\"sharing-twitter-4407\" class=\"share-twitter sd-button share-icon no-text\" href=\"http:\/\/yomeunoalretto.org\/?page_id=4407&amp;share=twitter\" target=\"_blank\" title=\"Haz clic para compartir en Twitter\" ><span><\/span><span class=\"sharing-screen-reader-text\">Haz clic para compartir en Twitter (Se abre en una ventana nueva)<\/span><\/a><\/li><li class=\"share-print\"><a rel=\"nofollow noopener noreferrer\" data-shared=\"\" class=\"share-print sd-button share-icon no-text\" href=\"http:\/\/yomeunoalretto.org\/?page_id=4407\" target=\"_blank\" title=\"Haz clic para imprimir\" ><span><\/span><span class=\"sharing-screen-reader-text\">Haz clic para imprimir (Se abre en una ventana nueva)<\/span><\/a><\/li><li class=\"share-email\"><a rel=\"nofollow noopener noreferrer\" data-shared=\"\" class=\"share-email sd-button share-icon no-text\" href=\"mailto:?subject=%5BEntrada%20compartida%5D%2030%20de%20Abril%20Trihercules%20C%C3%A1diz&body=http%3A%2F%2Fyomeunoalretto.org%2F%3Fpage_id%3D4407&share=email\" target=\"_blank\" title=\"Haz clic para enviar un enlace por correo electr\u00f3nico a un amigo\" data-email-share-error-title=\"\u00bfTienes un correo electr\u00f3nico configurado?\" data-email-share-error-text=\"Si tienes problemas al compartir por correo electr\u00f3nico, es posible que sea porque no tengas un correo electr\u00f3nico configurado en tu navegador. Puede que tengas que crear un nuevo correo electr\u00f3nico t\u00fa mismo.\" data-email-share-nonce=\"558bc1920a\" data-email-share-track-url=\"http:\/\/yomeunoalretto.org\/?page_id=4407&amp;share=email\"><span><\/span><span class=\"sharing-screen-reader-text\">Haz clic para enviar un enlace por correo electr\u00f3nico a un amigo (Se abre en una ventana nueva)<\/span><\/a><\/li><li><a href=\"#\" class=\"sharing-anchor sd-button share-more\"><span>M\u00e1s<\/span><\/a><\/li><li class=\"share-end\"><\/li><\/ul><div class=\"sharing-hidden\"><div class=\"inner\" style=\"display: none;\"><ul><li class=\"share-linkedin\"><a rel=\"nofollow noopener noreferrer\" data-shared=\"sharing-linkedin-4407\" class=\"share-linkedin sd-button share-icon no-text\" href=\"http:\/\/yomeunoalretto.org\/?page_id=4407&amp;share=linkedin\" target=\"_blank\" title=\"Haz clic para compartir en LinkedIn\" ><span><\/span><span class=\"sharing-screen-reader-text\">Haz clic para compartir en LinkedIn (Se abre en una ventana nueva)<\/span><\/a><\/li><li class=\"share-tumblr\"><a rel=\"nofollow noopener noreferrer\" data-shared=\"\" class=\"share-tumblr sd-button share-icon no-text\" href=\"http:\/\/yomeunoalretto.org\/?page_id=4407&amp;share=tumblr\" target=\"_blank\" title=\"Haz clic para compartir en Tumblr\" ><span><\/span><span class=\"sharing-screen-reader-text\">Haz clic para compartir en Tumblr (Se abre en una ventana nueva)<\/span><\/a><\/li><li class=\"share-end\"><\/li><li class=\"share-reddit\"><a rel=\"nofollow noopener noreferrer\" data-shared=\"\" class=\"share-reddit sd-button share-icon no-text\" href=\"http:\/\/yomeunoalretto.org\/?page_id=4407&amp;share=reddit\" target=\"_blank\" title=\"Haz clic para compartir en Reddit\" ><span><\/span><span class=\"sharing-screen-reader-text\">Haz clic para compartir en Reddit (Se abre en una ventana nueva)<\/span><\/a><\/li><li class=\"share-pocket\"><a rel=\"nofollow noopener noreferrer\" data-shared=\"\" class=\"share-pocket sd-button share-icon no-text\" href=\"http:\/\/yomeunoalretto.org\/?page_id=4407&amp;share=pocket\" target=\"_blank\" title=\"Haz clic para compartir en Pocket\" ><span><\/span><span class=\"sharing-screen-reader-text\">Haz clic para compartir en Pocket (Se abre en una ventana nueva)<\/span><\/a><\/li><li class=\"share-end\"><\/li><li class=\"share-pinterest\"><a rel=\"nofollow noopener noreferrer\" data-shared=\"sharing-pinterest-4407\" class=\"share-pinterest sd-button share-icon no-text\" href=\"http:\/\/yomeunoalretto.org\/?page_id=4407&amp;share=pinterest\" target=\"_blank\" title=\"Haz clic para compartir en Pinterest\" ><span><\/span><span class=\"sharing-screen-reader-text\">Haz clic para compartir en Pinterest (Se abre en una ventana nueva)<\/span><\/a><\/li><li class=\"share-end\"><\/li><\/ul><\/div><\/div><\/div><\/div><\/div>","protected":false},"author":1,"featured_media":0,"parent":0,"menu_order":0,"comment_status":"closed","ping_status":"closed","template":"","meta":[],"jetpack_shortlink":"https:\/\/wp.me\/P4JzDn-195","jetpack_sharing_enabled":true,"_links":{"self":[{"href":"http:\/\/yomeunoalretto.org\/index.php?rest_route=\/wp\/v2\/pages\/4407"}],"collection":[{"href":"http:\/\/yomeunoalretto.org\/index.php?rest_route=\/wp\/v2\/pages"}],"about":[{"href":"http:\/\/yomeunoalretto.org\/index.php?rest_route=\/wp\/v2\/types\/page"}],"author":[{"embeddable":true,"href":"http:\/\/yomeunoalretto.org\/index.php?rest_route=\/wp\/v2\/users\/1"}],"replies":[{"embeddable":true,"href":"http:\/\/yomeunoalretto.org\/index.php?rest_route=%2Fwp%2Fv2%2Fcomments&post=4407"}],"version-history":[{"count":4,"href":"http:\/\/yomeunoalretto.org\/index.php?rest_route=\/wp\/v2\/pages\/4407\/revisions"}],"predecessor-version":[{"id":4412,"href":"http:\/\/yomeunoalretto.org\/index.php?rest_route=\/wp\/v2\/pages\/4407\/revisions\/4412"}],"wp:attachment":[{"href":"http:\/\/yomeunoalretto.org\/index.php?rest_route=%2Fwp%2Fv2%2Fmedia&parent=4407"}],"curies":[{"name":"wp","href":"https:\/\/api.w.org\/{rel}","templated":true}]}}