{"id":4352,"date":"2016-04-11T07:13:08","date_gmt":"2016-04-11T06:13:08","guid":{"rendered":"http:\/\/yomeunoalretto.org\/?page_id=4352"},"modified":"2016-04-11T16:36:49","modified_gmt":"2016-04-11T15:36:49","slug":"el-nuevo-retto-de-valle-de-cuentos","status":"publish","type":"page","link":"http:\/\/yomeunoalretto.org\/?page_id=4352","title":{"rendered":"El nuevo Retto de Valle de Cuentos"},"content":{"rendered":"<p>&nbsp;<\/p>\n<p><a href=\"http:\/\/www.valledecuentos.com\" target=\"_blank\"><img data-attachment-id=\"4357\" data-permalink=\"http:\/\/yomeunoalretto.org\/?attachment_id=4357\" data-orig-file=\"http:\/\/yomeunoalretto.org\/wp-content\/uploads\/2016\/04\/\u00edndice.jpg\" data-orig-size=\"288,175\" data-comments-opened=\"1\" data-image-meta=\"{&quot;aperture&quot;:&quot;0&quot;,&quot;credit&quot;:&quot;&quot;,&quot;camera&quot;:&quot;&quot;,&quot;caption&quot;:&quot;&quot;,&quot;created_timestamp&quot;:&quot;0&quot;,&quot;copyright&quot;:&quot;&quot;,&quot;focal_length&quot;:&quot;0&quot;,&quot;iso&quot;:&quot;0&quot;,&quot;shutter_speed&quot;:&quot;0&quot;,&quot;title&quot;:&quot;&quot;,&quot;orientation&quot;:&quot;0&quot;}\" data-image-title=\"\u00edndice\" data-image-description=\"\" data-image-caption=\"\" data-medium-file=\"http:\/\/yomeunoalretto.org\/wp-content\/uploads\/2016\/04\/\u00edndice-250x152.jpg\" data-large-file=\"http:\/\/yomeunoalretto.org\/wp-content\/uploads\/2016\/04\/\u00edndice.jpg\" decoding=\"async\" loading=\"lazy\" class=\"alignleft size-medium wp-image-4357\" src=\"http:\/\/yomeunoalretto.org\/wp-content\/uploads\/2016\/04\/\u00edndice-250x152.jpg\" alt=\"\u00edndice\" width=\"250\" height=\"152\" srcset=\"http:\/\/yomeunoalretto.org\/wp-content\/uploads\/2016\/04\/\u00edndice-250x152.jpg 250w, http:\/\/yomeunoalretto.org\/wp-content\/uploads\/2016\/04\/\u00edndice-216x131.jpg 216w, http:\/\/yomeunoalretto.org\/wp-content\/uploads\/2016\/04\/\u00edndice.jpg 288w\" sizes=\"(max-width: 250px) 100vw, 250px\" \/><\/a>La empresa de ocio infantil\u00a0 <span style=\"color: #339966;\"><em><a style=\"color: #339966;\" href=\"http:\/\/www.valledecuentos.com\" target=\"_blank\"><strong>Valle de Cuentos<\/strong> <\/a><\/em><\/span>se han propuesto puesto un nuevo RETTo&#8230; \u00a1Ayudar a los afectados por el s\u00edndrome de Rett! \u00bfY qu\u00e9 mejor forma que organizando una carrera solidaria para los m\u00e1s peque\u00f1<span class=\"text_exposed_show\">os?<br \/>\n\u00a1An\u00edmate y \u00fanete al RETTo!<\/span><\/p>\n<div class=\"embed-vimeo\" style=\"text-align: center;\"><iframe loading=\"lazy\" src=\"https:\/\/player.vimeo.com\/video\/162066912\" width=\"590\" height=\"332\" frameborder=\"0\" webkitallowfullscreen mozallowfullscreen allowfullscreen><\/iframe><\/div>\n<p>Para m\u00e1s informaci\u00f3n sobre la carrera solo tienes que mandarles\u00a0un mensaje o llamar al 956077227. Y todas las novedades del evento las iran publicando en su <span style=\"color: #00ccff;\"><em><strong><a style=\"color: #00ccff;\" href=\"https:\/\/www.facebook.com\/valledecuentos\/?fref=ts\" target=\"_blank\">p\u00e1gina de facebook (https:\/\/www.facebook.com\/valledecuentos)<\/a><\/strong><\/em><\/span><\/p>\n<p><img data-attachment-id=\"4361\" data-permalink=\"http:\/\/yomeunoalretto.org\/?attachment_id=4361\" data-orig-file=\"http:\/\/yomeunoalretto.org\/wp-content\/uploads\/2016\/04\/b759ef38632fff3bea44fae293e6e273.jpg\" data-orig-size=\"1131,1600\" data-comments-opened=\"1\" data-image-meta=\"{&quot;aperture&quot;:&quot;0&quot;,&quot;credit&quot;:&quot;&quot;,&quot;camera&quot;:&quot;&quot;,&quot;caption&quot;:&quot;&quot;,&quot;created_timestamp&quot;:&quot;0&quot;,&quot;copyright&quot;:&quot;&quot;,&quot;focal_length&quot;:&quot;0&quot;,&quot;iso&quot;:&quot;0&quot;,&quot;shutter_speed&quot;:&quot;0&quot;,&quot;title&quot;:&quot;&quot;,&quot;orientation&quot;:&quot;1&quot;}\" data-image-title=\"b759ef38632fff3bea44fae293e6e273\" data-image-description=\"\" data-image-caption=\"\" data-medium-file=\"http:\/\/yomeunoalretto.org\/wp-content\/uploads\/2016\/04\/b759ef38632fff3bea44fae293e6e273-177x250.jpg\" data-large-file=\"http:\/\/yomeunoalretto.org\/wp-content\/uploads\/2016\/04\/b759ef38632fff3bea44fae293e6e273-724x1024.jpg\" decoding=\"async\" loading=\"lazy\" class=\"size-medium wp-image-4361 alignright\" src=\"http:\/\/yomeunoalretto.org\/wp-content\/uploads\/2016\/04\/b759ef38632fff3bea44fae293e6e273-177x250.jpg\" alt=\"b759ef38632fff3bea44fae293e6e273\" width=\"177\" height=\"250\" srcset=\"http:\/\/yomeunoalretto.org\/wp-content\/uploads\/2016\/04\/b759ef38632fff3bea44fae293e6e273-177x250.jpg 177w, http:\/\/yomeunoalretto.org\/wp-content\/uploads\/2016\/04\/b759ef38632fff3bea44fae293e6e273-768x1086.jpg 768w, http:\/\/yomeunoalretto.org\/wp-content\/uploads\/2016\/04\/b759ef38632fff3bea44fae293e6e273-724x1024.jpg 724w, http:\/\/yomeunoalretto.org\/wp-content\/uploads\/2016\/04\/b759ef38632fff3bea44fae293e6e273-119x168.jpg 119w, http:\/\/yomeunoalretto.org\/wp-content\/uploads\/2016\/04\/b759ef38632fff3bea44fae293e6e273.jpg 1131w\" sizes=\"(max-width: 177px) 100vw, 177px\" \/>La carrera est\u00e1 prevista en principio para el d\u00eda 13 de mayo a las 11:00h en el parque Varela (Junto al CEIP Carola Ribed &#8211; C\u00e1diz). En la que podr\u00e1n\u00a0participar peque\u00f1os y mayores.<\/p>\n<p>Pr\u00f3ximamente pondr\u00e1n a vuestra disposici\u00f3n unas plantillas llamadas \u00abBusca tus patrocinadores\u00bb en la cual se anotar\u00e1n los nombres y cuant\u00edas econ\u00f3micas (por ejemplo: Susana apuesta X dinero a que su hijo llega \u00a0la meta). Ese dinero (llegue o no a la meta) ira \u00edntegro a la fundaci\u00f3n del s\u00edndrome de Rett. Por lo que, \u00a1Cuantos m\u00e1s patrocinadores mejor!.<\/p>\n<p><span data-ft=\"{&quot;tn&quot;:&quot;K&quot;}\"><span class=\"UFICommentBody _1n4g\"> Si por alg\u00fan motivo no puede participar en la carrera (fecha, hora etc) se puede ayudar de igual forma.<\/span><\/span><\/p>\n<p>Otra bonita y original iniciativa para ni\u00f1@s y mayores, y por una causa que ya de todos es conocida, ayudar a las afectadas y afectados por el s\u00edndorme de Rett, apoyar a sus familiares y continuar con la investigaci\u00f3n. Siempre es de agradecer tanta generosidad.<\/p>\n<p>&nbsp;<\/p>\n<p>&nbsp;<\/p>\n<p>&nbsp;<\/p>\n<p>&nbsp;<\/p>\n<p>&nbsp;<\/p>\n<div class=\"sharedaddy sd-sharing-enabled\"><div class=\"robots-nocontent sd-block sd-social sd-social-icon sd-sharing\"><h3 class=\"sd-title\">Comparte esto:<\/h3><div class=\"sd-content\"><ul><li class=\"share-facebook\"><a rel=\"nofollow noopener noreferrer\" data-shared=\"sharing-facebook-4352\" class=\"share-facebook sd-button share-icon no-text\" href=\"http:\/\/yomeunoalretto.org\/?page_id=4352&amp;share=facebook\" target=\"_blank\" title=\"Haz clic para compartir en Facebook\" ><span><\/span><span class=\"sharing-screen-reader-text\">Haz clic para compartir en Facebook (Se abre en una ventana nueva)<\/span><\/a><\/li><li class=\"share-twitter\"><a rel=\"nofollow noopener noreferrer\" data-shared=\"sharing-twitter-4352\" class=\"share-twitter sd-button share-icon no-text\" href=\"http:\/\/yomeunoalretto.org\/?page_id=4352&amp;share=twitter\" target=\"_blank\" title=\"Haz clic para compartir en Twitter\" ><span><\/span><span class=\"sharing-screen-reader-text\">Haz clic para compartir en Twitter (Se abre en una ventana nueva)<\/span><\/a><\/li><li class=\"share-print\"><a rel=\"nofollow noopener noreferrer\" data-shared=\"\" class=\"share-print sd-button share-icon no-text\" href=\"http:\/\/yomeunoalretto.org\/?page_id=4352\" target=\"_blank\" title=\"Haz clic para imprimir\" ><span><\/span><span class=\"sharing-screen-reader-text\">Haz clic para imprimir (Se abre en una ventana nueva)<\/span><\/a><\/li><li class=\"share-email\"><a rel=\"nofollow noopener noreferrer\" data-shared=\"\" class=\"share-email sd-button share-icon no-text\" href=\"mailto:?subject=%5BEntrada%20compartida%5D%20El%20nuevo%20Retto%20de%20Valle%20de%20Cuentos&body=http%3A%2F%2Fyomeunoalretto.org%2F%3Fpage_id%3D4352&share=email\" target=\"_blank\" title=\"Haz clic para enviar un enlace por correo electr\u00f3nico a un amigo\" data-email-share-error-title=\"\u00bfTienes un correo electr\u00f3nico configurado?\" data-email-share-error-text=\"Si tienes problemas al compartir por correo electr\u00f3nico, es posible que sea porque no tengas un correo electr\u00f3nico configurado en tu navegador. Puede que tengas que crear un nuevo correo electr\u00f3nico t\u00fa mismo.\" data-email-share-nonce=\"050a98b1c2\" data-email-share-track-url=\"http:\/\/yomeunoalretto.org\/?page_id=4352&amp;share=email\"><span><\/span><span class=\"sharing-screen-reader-text\">Haz clic para enviar un enlace por correo electr\u00f3nico a un amigo (Se abre en una ventana nueva)<\/span><\/a><\/li><li><a href=\"#\" class=\"sharing-anchor sd-button share-more\"><span>M\u00e1s<\/span><\/a><\/li><li class=\"share-end\"><\/li><\/ul><div class=\"sharing-hidden\"><div class=\"inner\" style=\"display: none;\"><ul><li class=\"share-linkedin\"><a rel=\"nofollow noopener noreferrer\" data-shared=\"sharing-linkedin-4352\" class=\"share-linkedin sd-button share-icon no-text\" href=\"http:\/\/yomeunoalretto.org\/?page_id=4352&amp;share=linkedin\" target=\"_blank\" title=\"Haz clic para compartir en LinkedIn\" ><span><\/span><span class=\"sharing-screen-reader-text\">Haz clic para compartir en LinkedIn (Se abre en una ventana nueva)<\/span><\/a><\/li><li class=\"share-tumblr\"><a rel=\"nofollow noopener noreferrer\" data-shared=\"\" class=\"share-tumblr sd-button share-icon no-text\" href=\"http:\/\/yomeunoalretto.org\/?page_id=4352&amp;share=tumblr\" target=\"_blank\" title=\"Haz clic para compartir en Tumblr\" ><span><\/span><span class=\"sharing-screen-reader-text\">Haz clic para compartir en Tumblr (Se abre en una ventana nueva)<\/span><\/a><\/li><li class=\"share-end\"><\/li><li class=\"share-reddit\"><a rel=\"nofollow noopener noreferrer\" data-shared=\"\" class=\"share-reddit sd-button share-icon no-text\" href=\"http:\/\/yomeunoalretto.org\/?page_id=4352&amp;share=reddit\" target=\"_blank\" title=\"Haz clic para compartir en Reddit\" ><span><\/span><span class=\"sharing-screen-reader-text\">Haz clic para compartir en Reddit (Se abre en una ventana nueva)<\/span><\/a><\/li><li class=\"share-pocket\"><a rel=\"nofollow noopener noreferrer\" data-shared=\"\" class=\"share-pocket sd-button share-icon no-text\" href=\"http:\/\/yomeunoalretto.org\/?page_id=4352&amp;share=pocket\" target=\"_blank\" title=\"Haz clic para compartir en Pocket\" ><span><\/span><span class=\"sharing-screen-reader-text\">Haz clic para compartir en Pocket (Se abre en una ventana nueva)<\/span><\/a><\/li><li class=\"share-end\"><\/li><li class=\"share-pinterest\"><a rel=\"nofollow noopener noreferrer\" data-shared=\"sharing-pinterest-4352\" class=\"share-pinterest sd-button share-icon no-text\" href=\"http:\/\/yomeunoalretto.org\/?page_id=4352&amp;share=pinterest\" target=\"_blank\" title=\"Haz clic para compartir en Pinterest\" ><span><\/span><span class=\"sharing-screen-reader-text\">Haz clic para compartir en Pinterest (Se abre en una ventana nueva)<\/span><\/a><\/li><li class=\"share-end\"><\/li><\/ul><\/div><\/div><\/div><\/div><\/div>","protected":false},"excerpt":{"rendered":"<p>&nbsp; La empresa de ocio infantil\u00a0 Valle de Cuentos se han propuesto puesto un nuevo RETTo&#8230; \u00a1Ayudar a los afectados por el s\u00edndrome de Rett! \u00bfY qu\u00e9 mejor forma que organizando una carrera solidaria para los m\u00e1s peque\u00f1os? \u00a1An\u00edmate y \u00fanete al RETTo! Para m\u00e1s informaci\u00f3n sobre la carrera solo tienes que mandarles\u00a0un mensaje o [&hellip;]<\/p>\n<div class=\"sharedaddy sd-sharing-enabled\"><div class=\"robots-nocontent sd-block sd-social sd-social-icon sd-sharing\"><h3 class=\"sd-title\">Comparte esto:<\/h3><div class=\"sd-content\"><ul><li class=\"share-facebook\"><a rel=\"nofollow noopener noreferrer\" data-shared=\"sharing-facebook-4352\" class=\"share-facebook sd-button share-icon no-text\" href=\"http:\/\/yomeunoalretto.org\/?page_id=4352&amp;share=facebook\" target=\"_blank\" title=\"Haz clic para compartir en Facebook\" ><span><\/span><span class=\"sharing-screen-reader-text\">Haz clic para compartir en Facebook (Se abre en una ventana nueva)<\/span><\/a><\/li><li class=\"share-twitter\"><a rel=\"nofollow noopener noreferrer\" data-shared=\"sharing-twitter-4352\" class=\"share-twitter sd-button share-icon no-text\" href=\"http:\/\/yomeunoalretto.org\/?page_id=4352&amp;share=twitter\" target=\"_blank\" title=\"Haz clic para compartir en Twitter\" ><span><\/span><span class=\"sharing-screen-reader-text\">Haz clic para compartir en Twitter (Se abre en una ventana nueva)<\/span><\/a><\/li><li class=\"share-print\"><a rel=\"nofollow noopener noreferrer\" data-shared=\"\" class=\"share-print sd-button share-icon no-text\" href=\"http:\/\/yomeunoalretto.org\/?page_id=4352\" target=\"_blank\" title=\"Haz clic para imprimir\" ><span><\/span><span class=\"sharing-screen-reader-text\">Haz clic para imprimir (Se abre en una ventana nueva)<\/span><\/a><\/li><li class=\"share-email\"><a rel=\"nofollow noopener noreferrer\" data-shared=\"\" class=\"share-email sd-button share-icon no-text\" href=\"mailto:?subject=%5BEntrada%20compartida%5D%20El%20nuevo%20Retto%20de%20Valle%20de%20Cuentos&body=http%3A%2F%2Fyomeunoalretto.org%2F%3Fpage_id%3D4352&share=email\" target=\"_blank\" title=\"Haz clic para enviar un enlace por correo electr\u00f3nico a un amigo\" data-email-share-error-title=\"\u00bfTienes un correo electr\u00f3nico configurado?\" data-email-share-error-text=\"Si tienes problemas al compartir por correo electr\u00f3nico, es posible que sea porque no tengas un correo electr\u00f3nico configurado en tu navegador. Puede que tengas que crear un nuevo correo electr\u00f3nico t\u00fa mismo.\" data-email-share-nonce=\"050a98b1c2\" data-email-share-track-url=\"http:\/\/yomeunoalretto.org\/?page_id=4352&amp;share=email\"><span><\/span><span class=\"sharing-screen-reader-text\">Haz clic para enviar un enlace por correo electr\u00f3nico a un amigo (Se abre en una ventana nueva)<\/span><\/a><\/li><li><a href=\"#\" class=\"sharing-anchor sd-button share-more\"><span>M\u00e1s<\/span><\/a><\/li><li class=\"share-end\"><\/li><\/ul><div class=\"sharing-hidden\"><div class=\"inner\" style=\"display: none;\"><ul><li class=\"share-linkedin\"><a rel=\"nofollow noopener noreferrer\" data-shared=\"sharing-linkedin-4352\" class=\"share-linkedin sd-button share-icon no-text\" href=\"http:\/\/yomeunoalretto.org\/?page_id=4352&amp;share=linkedin\" target=\"_blank\" title=\"Haz clic para compartir en LinkedIn\" ><span><\/span><span class=\"sharing-screen-reader-text\">Haz clic para compartir en LinkedIn (Se abre en una ventana nueva)<\/span><\/a><\/li><li class=\"share-tumblr\"><a rel=\"nofollow noopener noreferrer\" data-shared=\"\" class=\"share-tumblr sd-button share-icon no-text\" href=\"http:\/\/yomeunoalretto.org\/?page_id=4352&amp;share=tumblr\" target=\"_blank\" title=\"Haz clic para compartir en Tumblr\" ><span><\/span><span class=\"sharing-screen-reader-text\">Haz clic para compartir en Tumblr (Se abre en una ventana nueva)<\/span><\/a><\/li><li class=\"share-end\"><\/li><li class=\"share-reddit\"><a rel=\"nofollow noopener noreferrer\" data-shared=\"\" class=\"share-reddit sd-button share-icon no-text\" href=\"http:\/\/yomeunoalretto.org\/?page_id=4352&amp;share=reddit\" target=\"_blank\" title=\"Haz clic para compartir en Reddit\" ><span><\/span><span class=\"sharing-screen-reader-text\">Haz clic para compartir en Reddit (Se abre en una ventana nueva)<\/span><\/a><\/li><li class=\"share-pocket\"><a rel=\"nofollow noopener noreferrer\" data-shared=\"\" class=\"share-pocket sd-button share-icon no-text\" href=\"http:\/\/yomeunoalretto.org\/?page_id=4352&amp;share=pocket\" target=\"_blank\" title=\"Haz clic para compartir en Pocket\" ><span><\/span><span class=\"sharing-screen-reader-text\">Haz clic para compartir en Pocket (Se abre en una ventana nueva)<\/span><\/a><\/li><li class=\"share-end\"><\/li><li class=\"share-pinterest\"><a rel=\"nofollow noopener noreferrer\" data-shared=\"sharing-pinterest-4352\" class=\"share-pinterest sd-button share-icon no-text\" href=\"http:\/\/yomeunoalretto.org\/?page_id=4352&amp;share=pinterest\" target=\"_blank\" title=\"Haz clic para compartir en Pinterest\" ><span><\/span><span class=\"sharing-screen-reader-text\">Haz clic para compartir en Pinterest (Se abre en una ventana nueva)<\/span><\/a><\/li><li class=\"share-end\"><\/li><\/ul><\/div><\/div><\/div><\/div><\/div>","protected":false},"author":1,"featured_media":0,"parent":0,"menu_order":0,"comment_status":"closed","ping_status":"closed","template":"","meta":[],"jetpack_shortlink":"https:\/\/wp.me\/P4JzDn-18c","jetpack_sharing_enabled":true,"_links":{"self":[{"href":"http:\/\/yomeunoalretto.org\/index.php?rest_route=\/wp\/v2\/pages\/4352"}],"collection":[{"href":"http:\/\/yomeunoalretto.org\/index.php?rest_route=\/wp\/v2\/pages"}],"about":[{"href":"http:\/\/yomeunoalretto.org\/index.php?rest_route=\/wp\/v2\/types\/page"}],"author":[{"embeddable":true,"href":"http:\/\/yomeunoalretto.org\/index.php?rest_route=\/wp\/v2\/users\/1"}],"replies":[{"embeddable":true,"href":"http:\/\/yomeunoalretto.org\/index.php?rest_route=%2Fwp%2Fv2%2Fcomments&post=4352"}],"version-history":[{"count":9,"href":"http:\/\/yomeunoalretto.org\/index.php?rest_route=\/wp\/v2\/pages\/4352\/revisions"}],"predecessor-version":[{"id":4401,"href":"http:\/\/yomeunoalretto.org\/index.php?rest_route=\/wp\/v2\/pages\/4352\/revisions\/4401"}],"wp:attachment":[{"href":"http:\/\/yomeunoalretto.org\/index.php?rest_route=%2Fwp%2Fv2%2Fmedia&parent=4352"}],"curies":[{"name":"wp","href":"https:\/\/api.w.org\/{rel}","templated":true}]}}