{"id":3260,"date":"2015-07-10T07:20:47","date_gmt":"2015-07-10T06:20:47","guid":{"rendered":"http:\/\/yomeunoalretto.org\/?page_id=3260"},"modified":"2015-07-10T07:21:53","modified_gmt":"2015-07-10T06:21:53","slug":"otros-545-e-para-la-investigacion-gracias-a-la-em-san-felipe","status":"publish","type":"page","link":"http:\/\/yomeunoalretto.org\/?page_id=3260","title":{"rendered":"Otros 545 \u20ac para la investigaci\u00f3n, gracias a la EM San Felipe."},"content":{"rendered":"<p><img data-attachment-id=\"3262\" data-permalink=\"http:\/\/yomeunoalretto.org\/?attachment_id=3262\" data-orig-file=\"http:\/\/yomeunoalretto.org\/wp-content\/uploads\/2015\/07\/FullSizeRender.jpg\" data-orig-size=\"900,457\" data-comments-opened=\"1\" data-image-meta=\"{&quot;aperture&quot;:&quot;0&quot;,&quot;credit&quot;:&quot;&quot;,&quot;camera&quot;:&quot;&quot;,&quot;caption&quot;:&quot;&quot;,&quot;created_timestamp&quot;:&quot;0&quot;,&quot;copyright&quot;:&quot;&quot;,&quot;focal_length&quot;:&quot;0&quot;,&quot;iso&quot;:&quot;0&quot;,&quot;shutter_speed&quot;:&quot;0&quot;,&quot;title&quot;:&quot;&quot;,&quot;orientation&quot;:&quot;0&quot;}\" data-image-title=\"FullSizeRender\" data-image-description=\"\" data-image-caption=\"\" data-medium-file=\"http:\/\/yomeunoalretto.org\/wp-content\/uploads\/2015\/07\/FullSizeRender-250x127.jpg\" data-large-file=\"http:\/\/yomeunoalretto.org\/wp-content\/uploads\/2015\/07\/FullSizeRender.jpg\" decoding=\"async\" loading=\"lazy\" class=\" size-medium wp-image-3262 alignright\" src=\"http:\/\/yomeunoalretto.org\/wp-content\/uploads\/2015\/07\/FullSizeRender-250x127.jpg\" alt=\"FullSizeRender\" width=\"250\" height=\"127\" srcset=\"http:\/\/yomeunoalretto.org\/wp-content\/uploads\/2015\/07\/FullSizeRender-250x127.jpg 250w, http:\/\/yomeunoalretto.org\/wp-content\/uploads\/2015\/07\/FullSizeRender-216x110.jpg 216w, http:\/\/yomeunoalretto.org\/wp-content\/uploads\/2015\/07\/FullSizeRender.jpg 900w\" sizes=\"(max-width: 250px) 100vw, 250px\" \/>Desde la Asociaci\u00f3n Gaditana Yo me Uno al Retto, nos complace informaros que el Concierto del pasado jueves 02 de Julio ha reportado la nada despreciable cantidad de 545 \u20ac, que ya han sido donados a la Obra Social de San Juan de Dios para que contin\u00fae la investigaci\u00f3n.<\/p>\n<p>Queremos dar las gracias a Blanca Angeriz, y a todos los ni\u00f1os de la escolan\u00eda por dedicarnos esa noche y no dejarnos solos en esta lucha, en este tercer concierto que realizan para este fin.<\/p>\n<p>Y aprovechamos la ocasi\u00f3n para dar un especial menci\u00f3n y agradecimiento a un donante an\u00f3nimo que aport\u00f3 185 \u20ac a esta cantidad con su proyecto solidario que creemos es justo reconocer, tanto su idea como generosidad.<\/p>\n<p>Gracias a todos los que os hab\u00e9is unido ya a nuestro Retto y gracias a todos los que est\u00e1is a\u00fan por venir. Cada d\u00eda estamos m\u00e1s cerca de una cura para el Rett.<\/p>\n<div class=\"sharedaddy sd-sharing-enabled\"><div class=\"robots-nocontent sd-block sd-social sd-social-icon sd-sharing\"><h3 class=\"sd-title\">Comparte esto:<\/h3><div class=\"sd-content\"><ul><li class=\"share-facebook\"><a rel=\"nofollow noopener noreferrer\" data-shared=\"sharing-facebook-3260\" class=\"share-facebook sd-button share-icon no-text\" href=\"http:\/\/yomeunoalretto.org\/?page_id=3260&amp;share=facebook\" target=\"_blank\" title=\"Haz clic para compartir en Facebook\" ><span><\/span><span class=\"sharing-screen-reader-text\">Haz clic para compartir en Facebook (Se abre en una ventana nueva)<\/span><\/a><\/li><li class=\"share-twitter\"><a rel=\"nofollow noopener noreferrer\" data-shared=\"sharing-twitter-3260\" class=\"share-twitter sd-button share-icon no-text\" href=\"http:\/\/yomeunoalretto.org\/?page_id=3260&amp;share=twitter\" target=\"_blank\" title=\"Haz clic para compartir en Twitter\" ><span><\/span><span class=\"sharing-screen-reader-text\">Haz clic para compartir en Twitter (Se abre en una ventana nueva)<\/span><\/a><\/li><li class=\"share-print\"><a rel=\"nofollow noopener noreferrer\" data-shared=\"\" class=\"share-print sd-button share-icon no-text\" href=\"http:\/\/yomeunoalretto.org\/?page_id=3260\" target=\"_blank\" title=\"Haz clic para imprimir\" ><span><\/span><span class=\"sharing-screen-reader-text\">Haz clic para imprimir (Se abre en una ventana nueva)<\/span><\/a><\/li><li class=\"share-email\"><a rel=\"nofollow noopener noreferrer\" data-shared=\"\" class=\"share-email sd-button share-icon no-text\" href=\"mailto:?subject=%5BEntrada%20compartida%5D%20Otros%20545%20%E2%82%AC%20para%20la%20investigaci%C3%B3n%2C%20gracias%20a%20la%20EM%20San%20Felipe.&body=http%3A%2F%2Fyomeunoalretto.org%2F%3Fpage_id%3D3260&share=email\" target=\"_blank\" title=\"Haz clic para enviar un enlace por correo electr\u00f3nico a un amigo\" data-email-share-error-title=\"\u00bfTienes un correo electr\u00f3nico configurado?\" data-email-share-error-text=\"Si tienes problemas al compartir por correo electr\u00f3nico, es posible que sea porque no tengas un correo electr\u00f3nico configurado en tu navegador. Puede que tengas que crear un nuevo correo electr\u00f3nico t\u00fa mismo.\" data-email-share-nonce=\"95fccdf2b8\" data-email-share-track-url=\"http:\/\/yomeunoalretto.org\/?page_id=3260&amp;share=email\"><span><\/span><span class=\"sharing-screen-reader-text\">Haz clic para enviar un enlace por correo electr\u00f3nico a un amigo (Se abre en una ventana nueva)<\/span><\/a><\/li><li><a href=\"#\" class=\"sharing-anchor sd-button share-more\"><span>M\u00e1s<\/span><\/a><\/li><li class=\"share-end\"><\/li><\/ul><div class=\"sharing-hidden\"><div class=\"inner\" style=\"display: none;\"><ul><li class=\"share-linkedin\"><a rel=\"nofollow noopener noreferrer\" data-shared=\"sharing-linkedin-3260\" class=\"share-linkedin sd-button share-icon no-text\" href=\"http:\/\/yomeunoalretto.org\/?page_id=3260&amp;share=linkedin\" target=\"_blank\" title=\"Haz clic para compartir en LinkedIn\" ><span><\/span><span class=\"sharing-screen-reader-text\">Haz clic para compartir en LinkedIn (Se abre en una ventana nueva)<\/span><\/a><\/li><li class=\"share-tumblr\"><a rel=\"nofollow noopener noreferrer\" data-shared=\"\" class=\"share-tumblr sd-button share-icon no-text\" href=\"http:\/\/yomeunoalretto.org\/?page_id=3260&amp;share=tumblr\" target=\"_blank\" title=\"Haz clic para compartir en Tumblr\" ><span><\/span><span class=\"sharing-screen-reader-text\">Haz clic para compartir en Tumblr (Se abre en una ventana nueva)<\/span><\/a><\/li><li class=\"share-end\"><\/li><li class=\"share-reddit\"><a rel=\"nofollow noopener noreferrer\" data-shared=\"\" class=\"share-reddit sd-button share-icon no-text\" href=\"http:\/\/yomeunoalretto.org\/?page_id=3260&amp;share=reddit\" target=\"_blank\" title=\"Haz clic para compartir en Reddit\" ><span><\/span><span class=\"sharing-screen-reader-text\">Haz clic para compartir en Reddit (Se abre en una ventana nueva)<\/span><\/a><\/li><li class=\"share-pocket\"><a rel=\"nofollow noopener noreferrer\" data-shared=\"\" class=\"share-pocket sd-button share-icon no-text\" href=\"http:\/\/yomeunoalretto.org\/?page_id=3260&amp;share=pocket\" target=\"_blank\" title=\"Haz clic para compartir en Pocket\" ><span><\/span><span class=\"sharing-screen-reader-text\">Haz clic para compartir en Pocket (Se abre en una ventana nueva)<\/span><\/a><\/li><li class=\"share-end\"><\/li><li class=\"share-pinterest\"><a rel=\"nofollow noopener noreferrer\" data-shared=\"sharing-pinterest-3260\" class=\"share-pinterest sd-button share-icon no-text\" href=\"http:\/\/yomeunoalretto.org\/?page_id=3260&amp;share=pinterest\" target=\"_blank\" title=\"Haz clic para compartir en Pinterest\" ><span><\/span><span class=\"sharing-screen-reader-text\">Haz clic para compartir en Pinterest (Se abre en una ventana nueva)<\/span><\/a><\/li><li class=\"share-end\"><\/li><\/ul><\/div><\/div><\/div><\/div><\/div>","protected":false},"excerpt":{"rendered":"<p>Desde la Asociaci\u00f3n Gaditana Yo me Uno al Retto, nos complace informaros que el Concierto del pasado jueves 02 de Julio ha reportado la nada despreciable cantidad de 545 \u20ac, que ya han sido donados a la Obra Social de San Juan de Dios para que contin\u00fae la investigaci\u00f3n. Queremos dar las gracias a Blanca [&hellip;]<\/p>\n<div class=\"sharedaddy sd-sharing-enabled\"><div class=\"robots-nocontent sd-block sd-social sd-social-icon sd-sharing\"><h3 class=\"sd-title\">Comparte esto:<\/h3><div class=\"sd-content\"><ul><li class=\"share-facebook\"><a rel=\"nofollow noopener noreferrer\" data-shared=\"sharing-facebook-3260\" class=\"share-facebook sd-button share-icon no-text\" href=\"http:\/\/yomeunoalretto.org\/?page_id=3260&amp;share=facebook\" target=\"_blank\" title=\"Haz clic para compartir en Facebook\" ><span><\/span><span class=\"sharing-screen-reader-text\">Haz clic para compartir en Facebook (Se abre en una ventana nueva)<\/span><\/a><\/li><li class=\"share-twitter\"><a rel=\"nofollow noopener noreferrer\" data-shared=\"sharing-twitter-3260\" class=\"share-twitter sd-button share-icon no-text\" href=\"http:\/\/yomeunoalretto.org\/?page_id=3260&amp;share=twitter\" target=\"_blank\" title=\"Haz clic para compartir en Twitter\" ><span><\/span><span class=\"sharing-screen-reader-text\">Haz clic para compartir en Twitter (Se abre en una ventana nueva)<\/span><\/a><\/li><li class=\"share-print\"><a rel=\"nofollow noopener noreferrer\" data-shared=\"\" class=\"share-print sd-button share-icon no-text\" href=\"http:\/\/yomeunoalretto.org\/?page_id=3260\" target=\"_blank\" title=\"Haz clic para imprimir\" ><span><\/span><span class=\"sharing-screen-reader-text\">Haz clic para imprimir (Se abre en una ventana nueva)<\/span><\/a><\/li><li class=\"share-email\"><a rel=\"nofollow noopener noreferrer\" data-shared=\"\" class=\"share-email sd-button share-icon no-text\" href=\"mailto:?subject=%5BEntrada%20compartida%5D%20Otros%20545%20%E2%82%AC%20para%20la%20investigaci%C3%B3n%2C%20gracias%20a%20la%20EM%20San%20Felipe.&body=http%3A%2F%2Fyomeunoalretto.org%2F%3Fpage_id%3D3260&share=email\" target=\"_blank\" title=\"Haz clic para enviar un enlace por correo electr\u00f3nico a un amigo\" data-email-share-error-title=\"\u00bfTienes un correo electr\u00f3nico configurado?\" data-email-share-error-text=\"Si tienes problemas al compartir por correo electr\u00f3nico, es posible que sea porque no tengas un correo electr\u00f3nico configurado en tu navegador. Puede que tengas que crear un nuevo correo electr\u00f3nico t\u00fa mismo.\" data-email-share-nonce=\"95fccdf2b8\" data-email-share-track-url=\"http:\/\/yomeunoalretto.org\/?page_id=3260&amp;share=email\"><span><\/span><span class=\"sharing-screen-reader-text\">Haz clic para enviar un enlace por correo electr\u00f3nico a un amigo (Se abre en una ventana nueva)<\/span><\/a><\/li><li><a href=\"#\" class=\"sharing-anchor sd-button share-more\"><span>M\u00e1s<\/span><\/a><\/li><li class=\"share-end\"><\/li><\/ul><div class=\"sharing-hidden\"><div class=\"inner\" style=\"display: none;\"><ul><li class=\"share-linkedin\"><a rel=\"nofollow noopener noreferrer\" data-shared=\"sharing-linkedin-3260\" class=\"share-linkedin sd-button share-icon no-text\" href=\"http:\/\/yomeunoalretto.org\/?page_id=3260&amp;share=linkedin\" target=\"_blank\" title=\"Haz clic para compartir en LinkedIn\" ><span><\/span><span class=\"sharing-screen-reader-text\">Haz clic para compartir en LinkedIn (Se abre en una ventana nueva)<\/span><\/a><\/li><li class=\"share-tumblr\"><a rel=\"nofollow noopener noreferrer\" data-shared=\"\" class=\"share-tumblr sd-button share-icon no-text\" href=\"http:\/\/yomeunoalretto.org\/?page_id=3260&amp;share=tumblr\" target=\"_blank\" title=\"Haz clic para compartir en Tumblr\" ><span><\/span><span class=\"sharing-screen-reader-text\">Haz clic para compartir en Tumblr (Se abre en una ventana nueva)<\/span><\/a><\/li><li class=\"share-end\"><\/li><li class=\"share-reddit\"><a rel=\"nofollow noopener noreferrer\" data-shared=\"\" class=\"share-reddit sd-button share-icon no-text\" href=\"http:\/\/yomeunoalretto.org\/?page_id=3260&amp;share=reddit\" target=\"_blank\" title=\"Haz clic para compartir en Reddit\" ><span><\/span><span class=\"sharing-screen-reader-text\">Haz clic para compartir en Reddit (Se abre en una ventana nueva)<\/span><\/a><\/li><li class=\"share-pocket\"><a rel=\"nofollow noopener noreferrer\" data-shared=\"\" class=\"share-pocket sd-button share-icon no-text\" href=\"http:\/\/yomeunoalretto.org\/?page_id=3260&amp;share=pocket\" target=\"_blank\" title=\"Haz clic para compartir en Pocket\" ><span><\/span><span class=\"sharing-screen-reader-text\">Haz clic para compartir en Pocket (Se abre en una ventana nueva)<\/span><\/a><\/li><li class=\"share-end\"><\/li><li class=\"share-pinterest\"><a rel=\"nofollow noopener noreferrer\" data-shared=\"sharing-pinterest-3260\" class=\"share-pinterest sd-button share-icon no-text\" href=\"http:\/\/yomeunoalretto.org\/?page_id=3260&amp;share=pinterest\" target=\"_blank\" title=\"Haz clic para compartir en Pinterest\" ><span><\/span><span class=\"sharing-screen-reader-text\">Haz clic para compartir en Pinterest (Se abre en una ventana nueva)<\/span><\/a><\/li><li class=\"share-end\"><\/li><\/ul><\/div><\/div><\/div><\/div><\/div>","protected":false},"author":1,"featured_media":3262,"parent":0,"menu_order":0,"comment_status":"open","ping_status":"open","template":"","meta":[],"jetpack_shortlink":"https:\/\/wp.me\/P4JzDn-QA","jetpack_sharing_enabled":true,"_links":{"self":[{"href":"http:\/\/yomeunoalretto.org\/index.php?rest_route=\/wp\/v2\/pages\/3260"}],"collection":[{"href":"http:\/\/yomeunoalretto.org\/index.php?rest_route=\/wp\/v2\/pages"}],"about":[{"href":"http:\/\/yomeunoalretto.org\/index.php?rest_route=\/wp\/v2\/types\/page"}],"author":[{"embeddable":true,"href":"http:\/\/yomeunoalretto.org\/index.php?rest_route=\/wp\/v2\/users\/1"}],"replies":[{"embeddable":true,"href":"http:\/\/yomeunoalretto.org\/index.php?rest_route=%2Fwp%2Fv2%2Fcomments&post=3260"}],"version-history":[{"count":5,"href":"http:\/\/yomeunoalretto.org\/index.php?rest_route=\/wp\/v2\/pages\/3260\/revisions"}],"predecessor-version":[{"id":3267,"href":"http:\/\/yomeunoalretto.org\/index.php?rest_route=\/wp\/v2\/pages\/3260\/revisions\/3267"}],"wp:featuredmedia":[{"embeddable":true,"href":"http:\/\/yomeunoalretto.org\/index.php?rest_route=\/wp\/v2\/media\/3262"}],"wp:attachment":[{"href":"http:\/\/yomeunoalretto.org\/index.php?rest_route=%2Fwp%2Fv2%2Fmedia&parent=3260"}],"curies":[{"name":"wp","href":"https:\/\/api.w.org\/{rel}","templated":true}]}}

Otros 545 € para la investigación, gracias a la EM San Felipe.

<p><img data-attachment-id="3262" data-permalink="http://yomeunoalretto.org/?attachment_id=3262" data-orig-file="http://yomeunoalretto.org/wp-content/uploads/2015/07/FullSizeRender.jpg" data-orig-size="900,457" data-comments-opened="1" data-image-meta="{&quot;aperture&quot;:&quot;0&quot;,&quot;credit&quot;:&quot;&quot;,&quot;camera&quot;:&quot;&quot;,&quot;caption&quot;:&quot;&quot;,&quot;created_timestamp&quot;:&quot;0&quot;,&quot;copyright&quot;:&quot;&quot;,&quot;focal_length&quot;:&quot;0&quot;,&quot;iso&quot;:&quot;0&quot;,&quot;shutter_speed&quot;:&quot;0&quot;,&quot;title&quot;:&quot;&quot;,&quot;orientation&quot;:&quot;0&quot;}" data-image-title="FullSizeRender" data-image-description="" data-image-caption="" data-medium-file="http://yomeunoalretto.org/wp-content/uploads/2015/07/FullSizeRender-250x127.jpg" data-large-file="http://yomeunoalretto.org/wp-content/uploads/2015/07/FullSizeRender.jpg" decoding="async" loading="lazy" class=" size-medium wp-image-3262 alignright" src="http://yomeunoalretto.org/wp-content/uploads/2015/07/FullSizeRender-250x127.jpg" alt="FullSizeRender" width="250" height="127" srcset="http://yomeunoalretto.org/wp-content/uploads/2015/07/FullSizeRender-250x127.jpg 250w, http://yomeunoalretto.org/wp-content/uploads/2015/07/FullSizeRender-216x110.jpg 216w, http://yomeunoalretto.org/wp-content/uploads/2015/07/FullSizeRender.jpg 900w" sizes="(max-width: 250px) 100vw, 250px" />Desde la Asociación Gaditana Yo me Uno al Retto, nos complace informaros que el Concierto del pasado jueves 02 de Julio ha reportado la nada despreciable cantidad de 545 €, que ya han sido donados a la Obra Social de San Juan de Dios para que continúe la investigación.</p>
<p>Queremos dar las gracias a Blanca Angeriz, y a todos los niños de la escolanía por dedicarnos esa noche y no dejarnos solos en esta lucha, en este tercer concierto que realizan para este fin.</p>
<p>Y aprovechamos la ocasión para dar un especial mención y agradecimiento a un donante anónimo que aportó 185 € a esta cantidad con su proyecto solidario que creemos es justo reconocer, tanto su idea como generosidad.</p>
<p>Gracias a todos los que os habéis unido ya a nuestro Retto y gracias a todos los que estáis aún por venir. Cada día estamos más cerca de una cura para el Rett.</p>
<div class="sharedaddy sd-sharing-enabled"><div class="robots-nocontent sd-block sd-social sd-social-icon sd-sharing"><h3 class="sd-title">Comparte esto:</h3><div class="sd-content"><ul><li class="share-facebook"><a rel="nofollow noopener noreferrer" data-shared="sharing-facebook-3260" class="share-facebook sd-button share-icon no-text" href="http://yomeunoalretto.org/?page_id=3260&amp;share=facebook" target="_blank" title="Haz clic para compartir en Facebook" ><span></span><span class="sharing-screen-reader-text">Haz clic para compartir en Facebook (Se abre en una ventana nueva)</span></a></li><li class="share-twitter"><a rel="nofollow noopener noreferrer" data-shared="sharing-twitter-3260" class="share-twitter sd-button share-icon no-text" href="http://yomeunoalretto.org/?page_id=3260&amp;share=twitter" target="_blank" title="Haz clic para compartir en Twitter" ><span></span><span class="sharing-screen-reader-text">Haz clic para compartir en Twitter (Se abre en una ventana nueva)</span></a></li><li class="share-print"><a rel="nofollow noopener noreferrer" data-shared="" class="share-print sd-button share-icon no-text" href="http://yomeunoalretto.org/?page_id=3260" target="_blank" title="Haz clic para imprimir" ><span></span><span class="sharing-screen-reader-text">Haz clic para imprimir (Se abre en una ventana nueva)</span></a></li><li class="share-email"><a rel="nofollow noopener noreferrer" data-shared="" class="share-email sd-button share-icon no-text" href="mailto:?subject=%5BEntrada%20compartida%5D%20Otros%20545%20%E2%82%AC%20para%20la%20investigaci%C3%B3n%2C%20gracias%20a%20la%20EM%20San%20Felipe.&body=http%3A%2F%2Fyomeunoalretto.org%2F%3Fpage_id%3D3260&share=email" target="_blank" title="Haz clic para enviar un enlace por correo electrónico a un amigo" data-email-share-error-title="¿Tienes un correo electrónico configurado?" data-email-share-error-text="Si tienes problemas al compartir por correo electrónico, es posible que sea porque no tengas un correo electrónico configurado en tu navegador. Puede que tengas que crear un nuevo correo electrónico tú mismo." data-email-share-nonce="95fccdf2b8" data-email-share-track-url="http://yomeunoalretto.org/?page_id=3260&amp;share=email"><span></span><span class="sharing-screen-reader-text">Haz clic para enviar un enlace por correo electrónico a un amigo (Se abre en una ventana nueva)</span></a></li><li><a href="#" class="sharing-anchor sd-button share-more"><span>Más</span></a></li><li class="share-end"></li></ul><div class="sharing-hidden"><div class="inner" style="display: none;"><ul><li class="share-linkedin"><a rel="nofollow noopener noreferrer" data-shared="sharing-linkedin-3260" class="share-linkedin sd-button share-icon no-text" href="http://yomeunoalretto.org/?page_id=3260&amp;share=linkedin" target="_blank" title="Haz clic para compartir en LinkedIn" ><span></span><span class="sharing-screen-reader-text">Haz clic para compartir en LinkedIn (Se abre en una ventana nueva)</span></a></li><li class="share-tumblr"><a rel="nofollow noopener noreferrer" data-shared="" class="share-tumblr sd-button share-icon no-text" href="http://yomeunoalretto.org/?page_id=3260&amp;share=tumblr" target="_blank" title="Haz clic para compartir en Tumblr" ><span></span><span class="sharing-screen-reader-text">Haz clic para compartir en Tumblr (Se abre en una ventana nueva)</span></a></li><li class="share-end"></li><li class="share-reddit"><a rel="nofollow noopener noreferrer" data-shared="" class="share-reddit sd-button share-icon no-text" href="http://yomeunoalretto.org/?page_id=3260&amp;share=reddit" target="_blank" title="Haz clic para compartir en Reddit" ><span></span><span class="sharing-screen-reader-text">Haz clic para compartir en Reddit (Se abre en una ventana nueva)</span></a></li><li class="share-pocket"><a rel="nofollow noopener noreferrer" data-shared="" class="share-pocket sd-button share-icon no-text" href="http://yomeunoalretto.org/?page_id=3260&amp;share=pocket" target="_blank" title="Haz clic para compartir en Pocket" ><span></span><span class="sharing-screen-reader-text">Haz clic para compartir en Pocket (Se abre en una ventana nueva)</span></a></li><li class="share-end"></li><li class="share-pinterest"><a rel="nofollow noopener noreferrer" data-shared="sharing-pinterest-3260" class="share-pinterest sd-button share-icon no-text" href="http://yomeunoalretto.org/?page_id=3260&amp;share=pinterest" target="_blank" title="Haz clic para compartir en Pinterest" ><span></span><span class="sharing-screen-reader-text">Haz clic para compartir en Pinterest (Se abre en una ventana nueva)</span></a></li><li class="share-end"></li></ul></div></div></div></div></div>

<p>Desde la Asociación Gaditana Yo me Uno al Retto, nos complace informaros que el Concierto del pasado jueves 02 de Julio ha reportado la nada despreciable cantidad de 545 €, que ya han sido donados a la Obra Social de San Juan de Dios para que continúe la investigación. Queremos dar las gracias a Blanca [&hellip;]</p>
<div class="sharedaddy sd-sharing-enabled"><div class="robots-nocontent sd-block sd-social sd-social-icon sd-sharing"><h3 class="sd-title">Comparte esto:</h3><div class="sd-content"><ul><li class="share-facebook"><a rel="nofollow noopener noreferrer" data-shared="sharing-facebook-3260" class="share-facebook sd-button share-icon no-text" href="http://yomeunoalretto.org/?page_id=3260&amp;share=facebook" target="_blank" title="Haz clic para compartir en Facebook" ><span></span><span class="sharing-screen-reader-text">Haz clic para compartir en Facebook (Se abre en una ventana nueva)</span></a></li><li class="share-twitter"><a rel="nofollow noopener noreferrer" data-shared="sharing-twitter-3260" class="share-twitter sd-button share-icon no-text" href="http://yomeunoalretto.org/?page_id=3260&amp;share=twitter" target="_blank" title="Haz clic para compartir en Twitter" ><span></span><span class="sharing-screen-reader-text">Haz clic para compartir en Twitter (Se abre en una ventana nueva)</span></a></li><li class="share-print"><a rel="nofollow noopener noreferrer" data-shared="" class="share-print sd-button share-icon no-text" href="http://yomeunoalretto.org/?page_id=3260" target="_blank" title="Haz clic para imprimir" ><span></span><span class="sharing-screen-reader-text">Haz clic para imprimir (Se abre en una ventana nueva)</span></a></li><li class="share-email"><a rel="nofollow noopener noreferrer" data-shared="" class="share-email sd-button share-icon no-text" href="mailto:?subject=%5BEntrada%20compartida%5D%20Otros%20545%20%E2%82%AC%20para%20la%20investigaci%C3%B3n%2C%20gracias%20a%20la%20EM%20San%20Felipe.&body=http%3A%2F%2Fyomeunoalretto.org%2F%3Fpage_id%3D3260&share=email" target="_blank" title="Haz clic para enviar un enlace por correo electrónico a un amigo" data-email-share-error-title="¿Tienes un correo electrónico configurado?" data-email-share-error-text="Si tienes problemas al compartir por correo electrónico, es posible que sea porque no tengas un correo electrónico configurado en tu navegador. Puede que tengas que crear un nuevo correo electrónico tú mismo." data-email-share-nonce="95fccdf2b8" data-email-share-track-url="http://yomeunoalretto.org/?page_id=3260&amp;share=email"><span></span><span class="sharing-screen-reader-text">Haz clic para enviar un enlace por correo electrónico a un amigo (Se abre en una ventana nueva)</span></a></li><li><a href="#" class="sharing-anchor sd-button share-more"><span>Más</span></a></li><li class="share-end"></li></ul><div class="sharing-hidden"><div class="inner" style="display: none;"><ul><li class="share-linkedin"><a rel="nofollow noopener noreferrer" data-shared="sharing-linkedin-3260" class="share-linkedin sd-button share-icon no-text" href="http://yomeunoalretto.org/?page_id=3260&amp;share=linkedin" target="_blank" title="Haz clic para compartir en LinkedIn" ><span></span><span class="sharing-screen-reader-text">Haz clic para compartir en LinkedIn (Se abre en una ventana nueva)</span></a></li><li class="share-tumblr"><a rel="nofollow noopener noreferrer" data-shared="" class="share-tumblr sd-button share-icon no-text" href="http://yomeunoalretto.org/?page_id=3260&amp;share=tumblr" target="_blank" title="Haz clic para compartir en Tumblr" ><span></span><span class="sharing-screen-reader-text">Haz clic para compartir en Tumblr (Se abre en una ventana nueva)</span></a></li><li class="share-end"></li><li class="share-reddit"><a rel="nofollow noopener noreferrer" data-shared="" class="share-reddit sd-button share-icon no-text" href="http://yomeunoalretto.org/?page_id=3260&amp;share=reddit" target="_blank" title="Haz clic para compartir en Reddit" ><span></span><span class="sharing-screen-reader-text">Haz clic para compartir en Reddit (Se abre en una ventana nueva)</span></a></li><li class="share-pocket"><a rel="nofollow noopener noreferrer" data-shared="" class="share-pocket sd-button share-icon no-text" href="http://yomeunoalretto.org/?page_id=3260&amp;share=pocket" target="_blank" title="Haz clic para compartir en Pocket" ><span></span><span class="sharing-screen-reader-text">Haz clic para compartir en Pocket (Se abre en una ventana nueva)</span></a></li><li class="share-end"></li><li class="share-pinterest"><a rel="nofollow noopener noreferrer" data-shared="sharing-pinterest-3260" class="share-pinterest sd-button share-icon no-text" href="http://yomeunoalretto.org/?page_id=3260&amp;share=pinterest" target="_blank" title="Haz clic para compartir en Pinterest" ><span></span><span class="sharing-screen-reader-text">Haz clic para compartir en Pinterest (Se abre en una ventana nueva)</span></a></li><li class="share-end"></li></ul></div></div></div></div></div>
