{"id":3159,"date":"2015-05-17T22:06:58","date_gmt":"2015-05-17T21:06:58","guid":{"rendered":"http:\/\/yomeunoalretto.org\/?page_id=3159"},"modified":"2015-05-17T22:09:09","modified_gmt":"2015-05-17T21:09:09","slug":"sara-baras-jose-serrano-cia-vs-rett","status":"publish","type":"page","link":"http:\/\/yomeunoalretto.org\/?page_id=3159","title":{"rendered":"Sara Baras, Jos\u00e9 Serrano &#038; Cia vs Rett"},"content":{"rendered":"<p><img data-attachment-id=\"2830\" data-permalink=\"http:\/\/yomeunoalretto.org\/?attachment_id=2830\" data-orig-file=\"http:\/\/yomeunoalretto.org\/wp-content\/uploads\/2015\/04\/CDjOjavWIAAJq_D.jpg\" data-orig-size=\"599,337\" data-comments-opened=\"1\" data-image-meta=\"{&quot;aperture&quot;:&quot;0&quot;,&quot;credit&quot;:&quot;&quot;,&quot;camera&quot;:&quot;&quot;,&quot;caption&quot;:&quot;&quot;,&quot;created_timestamp&quot;:&quot;0&quot;,&quot;copyright&quot;:&quot;&quot;,&quot;focal_length&quot;:&quot;0&quot;,&quot;iso&quot;:&quot;0&quot;,&quot;shutter_speed&quot;:&quot;0&quot;,&quot;title&quot;:&quot;&quot;,&quot;orientation&quot;:&quot;0&quot;}\" data-image-title=\"CDjOjavWIAAJq_D\" data-image-description=\"\" data-image-caption=\"\" data-medium-file=\"http:\/\/yomeunoalretto.org\/wp-content\/uploads\/2015\/04\/CDjOjavWIAAJq_D-250x141.jpg\" data-large-file=\"http:\/\/yomeunoalretto.org\/wp-content\/uploads\/2015\/04\/CDjOjavWIAAJq_D.jpg\" decoding=\"async\" loading=\"lazy\" class=\"alignleft size-medium wp-image-2830\" src=\"http:\/\/yomeunoalretto.org\/wp-content\/uploads\/2015\/04\/CDjOjavWIAAJq_D-250x141.jpg\" alt=\"CDjOjavWIAAJq_D\" width=\"250\" height=\"141\" srcset=\"http:\/\/yomeunoalretto.org\/wp-content\/uploads\/2015\/04\/CDjOjavWIAAJq_D-250x141.jpg 250w, http:\/\/yomeunoalretto.org\/wp-content\/uploads\/2015\/04\/CDjOjavWIAAJq_D-216x122.jpg 216w, http:\/\/yomeunoalretto.org\/wp-content\/uploads\/2015\/04\/CDjOjavWIAAJq_D.jpg 599w\" sizes=\"(max-width: 250px) 100vw, 250px\" \/>El pasado domingo 26 de abril <a href=\"http:\/\/www.diariodecadiz.es\/article\/cadiz\/2016158\/yo\/me\/uno\/retto\/se\/sube\/las\/tablas\/teatro\/falla.html\" target=\"_blank\">Sara\u00a0Baras se despidi\u00f3 de C\u00e1diz con su espect\u00e1culo\u00a0<i>Voces<\/i>\u00a0y lo hizo de una manera muy especial: dando voz a la Asociaci\u00f3n\u00a0<i>Yo me uno al Retto, por la investigaci\u00f3n del S\u00edndrome de Rett<\/i>.\u00a0<\/a><\/p>\n<p>Desde nuestra asociaci\u00f3n queremos agradecer una y mil veces la labor de difusi\u00f3n que esta gran familia est\u00e1 haciendo del conocimiento de esta extra\u00f1a enfermedad.<\/p>\n<p>De sobra es sabido que sois unos enormes artistas pero son detalles como estos los que os hacen grandes personas, y los que nos hacen estar por siempre agradecidos. Vuestros vecinos siempre estarnos esper\u00e1ndoos con los brazos abiertos.<\/p>\n<p>&nbsp;<\/p>\n<p>&nbsp;<\/p>\n<div class=\"sharedaddy sd-sharing-enabled\"><div class=\"robots-nocontent sd-block sd-social sd-social-icon sd-sharing\"><h3 class=\"sd-title\">Comparte esto:<\/h3><div class=\"sd-content\"><ul><li class=\"share-facebook\"><a rel=\"nofollow noopener noreferrer\" data-shared=\"sharing-facebook-3159\" class=\"share-facebook sd-button share-icon no-text\" href=\"http:\/\/yomeunoalretto.org\/?page_id=3159&amp;share=facebook\" target=\"_blank\" title=\"Haz clic para compartir en Facebook\" ><span><\/span><span class=\"sharing-screen-reader-text\">Haz clic para compartir en Facebook (Se abre en una ventana nueva)<\/span><\/a><\/li><li class=\"share-twitter\"><a rel=\"nofollow noopener noreferrer\" data-shared=\"sharing-twitter-3159\" class=\"share-twitter sd-button share-icon no-text\" href=\"http:\/\/yomeunoalretto.org\/?page_id=3159&amp;share=twitter\" target=\"_blank\" title=\"Haz clic para compartir en Twitter\" ><span><\/span><span class=\"sharing-screen-reader-text\">Haz clic para compartir en Twitter (Se abre en una ventana nueva)<\/span><\/a><\/li><li class=\"share-print\"><a rel=\"nofollow noopener noreferrer\" data-shared=\"\" class=\"share-print sd-button share-icon no-text\" href=\"http:\/\/yomeunoalretto.org\/?page_id=3159\" target=\"_blank\" title=\"Haz clic para imprimir\" ><span><\/span><span class=\"sharing-screen-reader-text\">Haz clic para imprimir (Se abre en una ventana nueva)<\/span><\/a><\/li><li class=\"share-email\"><a rel=\"nofollow noopener noreferrer\" data-shared=\"\" class=\"share-email sd-button share-icon no-text\" href=\"mailto:?subject=%5BEntrada%20compartida%5D%20Sara%20Baras%2C%20Jos%C3%A9%20Serrano%20%26%20Cia%20vs%20Rett&body=http%3A%2F%2Fyomeunoalretto.org%2F%3Fpage_id%3D3159&share=email\" target=\"_blank\" title=\"Haz clic para enviar un enlace por correo electr\u00f3nico a un amigo\" data-email-share-error-title=\"\u00bfTienes un correo electr\u00f3nico configurado?\" data-email-share-error-text=\"Si tienes problemas al compartir por correo electr\u00f3nico, es posible que sea porque no tengas un correo electr\u00f3nico configurado en tu navegador. Puede que tengas que crear un nuevo correo electr\u00f3nico t\u00fa mismo.\" data-email-share-nonce=\"3f3a3373ce\" data-email-share-track-url=\"http:\/\/yomeunoalretto.org\/?page_id=3159&amp;share=email\"><span><\/span><span class=\"sharing-screen-reader-text\">Haz clic para enviar un enlace por correo electr\u00f3nico a un amigo (Se abre en una ventana nueva)<\/span><\/a><\/li><li><a href=\"#\" class=\"sharing-anchor sd-button share-more\"><span>M\u00e1s<\/span><\/a><\/li><li class=\"share-end\"><\/li><\/ul><div class=\"sharing-hidden\"><div class=\"inner\" style=\"display: none;\"><ul><li class=\"share-linkedin\"><a rel=\"nofollow noopener noreferrer\" data-shared=\"sharing-linkedin-3159\" class=\"share-linkedin sd-button share-icon no-text\" href=\"http:\/\/yomeunoalretto.org\/?page_id=3159&amp;share=linkedin\" target=\"_blank\" title=\"Haz clic para compartir en LinkedIn\" ><span><\/span><span class=\"sharing-screen-reader-text\">Haz clic para compartir en LinkedIn (Se abre en una ventana nueva)<\/span><\/a><\/li><li class=\"share-tumblr\"><a rel=\"nofollow noopener noreferrer\" data-shared=\"\" class=\"share-tumblr sd-button share-icon no-text\" href=\"http:\/\/yomeunoalretto.org\/?page_id=3159&amp;share=tumblr\" target=\"_blank\" title=\"Haz clic para compartir en Tumblr\" ><span><\/span><span class=\"sharing-screen-reader-text\">Haz clic para compartir en Tumblr (Se abre en una ventana nueva)<\/span><\/a><\/li><li class=\"share-end\"><\/li><li class=\"share-reddit\"><a rel=\"nofollow noopener noreferrer\" data-shared=\"\" class=\"share-reddit sd-button share-icon no-text\" href=\"http:\/\/yomeunoalretto.org\/?page_id=3159&amp;share=reddit\" target=\"_blank\" title=\"Haz clic para compartir en Reddit\" ><span><\/span><span class=\"sharing-screen-reader-text\">Haz clic para compartir en Reddit (Se abre en una ventana nueva)<\/span><\/a><\/li><li class=\"share-pocket\"><a rel=\"nofollow noopener noreferrer\" data-shared=\"\" class=\"share-pocket sd-button share-icon no-text\" href=\"http:\/\/yomeunoalretto.org\/?page_id=3159&amp;share=pocket\" target=\"_blank\" title=\"Haz clic para compartir en Pocket\" ><span><\/span><span class=\"sharing-screen-reader-text\">Haz clic para compartir en Pocket (Se abre en una ventana nueva)<\/span><\/a><\/li><li class=\"share-end\"><\/li><li class=\"share-pinterest\"><a rel=\"nofollow noopener noreferrer\" data-shared=\"sharing-pinterest-3159\" class=\"share-pinterest sd-button share-icon no-text\" href=\"http:\/\/yomeunoalretto.org\/?page_id=3159&amp;share=pinterest\" target=\"_blank\" title=\"Haz clic para compartir en Pinterest\" ><span><\/span><span class=\"sharing-screen-reader-text\">Haz clic para compartir en Pinterest (Se abre en una ventana nueva)<\/span><\/a><\/li><li class=\"share-end\"><\/li><\/ul><\/div><\/div><\/div><\/div><\/div>","protected":false},"excerpt":{"rendered":"<p>El pasado domingo 26 de abril Sara\u00a0Baras se despidi\u00f3 de C\u00e1diz con su espect\u00e1culo\u00a0Voces\u00a0y lo hizo de una manera muy especial: dando voz a la Asociaci\u00f3n\u00a0Yo me uno al Retto, por la investigaci\u00f3n del S\u00edndrome de Rett.\u00a0 Desde nuestra asociaci\u00f3n queremos agradecer una y mil veces la labor de difusi\u00f3n que esta gran familia est\u00e1 [&hellip;]<\/p>\n<div class=\"sharedaddy sd-sharing-enabled\"><div class=\"robots-nocontent sd-block sd-social sd-social-icon sd-sharing\"><h3 class=\"sd-title\">Comparte esto:<\/h3><div class=\"sd-content\"><ul><li class=\"share-facebook\"><a rel=\"nofollow noopener noreferrer\" data-shared=\"sharing-facebook-3159\" class=\"share-facebook sd-button share-icon no-text\" href=\"http:\/\/yomeunoalretto.org\/?page_id=3159&amp;share=facebook\" target=\"_blank\" title=\"Haz clic para compartir en Facebook\" ><span><\/span><span class=\"sharing-screen-reader-text\">Haz clic para compartir en Facebook (Se abre en una ventana nueva)<\/span><\/a><\/li><li class=\"share-twitter\"><a rel=\"nofollow noopener noreferrer\" data-shared=\"sharing-twitter-3159\" class=\"share-twitter sd-button share-icon no-text\" href=\"http:\/\/yomeunoalretto.org\/?page_id=3159&amp;share=twitter\" target=\"_blank\" title=\"Haz clic para compartir en Twitter\" ><span><\/span><span class=\"sharing-screen-reader-text\">Haz clic para compartir en Twitter (Se abre en una ventana nueva)<\/span><\/a><\/li><li class=\"share-print\"><a rel=\"nofollow noopener noreferrer\" data-shared=\"\" class=\"share-print sd-button share-icon no-text\" href=\"http:\/\/yomeunoalretto.org\/?page_id=3159\" target=\"_blank\" title=\"Haz clic para imprimir\" ><span><\/span><span class=\"sharing-screen-reader-text\">Haz clic para imprimir (Se abre en una ventana nueva)<\/span><\/a><\/li><li class=\"share-email\"><a rel=\"nofollow noopener noreferrer\" data-shared=\"\" class=\"share-email sd-button share-icon no-text\" href=\"mailto:?subject=%5BEntrada%20compartida%5D%20Sara%20Baras%2C%20Jos%C3%A9%20Serrano%20%26%20Cia%20vs%20Rett&body=http%3A%2F%2Fyomeunoalretto.org%2F%3Fpage_id%3D3159&share=email\" target=\"_blank\" title=\"Haz clic para enviar un enlace por correo electr\u00f3nico a un amigo\" data-email-share-error-title=\"\u00bfTienes un correo electr\u00f3nico configurado?\" data-email-share-error-text=\"Si tienes problemas al compartir por correo electr\u00f3nico, es posible que sea porque no tengas un correo electr\u00f3nico configurado en tu navegador. Puede que tengas que crear un nuevo correo electr\u00f3nico t\u00fa mismo.\" data-email-share-nonce=\"3f3a3373ce\" data-email-share-track-url=\"http:\/\/yomeunoalretto.org\/?page_id=3159&amp;share=email\"><span><\/span><span class=\"sharing-screen-reader-text\">Haz clic para enviar un enlace por correo electr\u00f3nico a un amigo (Se abre en una ventana nueva)<\/span><\/a><\/li><li><a href=\"#\" class=\"sharing-anchor sd-button share-more\"><span>M\u00e1s<\/span><\/a><\/li><li class=\"share-end\"><\/li><\/ul><div class=\"sharing-hidden\"><div class=\"inner\" style=\"display: none;\"><ul><li class=\"share-linkedin\"><a rel=\"nofollow noopener noreferrer\" data-shared=\"sharing-linkedin-3159\" class=\"share-linkedin sd-button share-icon no-text\" href=\"http:\/\/yomeunoalretto.org\/?page_id=3159&amp;share=linkedin\" target=\"_blank\" title=\"Haz clic para compartir en LinkedIn\" ><span><\/span><span class=\"sharing-screen-reader-text\">Haz clic para compartir en LinkedIn (Se abre en una ventana nueva)<\/span><\/a><\/li><li class=\"share-tumblr\"><a rel=\"nofollow noopener noreferrer\" data-shared=\"\" class=\"share-tumblr sd-button share-icon no-text\" href=\"http:\/\/yomeunoalretto.org\/?page_id=3159&amp;share=tumblr\" target=\"_blank\" title=\"Haz clic para compartir en Tumblr\" ><span><\/span><span class=\"sharing-screen-reader-text\">Haz clic para compartir en Tumblr (Se abre en una ventana nueva)<\/span><\/a><\/li><li class=\"share-end\"><\/li><li class=\"share-reddit\"><a rel=\"nofollow noopener noreferrer\" data-shared=\"\" class=\"share-reddit sd-button share-icon no-text\" href=\"http:\/\/yomeunoalretto.org\/?page_id=3159&amp;share=reddit\" target=\"_blank\" title=\"Haz clic para compartir en Reddit\" ><span><\/span><span class=\"sharing-screen-reader-text\">Haz clic para compartir en Reddit (Se abre en una ventana nueva)<\/span><\/a><\/li><li class=\"share-pocket\"><a rel=\"nofollow noopener noreferrer\" data-shared=\"\" class=\"share-pocket sd-button share-icon no-text\" href=\"http:\/\/yomeunoalretto.org\/?page_id=3159&amp;share=pocket\" target=\"_blank\" title=\"Haz clic para compartir en Pocket\" ><span><\/span><span class=\"sharing-screen-reader-text\">Haz clic para compartir en Pocket (Se abre en una ventana nueva)<\/span><\/a><\/li><li class=\"share-end\"><\/li><li class=\"share-pinterest\"><a rel=\"nofollow noopener noreferrer\" data-shared=\"sharing-pinterest-3159\" class=\"share-pinterest sd-button share-icon no-text\" href=\"http:\/\/yomeunoalretto.org\/?page_id=3159&amp;share=pinterest\" target=\"_blank\" title=\"Haz clic para compartir en Pinterest\" ><span><\/span><span class=\"sharing-screen-reader-text\">Haz clic para compartir en Pinterest (Se abre en una ventana nueva)<\/span><\/a><\/li><li class=\"share-end\"><\/li><\/ul><\/div><\/div><\/div><\/div><\/div>","protected":false},"author":1,"featured_media":0,"parent":0,"menu_order":0,"comment_status":"open","ping_status":"open","template":"","meta":[],"jetpack_shortlink":"https:\/\/wp.me\/P4JzDn-OX","jetpack_sharing_enabled":true,"_links":{"self":[{"href":"http:\/\/yomeunoalretto.org\/index.php?rest_route=\/wp\/v2\/pages\/3159"}],"collection":[{"href":"http:\/\/yomeunoalretto.org\/index.php?rest_route=\/wp\/v2\/pages"}],"about":[{"href":"http:\/\/yomeunoalretto.org\/index.php?rest_route=\/wp\/v2\/types\/page"}],"author":[{"embeddable":true,"href":"http:\/\/yomeunoalretto.org\/index.php?rest_route=\/wp\/v2\/users\/1"}],"replies":[{"embeddable":true,"href":"http:\/\/yomeunoalretto.org\/index.php?rest_route=%2Fwp%2Fv2%2Fcomments&post=3159"}],"version-history":[{"count":2,"href":"http:\/\/yomeunoalretto.org\/index.php?rest_route=\/wp\/v2\/pages\/3159\/revisions"}],"predecessor-version":[{"id":3161,"href":"http:\/\/yomeunoalretto.org\/index.php?rest_route=\/wp\/v2\/pages\/3159\/revisions\/3161"}],"wp:attachment":[{"href":"http:\/\/yomeunoalretto.org\/index.php?rest_route=%2Fwp%2Fv2%2Fmedia&parent=3159"}],"curies":[{"name":"wp","href":"https:\/\/api.w.org\/{rel}","templated":true}]}}

Sara Baras, José Serrano &#038; Cia vs Rett

<p><img data-attachment-id="2830" data-permalink="http://yomeunoalretto.org/?attachment_id=2830" data-orig-file="http://yomeunoalretto.org/wp-content/uploads/2015/04/CDjOjavWIAAJq_D.jpg" data-orig-size="599,337" data-comments-opened="1" data-image-meta="{&quot;aperture&quot;:&quot;0&quot;,&quot;credit&quot;:&quot;&quot;,&quot;camera&quot;:&quot;&quot;,&quot;caption&quot;:&quot;&quot;,&quot;created_timestamp&quot;:&quot;0&quot;,&quot;copyright&quot;:&quot;&quot;,&quot;focal_length&quot;:&quot;0&quot;,&quot;iso&quot;:&quot;0&quot;,&quot;shutter_speed&quot;:&quot;0&quot;,&quot;title&quot;:&quot;&quot;,&quot;orientation&quot;:&quot;0&quot;}" data-image-title="CDjOjavWIAAJq_D" data-image-description="" data-image-caption="" data-medium-file="http://yomeunoalretto.org/wp-content/uploads/2015/04/CDjOjavWIAAJq_D-250x141.jpg" data-large-file="http://yomeunoalretto.org/wp-content/uploads/2015/04/CDjOjavWIAAJq_D.jpg" decoding="async" loading="lazy" class="alignleft size-medium wp-image-2830" src="http://yomeunoalretto.org/wp-content/uploads/2015/04/CDjOjavWIAAJq_D-250x141.jpg" alt="CDjOjavWIAAJq_D" width="250" height="141" srcset="http://yomeunoalretto.org/wp-content/uploads/2015/04/CDjOjavWIAAJq_D-250x141.jpg 250w, http://yomeunoalretto.org/wp-content/uploads/2015/04/CDjOjavWIAAJq_D-216x122.jpg 216w, http://yomeunoalretto.org/wp-content/uploads/2015/04/CDjOjavWIAAJq_D.jpg 599w" sizes="(max-width: 250px) 100vw, 250px" />El pasado domingo 26 de abril <a href="http://www.diariodecadiz.es/article/cadiz/2016158/yo/me/uno/retto/se/sube/las/tablas/teatro/falla.html" target="_blank">Sara Baras se despidió de Cádiz con su espectáculo <i>Voces</i> y lo hizo de una manera muy especial: dando voz a la Asociación <i>Yo me uno al Retto, por la investigación del Síndrome de Rett</i>. </a></p>
<p>Desde nuestra asociación queremos agradecer una y mil veces la labor de difusión que esta gran familia está haciendo del conocimiento de esta extraña enfermedad.</p>
<p>De sobra es sabido que sois unos enormes artistas pero son detalles como estos los que os hacen grandes personas, y los que nos hacen estar por siempre agradecidos. Vuestros vecinos siempre estarnos esperándoos con los brazos abiertos.</p>
<p>&nbsp;</p>
<p>&nbsp;</p>
<div class="sharedaddy sd-sharing-enabled"><div class="robots-nocontent sd-block sd-social sd-social-icon sd-sharing"><h3 class="sd-title">Comparte esto:</h3><div class="sd-content"><ul><li class="share-facebook"><a rel="nofollow noopener noreferrer" data-shared="sharing-facebook-3159" class="share-facebook sd-button share-icon no-text" href="http://yomeunoalretto.org/?page_id=3159&amp;share=facebook" target="_blank" title="Haz clic para compartir en Facebook" ><span></span><span class="sharing-screen-reader-text">Haz clic para compartir en Facebook (Se abre en una ventana nueva)</span></a></li><li class="share-twitter"><a rel="nofollow noopener noreferrer" data-shared="sharing-twitter-3159" class="share-twitter sd-button share-icon no-text" href="http://yomeunoalretto.org/?page_id=3159&amp;share=twitter" target="_blank" title="Haz clic para compartir en Twitter" ><span></span><span class="sharing-screen-reader-text">Haz clic para compartir en Twitter (Se abre en una ventana nueva)</span></a></li><li class="share-print"><a rel="nofollow noopener noreferrer" data-shared="" class="share-print sd-button share-icon no-text" href="http://yomeunoalretto.org/?page_id=3159" target="_blank" title="Haz clic para imprimir" ><span></span><span class="sharing-screen-reader-text">Haz clic para imprimir (Se abre en una ventana nueva)</span></a></li><li class="share-email"><a rel="nofollow noopener noreferrer" data-shared="" class="share-email sd-button share-icon no-text" href="mailto:?subject=%5BEntrada%20compartida%5D%20Sara%20Baras%2C%20Jos%C3%A9%20Serrano%20%26%20Cia%20vs%20Rett&body=http%3A%2F%2Fyomeunoalretto.org%2F%3Fpage_id%3D3159&share=email" target="_blank" title="Haz clic para enviar un enlace por correo electrónico a un amigo" data-email-share-error-title="¿Tienes un correo electrónico configurado?" data-email-share-error-text="Si tienes problemas al compartir por correo electrónico, es posible que sea porque no tengas un correo electrónico configurado en tu navegador. Puede que tengas que crear un nuevo correo electrónico tú mismo." data-email-share-nonce="3f3a3373ce" data-email-share-track-url="http://yomeunoalretto.org/?page_id=3159&amp;share=email"><span></span><span class="sharing-screen-reader-text">Haz clic para enviar un enlace por correo electrónico a un amigo (Se abre en una ventana nueva)</span></a></li><li><a href="#" class="sharing-anchor sd-button share-more"><span>Más</span></a></li><li class="share-end"></li></ul><div class="sharing-hidden"><div class="inner" style="display: none;"><ul><li class="share-linkedin"><a rel="nofollow noopener noreferrer" data-shared="sharing-linkedin-3159" class="share-linkedin sd-button share-icon no-text" href="http://yomeunoalretto.org/?page_id=3159&amp;share=linkedin" target="_blank" title="Haz clic para compartir en LinkedIn" ><span></span><span class="sharing-screen-reader-text">Haz clic para compartir en LinkedIn (Se abre en una ventana nueva)</span></a></li><li class="share-tumblr"><a rel="nofollow noopener noreferrer" data-shared="" class="share-tumblr sd-button share-icon no-text" href="http://yomeunoalretto.org/?page_id=3159&amp;share=tumblr" target="_blank" title="Haz clic para compartir en Tumblr" ><span></span><span class="sharing-screen-reader-text">Haz clic para compartir en Tumblr (Se abre en una ventana nueva)</span></a></li><li class="share-end"></li><li class="share-reddit"><a rel="nofollow noopener noreferrer" data-shared="" class="share-reddit sd-button share-icon no-text" href="http://yomeunoalretto.org/?page_id=3159&amp;share=reddit" target="_blank" title="Haz clic para compartir en Reddit" ><span></span><span class="sharing-screen-reader-text">Haz clic para compartir en Reddit (Se abre en una ventana nueva)</span></a></li><li class="share-pocket"><a rel="nofollow noopener noreferrer" data-shared="" class="share-pocket sd-button share-icon no-text" href="http://yomeunoalretto.org/?page_id=3159&amp;share=pocket" target="_blank" title="Haz clic para compartir en Pocket" ><span></span><span class="sharing-screen-reader-text">Haz clic para compartir en Pocket (Se abre en una ventana nueva)</span></a></li><li class="share-end"></li><li class="share-pinterest"><a rel="nofollow noopener noreferrer" data-shared="sharing-pinterest-3159" class="share-pinterest sd-button share-icon no-text" href="http://yomeunoalretto.org/?page_id=3159&amp;share=pinterest" target="_blank" title="Haz clic para compartir en Pinterest" ><span></span><span class="sharing-screen-reader-text">Haz clic para compartir en Pinterest (Se abre en una ventana nueva)</span></a></li><li class="share-end"></li></ul></div></div></div></div></div>

<p>El pasado domingo 26 de abril Sara Baras se despidió de Cádiz con su espectáculo Voces y lo hizo de una manera muy especial: dando voz a la Asociación Yo me uno al Retto, por la investigación del Síndrome de Rett.  Desde nuestra asociación queremos agradecer una y mil veces la labor de difusión que esta gran familia está [&hellip;]</p>
<div class="sharedaddy sd-sharing-enabled"><div class="robots-nocontent sd-block sd-social sd-social-icon sd-sharing"><h3 class="sd-title">Comparte esto:</h3><div class="sd-content"><ul><li class="share-facebook"><a rel="nofollow noopener noreferrer" data-shared="sharing-facebook-3159" class="share-facebook sd-button share-icon no-text" href="http://yomeunoalretto.org/?page_id=3159&amp;share=facebook" target="_blank" title="Haz clic para compartir en Facebook" ><span></span><span class="sharing-screen-reader-text">Haz clic para compartir en Facebook (Se abre en una ventana nueva)</span></a></li><li class="share-twitter"><a rel="nofollow noopener noreferrer" data-shared="sharing-twitter-3159" class="share-twitter sd-button share-icon no-text" href="http://yomeunoalretto.org/?page_id=3159&amp;share=twitter" target="_blank" title="Haz clic para compartir en Twitter" ><span></span><span class="sharing-screen-reader-text">Haz clic para compartir en Twitter (Se abre en una ventana nueva)</span></a></li><li class="share-print"><a rel="nofollow noopener noreferrer" data-shared="" class="share-print sd-button share-icon no-text" href="http://yomeunoalretto.org/?page_id=3159" target="_blank" title="Haz clic para imprimir" ><span></span><span class="sharing-screen-reader-text">Haz clic para imprimir (Se abre en una ventana nueva)</span></a></li><li class="share-email"><a rel="nofollow noopener noreferrer" data-shared="" class="share-email sd-button share-icon no-text" href="mailto:?subject=%5BEntrada%20compartida%5D%20Sara%20Baras%2C%20Jos%C3%A9%20Serrano%20%26%20Cia%20vs%20Rett&body=http%3A%2F%2Fyomeunoalretto.org%2F%3Fpage_id%3D3159&share=email" target="_blank" title="Haz clic para enviar un enlace por correo electrónico a un amigo" data-email-share-error-title="¿Tienes un correo electrónico configurado?" data-email-share-error-text="Si tienes problemas al compartir por correo electrónico, es posible que sea porque no tengas un correo electrónico configurado en tu navegador. Puede que tengas que crear un nuevo correo electrónico tú mismo." data-email-share-nonce="3f3a3373ce" data-email-share-track-url="http://yomeunoalretto.org/?page_id=3159&amp;share=email"><span></span><span class="sharing-screen-reader-text">Haz clic para enviar un enlace por correo electrónico a un amigo (Se abre en una ventana nueva)</span></a></li><li><a href="#" class="sharing-anchor sd-button share-more"><span>Más</span></a></li><li class="share-end"></li></ul><div class="sharing-hidden"><div class="inner" style="display: none;"><ul><li class="share-linkedin"><a rel="nofollow noopener noreferrer" data-shared="sharing-linkedin-3159" class="share-linkedin sd-button share-icon no-text" href="http://yomeunoalretto.org/?page_id=3159&amp;share=linkedin" target="_blank" title="Haz clic para compartir en LinkedIn" ><span></span><span class="sharing-screen-reader-text">Haz clic para compartir en LinkedIn (Se abre en una ventana nueva)</span></a></li><li class="share-tumblr"><a rel="nofollow noopener noreferrer" data-shared="" class="share-tumblr sd-button share-icon no-text" href="http://yomeunoalretto.org/?page_id=3159&amp;share=tumblr" target="_blank" title="Haz clic para compartir en Tumblr" ><span></span><span class="sharing-screen-reader-text">Haz clic para compartir en Tumblr (Se abre en una ventana nueva)</span></a></li><li class="share-end"></li><li class="share-reddit"><a rel="nofollow noopener noreferrer" data-shared="" class="share-reddit sd-button share-icon no-text" href="http://yomeunoalretto.org/?page_id=3159&amp;share=reddit" target="_blank" title="Haz clic para compartir en Reddit" ><span></span><span class="sharing-screen-reader-text">Haz clic para compartir en Reddit (Se abre en una ventana nueva)</span></a></li><li class="share-pocket"><a rel="nofollow noopener noreferrer" data-shared="" class="share-pocket sd-button share-icon no-text" href="http://yomeunoalretto.org/?page_id=3159&amp;share=pocket" target="_blank" title="Haz clic para compartir en Pocket" ><span></span><span class="sharing-screen-reader-text">Haz clic para compartir en Pocket (Se abre en una ventana nueva)</span></a></li><li class="share-end"></li><li class="share-pinterest"><a rel="nofollow noopener noreferrer" data-shared="sharing-pinterest-3159" class="share-pinterest sd-button share-icon no-text" href="http://yomeunoalretto.org/?page_id=3159&amp;share=pinterest" target="_blank" title="Haz clic para compartir en Pinterest" ><span></span><span class="sharing-screen-reader-text">Haz clic para compartir en Pinterest (Se abre en una ventana nueva)</span></a></li><li class="share-end"></li></ul></div></div></div></div></div>
