{"id":22,"date":"2014-05-26T16:44:07","date_gmt":"2014-05-26T15:44:07","guid":{"rendered":"http:\/\/yomeunoalretto.org\/?page_id=22"},"modified":"2017-09-18T12:17:46","modified_gmt":"2017-09-18T11:17:46","slug":"galeria-de-productos-rett","status":"publish","type":"page","link":"http:\/\/yomeunoalretto.org\/?page_id=22","title":{"rendered":"Galer\u00eda de productos"},"content":{"rendered":"<h2>A continuaci\u00f3n una galer\u00eda con los productos que puedes adquirir de forma solidaria para contribuir con nuestra causa.<\/h2>\n<p>&nbsp;<\/p>\n<p class=\"jetpack-slideshow-noscript robots-nocontent\">El pase de diapositivas requiere JavaScript.<\/p><div id=\"gallery-22-1-slideshow\" class=\"jetpack-slideshow-window jetpack-slideshow jetpack-slideshow-black\" data-trans=\"fade\" data-autostart=\"1\" data-gallery=\"[{&quot;src&quot;:&quot;http:\\\/\\\/yomeunoalretto.org\\\/wp-content\\\/uploads\\\/2014\\\/05\\\/CAMISETA-FUCSIA-CHICA-1.jpg&quot;,&quot;id&quot;:&quot;29&quot;,&quot;title&quot;:&quot;CAMISETA FUCSIA CHICA (1)&quot;,&quot;alt&quot;:&quot;&quot;,&quot;caption&quot;:&quot;Camiseta Fucsia ni\\u00f1a\\\/mujer Donativo: 10 \\u20ac&quot;,&quot;itemprop&quot;:&quot;image&quot;},{&quot;src&quot;:&quot;http:\\\/\\\/yomeunoalretto.org\\\/wp-content\\\/uploads\\\/2014\\\/05\\\/CAMISETA-HOMBRE2-1.jpg&quot;,&quot;id&quot;:&quot;30&quot;,&quot;title&quot;:&quot;CAMISETA HOMBRE2 (1)&quot;,&quot;alt&quot;:&quot;&quot;,&quot;caption&quot;:&quot;Camiseta Rojo ni\\u00f1o\\\/hombre Donativo: 10 \\u20ac&quot;,&quot;itemprop&quot;:&quot;image&quot;},{&quot;src&quot;:&quot;http:\\\/\\\/yomeunoalretto.org\\\/wp-content\\\/uploads\\\/2014\\\/05\\\/CAMISETA-TURQUESA-CHICA.3.jpg&quot;,&quot;id&quot;:&quot;31&quot;,&quot;title&quot;:&quot;CAMISETA TURQUESA CHICA.3&quot;,&quot;alt&quot;:&quot;&quot;,&quot;caption&quot;:&quot;Camiseta Turquesa ni\\u00f1a\\\/mujer Donativo: 10 \\u20ac&quot;,&quot;itemprop&quot;:&quot;image&quot;},{&quot;src&quot;:&quot;http:\\\/\\\/yomeunoalretto.org\\\/wp-content\\\/uploads\\\/2014\\\/05\\\/CAMISETAS-CHICA.2.jpg&quot;,&quot;id&quot;:&quot;32&quot;,&quot;title&quot;:&quot;CAMISETAS CHICA.2&quot;,&quot;alt&quot;:&quot;&quot;,&quot;caption&quot;:&quot;Camisetas ni\\u00f1a \\\/ mujer Donativo : 10 \\u20ac&quot;,&quot;itemprop&quot;:&quot;image&quot;},{&quot;src&quot;:&quot;http:\\\/\\\/yomeunoalretto.org\\\/wp-content\\\/uploads\\\/2014\\\/05\\\/CAMISETAS-CHICO-DENIM.jpg&quot;,&quot;id&quot;:&quot;33&quot;,&quot;title&quot;:&quot;CAMISETAS CHICO DENIM&quot;,&quot;alt&quot;:&quot;&quot;,&quot;caption&quot;:&quot;Camiseta Azul ni\\u00f1o\\\/hombre Donativo: 10 \\u20ac&quot;,&quot;itemprop&quot;:&quot;image&quot;},{&quot;src&quot;:&quot;http:\\\/\\\/yomeunoalretto.org\\\/wp-content\\\/uploads\\\/2014\\\/05\\\/CAMISETAS-CHICO2.jpg&quot;,&quot;id&quot;:&quot;34&quot;,&quot;title&quot;:&quot;CAMISETAS CHICO2&quot;,&quot;alt&quot;:&quot;&quot;,&quot;caption&quot;:&quot;Camisetas ni\\u00f1o \\\/ hombre Donativo : 10 \\u20ac&quot;,&quot;itemprop&quot;:&quot;image&quot;},{&quot;src&quot;:&quot;http:\\\/\\\/yomeunoalretto.org\\\/wp-content\\\/uploads\\\/2016\\\/04\\\/FullSizeRender.jpg&quot;,&quot;id&quot;:&quot;4350&quot;,&quot;title&quot;:&quot;FullSizeRender&quot;,&quot;alt&quot;:&quot;&quot;,&quot;caption&quot;:&quot;Camisetas Tecnicas Donativo : 12 \\u20ac&quot;,&quot;itemprop&quot;:&quot;image&quot;},{&quot;src&quot;:&quot;http:\\\/\\\/yomeunoalretto.org\\\/wp-content\\\/uploads\\\/2014\\\/05\\\/IMG_8479.jpg&quot;,&quot;id&quot;:&quot;458&quot;,&quot;title&quot;:&quot;IMG_8479&quot;,&quot;alt&quot;:&quot;&quot;,&quot;caption&quot;:&quot;Cadena-Chupete Donativo : 15 \\u20ac&quot;,&quot;itemprop&quot;:&quot;image&quot;},{&quot;src&quot;:&quot;http:\\\/\\\/yomeunoalretto.org\\\/wp-content\\\/uploads\\\/2014\\\/05\\\/IMG_8491.jpg&quot;,&quot;id&quot;:&quot;470&quot;,&quot;title&quot;:&quot;IMG_8491&quot;,&quot;alt&quot;:&quot;&quot;,&quot;caption&quot;:&quot;Mu\\u00f1eca Sirena (6) Donativo : 15 \\u20ac&quot;,&quot;itemprop&quot;:&quot;image&quot;},{&quot;src&quot;:&quot;http:\\\/\\\/yomeunoalretto.org\\\/wp-content\\\/uploads\\\/2014\\\/05\\\/IMG_8481.jpg&quot;,&quot;id&quot;:&quot;460&quot;,&quot;title&quot;:&quot;IMG_8481&quot;,&quot;alt&quot;:&quot;&quot;,&quot;caption&quot;:&quot;Mu\\u00f1eca Sirena (1) Donativo : 15 \\u20ac&quot;,&quot;itemprop&quot;:&quot;image&quot;},{&quot;src&quot;:&quot;http:\\\/\\\/yomeunoalretto.org\\\/wp-content\\\/uploads\\\/2014\\\/05\\\/IMG_8492.jpg&quot;,&quot;id&quot;:&quot;471&quot;,&quot;title&quot;:&quot;IMG_8492&quot;,&quot;alt&quot;:&quot;&quot;,&quot;caption&quot;:&quot;Mu\\u00f1eca Sirena (7) Donativo : 15 \\u20ac&quot;,&quot;itemprop&quot;:&quot;image&quot;},{&quot;src&quot;:&quot;http:\\\/\\\/yomeunoalretto.org\\\/wp-content\\\/uploads\\\/2015\\\/01\\\/9814_10204142963469227_3272548365806394462_n1.jpg&quot;,&quot;id&quot;:&quot;1367&quot;,&quot;title&quot;:&quot;9814_10204142963469227_3272548365806394462_n&quot;,&quot;alt&quot;:&quot;&quot;,&quot;caption&quot;:&quot;Chapas Donativo: 1 \\u20ac&quot;,&quot;itemprop&quot;:&quot;image&quot;},{&quot;src&quot;:&quot;http:\\\/\\\/yomeunoalretto.org\\\/wp-content\\\/uploads\\\/2016\\\/01\\\/PULSERA-VERDE.jpg&quot;,&quot;id&quot;:&quot;3651&quot;,&quot;title&quot;:&quot;PULSERA VERDE&quot;,&quot;alt&quot;:&quot;&quot;,&quot;caption&quot;:&quot;Pulseras Silicona Verde Donativo : 2 \\u20ac&quot;,&quot;itemprop&quot;:&quot;image&quot;},{&quot;src&quot;:&quot;http:\\\/\\\/yomeunoalretto.org\\\/wp-content\\\/uploads\\\/2016\\\/01\\\/PULSERA-ROJA.jpg&quot;,&quot;id&quot;:&quot;3645&quot;,&quot;title&quot;:&quot;PULSERA ROJA&quot;,&quot;alt&quot;:&quot;&quot;,&quot;caption&quot;:&quot;Pulseras Silicona Roja Donativo : 2 \\u20ac&quot;,&quot;itemprop&quot;:&quot;image&quot;},{&quot;src&quot;:&quot;http:\\\/\\\/yomeunoalretto.org\\\/wp-content\\\/uploads\\\/2016\\\/01\\\/PULSERA-AZUL.jpg&quot;,&quot;id&quot;:&quot;3650&quot;,&quot;title&quot;:&quot;PULSERA AZUL&quot;,&quot;alt&quot;:&quot;&quot;,&quot;caption&quot;:&quot;Pulseras Silicona Azul Donativo : 2 \\u20ac&quot;,&quot;itemprop&quot;:&quot;image&quot;},{&quot;src&quot;:&quot;http:\\\/\\\/yomeunoalretto.org\\\/wp-content\\\/uploads\\\/2016\\\/01\\\/PULSERA-VERDE-MAR.jpg&quot;,&quot;id&quot;:&quot;3649&quot;,&quot;title&quot;:&quot;PULSERA VERDE MAR&quot;,&quot;alt&quot;:&quot;&quot;,&quot;caption&quot;:&quot;Pulseras Silicona Verde Mar Donativo : 2 \\u20ac&quot;,&quot;itemprop&quot;:&quot;image&quot;},{&quot;src&quot;:&quot;http:\\\/\\\/yomeunoalretto.org\\\/wp-content\\\/uploads\\\/2016\\\/01\\\/PULSERA-ROSA.jpg&quot;,&quot;id&quot;:&quot;3648&quot;,&quot;title&quot;:&quot;PULSERA ROSA&quot;,&quot;alt&quot;:&quot;&quot;,&quot;caption&quot;:&quot;Pulseras Silicona Rosa Donativo : 2 \\u20ac&quot;,&quot;itemprop&quot;:&quot;image&quot;},{&quot;src&quot;:&quot;http:\\\/\\\/yomeunoalretto.org\\\/wp-content\\\/uploads\\\/2016\\\/01\\\/PULSERA-LILA.jpg&quot;,&quot;id&quot;:&quot;3647&quot;,&quot;title&quot;:&quot;PULSERA LILA&quot;,&quot;alt&quot;:&quot;&quot;,&quot;caption&quot;:&quot;Pulseras Silicona Malva Donativo : 2 \\u20ac&quot;,&quot;itemprop&quot;:&quot;image&quot;},{&quot;src&quot;:&quot;http:\\\/\\\/yomeunoalretto.org\\\/wp-content\\\/uploads\\\/2016\\\/01\\\/PEGATINAS.jpg&quot;,&quot;id&quot;:&quot;3646&quot;,&quot;title&quot;:&quot;PEGATINAS&quot;,&quot;alt&quot;:&quot;&quot;,&quot;caption&quot;:&quot;Pegatinas Donativo : 1 \\u20ac&quot;,&quot;itemprop&quot;:&quot;image&quot;},{&quot;src&quot;:&quot;http:\\\/\\\/yomeunoalretto.org\\\/wp-content\\\/uploads\\\/2016\\\/02\\\/IMG_6149.jpg&quot;,&quot;id&quot;:&quot;3745&quot;,&quot;title&quot;:&quot;IMG_6149&quot;,&quot;alt&quot;:&quot;&quot;,&quot;caption&quot;:&quot;Bufanda Tubular Donativo : 5 \\u20ac&quot;,&quot;itemprop&quot;:&quot;image&quot;},{&quot;src&quot;:&quot;http:\\\/\\\/yomeunoalretto.org\\\/wp-content\\\/uploads\\\/2014\\\/05\\\/IMG_6021.jpg&quot;,&quot;id&quot;:&quot;4744&quot;,&quot;title&quot;:&quot;IMG_6021&quot;,&quot;alt&quot;:&quot;&quot;,&quot;caption&quot;:&quot;Visera Donativo : 5 \\u20ac&quot;,&quot;itemprop&quot;:&quot;image&quot;}]\" itemscope itemtype=\"https:\/\/schema.org\/ImageGallery\"><\/div>\n<p>&nbsp;<\/p>\n<p>Estamos cambiando los art\u00edculos del la tienda solidaria, hay casi de todo pero casi mejor antes de hacer el pago del art\u00edculo consultamos a trav\u00e9s de un mensaje por la web o de un mail a <strong>info@yomeunoalretto.org<\/strong>.<\/p>\n<p>Gracias y disculpad las molestias.<\/p>\n<p>Si deseas adquirir cualquiera de nuestros art\u00edculos es sencillo:<\/p>\n<p>1. Elige el \/ los articulo \/os que deseas adquirir, muy importante identificarlos con su nombre y el importe del donativo. Y esperemos comprendas que no siempre tenemos los mismos art\u00edculos con los mismos colores de esta galer\u00eda, <strong>las fotos de los art\u00edculos artesanales son solo a modo ilustrativo.<\/strong><\/p>\n<p>2. Hacer una donaci\u00f3n por el total del importe a traves de nuestra cuenta en Paypal o bien hacernos una transferencia a nuestra cuenta en la Caixa <strong>ES87 0133 8694 2342 0000 1836<\/strong>\u00a0poniendo en el detalle de la misma tu nombre direcci\u00f3n y los art\u00edculos solidarios elegidos y mandarnos por e mail a <strong>info@yomeunoalretto.org<\/strong> los datos de la transferencia para poder localizarte.<\/p>\n<form action=\"https:\/\/www.paypal.com\/cgi-bin\/webscr\" method=\"post\" target=\"_top\"><input name=\"cmd\" type=\"hidden\" value=\"_s-xclick\" \/><br \/>\n<input name=\"hosted_button_id\" type=\"hidden\" value=\"NQNEQYT88B95N\" \/><br \/>\n<input alt=\"PayPal. La forma r\u00e1pida y segura de pagar en Internet.\" name=\"submit\" src=\"https:\/\/www.paypalobjects.com\/es_ES\/ES\/i\/btn\/btn_donateCC_LG.gif\" type=\"image\" \/><\/form>\n<p>&nbsp;<\/p>\n<p>Al total del importe de los art\u00edculos debes de a\u00f1adir los gastos de env\u00edo <strong>(7,00 \u20ac) <\/strong><em>o bien si vives en C\u00e1diz mandanos un mail y vemos como nos podemos poner en contacto y te ahorras la mensajer\u00eda. <\/em><\/p>\n<p>3. Especif\u00edcanos a traves de la cuenta de Paypal o en nuestro correo electr\u00f3nico info@yomeunoalretto.org la direcci\u00f3n de env\u00edo, y cualesquiera otras rese\u00f1as que nos quieras facilitar, como por ejemplo las tallas.<\/p>\n<p>4. En una semana tendr\u00e1s el pedido en tu casa, agradecemos tu paciencia, pero debes de comprender que la mayor\u00eda de los art\u00edculos son artesanales y confeccionados para ti, por eso debes de esperar alg\u00fan tiempo.<\/p>\n<p>(Importante: d\u00e9janos t\u00fa n\u00famero de tel\u00e9fono movil para que te pueda localizar la empresa de paqueteria en caso de que no estes en tu domicilio cuando pasen a dej\u00e1rtelo)<\/p>\n<p>Muchas gracias, entre todos \/ as, el Retto cada d\u00eda es m\u00e1s posible.<\/p>\n<div class=\"sharedaddy sd-sharing-enabled\"><div class=\"robots-nocontent sd-block sd-social sd-social-icon sd-sharing\"><h3 class=\"sd-title\">Comparte esto:<\/h3><div class=\"sd-content\"><ul><li class=\"share-facebook\"><a rel=\"nofollow noopener noreferrer\" data-shared=\"sharing-facebook-22\" class=\"share-facebook sd-button share-icon no-text\" href=\"http:\/\/yomeunoalretto.org\/?page_id=22&amp;share=facebook\" target=\"_blank\" title=\"Haz clic para compartir en Facebook\" ><span><\/span><span class=\"sharing-screen-reader-text\">Haz clic para compartir en Facebook (Se abre en una ventana nueva)<\/span><\/a><\/li><li class=\"share-twitter\"><a rel=\"nofollow noopener noreferrer\" data-shared=\"sharing-twitter-22\" class=\"share-twitter sd-button share-icon no-text\" href=\"http:\/\/yomeunoalretto.org\/?page_id=22&amp;share=twitter\" target=\"_blank\" title=\"Haz clic para compartir en Twitter\" ><span><\/span><span class=\"sharing-screen-reader-text\">Haz clic para compartir en Twitter (Se abre en una ventana nueva)<\/span><\/a><\/li><li class=\"share-print\"><a rel=\"nofollow noopener noreferrer\" data-shared=\"\" class=\"share-print sd-button share-icon no-text\" href=\"http:\/\/yomeunoalretto.org\/?page_id=22\" target=\"_blank\" title=\"Haz clic para imprimir\" ><span><\/span><span class=\"sharing-screen-reader-text\">Haz clic para imprimir (Se abre en una ventana nueva)<\/span><\/a><\/li><li class=\"share-email\"><a rel=\"nofollow noopener noreferrer\" data-shared=\"\" class=\"share-email sd-button share-icon no-text\" href=\"mailto:?subject=%5BEntrada%20compartida%5D%20Galer%C3%ADa%20de%20productos&body=http%3A%2F%2Fyomeunoalretto.org%2F%3Fpage_id%3D22&share=email\" target=\"_blank\" title=\"Haz clic para enviar un enlace por correo electr\u00f3nico a un amigo\" data-email-share-error-title=\"\u00bfTienes un correo electr\u00f3nico configurado?\" data-email-share-error-text=\"Si tienes problemas al compartir por correo electr\u00f3nico, es posible que sea porque no tengas un correo electr\u00f3nico configurado en tu navegador. Puede que tengas que crear un nuevo correo electr\u00f3nico t\u00fa mismo.\" data-email-share-nonce=\"4bd40b8f09\" data-email-share-track-url=\"http:\/\/yomeunoalretto.org\/?page_id=22&amp;share=email\"><span><\/span><span class=\"sharing-screen-reader-text\">Haz clic para enviar un enlace por correo electr\u00f3nico a un amigo (Se abre en una ventana nueva)<\/span><\/a><\/li><li><a href=\"#\" class=\"sharing-anchor sd-button share-more\"><span>M\u00e1s<\/span><\/a><\/li><li class=\"share-end\"><\/li><\/ul><div class=\"sharing-hidden\"><div class=\"inner\" style=\"display: none;\"><ul><li class=\"share-linkedin\"><a rel=\"nofollow noopener noreferrer\" data-shared=\"sharing-linkedin-22\" class=\"share-linkedin sd-button share-icon no-text\" href=\"http:\/\/yomeunoalretto.org\/?page_id=22&amp;share=linkedin\" target=\"_blank\" title=\"Haz clic para compartir en LinkedIn\" ><span><\/span><span class=\"sharing-screen-reader-text\">Haz clic para compartir en LinkedIn (Se abre en una ventana nueva)<\/span><\/a><\/li><li class=\"share-tumblr\"><a rel=\"nofollow noopener noreferrer\" data-shared=\"\" class=\"share-tumblr sd-button share-icon no-text\" href=\"http:\/\/yomeunoalretto.org\/?page_id=22&amp;share=tumblr\" target=\"_blank\" title=\"Haz clic para compartir en Tumblr\" ><span><\/span><span class=\"sharing-screen-reader-text\">Haz clic para compartir en Tumblr (Se abre en una ventana nueva)<\/span><\/a><\/li><li class=\"share-end\"><\/li><li class=\"share-reddit\"><a rel=\"nofollow noopener noreferrer\" data-shared=\"\" class=\"share-reddit sd-button share-icon no-text\" href=\"http:\/\/yomeunoalretto.org\/?page_id=22&amp;share=reddit\" target=\"_blank\" title=\"Haz clic para compartir en Reddit\" ><span><\/span><span class=\"sharing-screen-reader-text\">Haz clic para compartir en Reddit (Se abre en una ventana nueva)<\/span><\/a><\/li><li class=\"share-pocket\"><a rel=\"nofollow noopener noreferrer\" data-shared=\"\" class=\"share-pocket sd-button share-icon no-text\" href=\"http:\/\/yomeunoalretto.org\/?page_id=22&amp;share=pocket\" target=\"_blank\" title=\"Haz clic para compartir en Pocket\" ><span><\/span><span class=\"sharing-screen-reader-text\">Haz clic para compartir en Pocket (Se abre en una ventana nueva)<\/span><\/a><\/li><li class=\"share-end\"><\/li><li class=\"share-pinterest\"><a rel=\"nofollow noopener noreferrer\" data-shared=\"sharing-pinterest-22\" class=\"share-pinterest sd-button share-icon no-text\" href=\"http:\/\/yomeunoalretto.org\/?page_id=22&amp;share=pinterest\" target=\"_blank\" title=\"Haz clic para compartir en Pinterest\" ><span><\/span><span class=\"sharing-screen-reader-text\">Haz clic para compartir en Pinterest (Se abre en una ventana nueva)<\/span><\/a><\/li><li class=\"share-end\"><\/li><\/ul><\/div><\/div><\/div><\/div><\/div>","protected":false},"excerpt":{"rendered":"<p>A continuaci\u00f3n una galer\u00eda con los productos que puedes adquirir de forma solidaria para contribuir con nuestra causa. &nbsp; &nbsp; Estamos cambiando los art\u00edculos del la tienda solidaria, hay casi de todo pero casi mejor antes de hacer el pago del art\u00edculo consultamos a trav\u00e9s de un mensaje por la web o de un mail [&hellip;]<\/p>\n<div class=\"sharedaddy sd-sharing-enabled\"><div class=\"robots-nocontent sd-block sd-social sd-social-icon sd-sharing\"><h3 class=\"sd-title\">Comparte esto:<\/h3><div class=\"sd-content\"><ul><li class=\"share-facebook\"><a rel=\"nofollow noopener noreferrer\" data-shared=\"sharing-facebook-22\" class=\"share-facebook sd-button share-icon no-text\" href=\"http:\/\/yomeunoalretto.org\/?page_id=22&amp;share=facebook\" target=\"_blank\" title=\"Haz clic para compartir en Facebook\" ><span><\/span><span class=\"sharing-screen-reader-text\">Haz clic para compartir en Facebook (Se abre en una ventana nueva)<\/span><\/a><\/li><li class=\"share-twitter\"><a rel=\"nofollow noopener noreferrer\" data-shared=\"sharing-twitter-22\" class=\"share-twitter sd-button share-icon no-text\" href=\"http:\/\/yomeunoalretto.org\/?page_id=22&amp;share=twitter\" target=\"_blank\" title=\"Haz clic para compartir en Twitter\" ><span><\/span><span class=\"sharing-screen-reader-text\">Haz clic para compartir en Twitter (Se abre en una ventana nueva)<\/span><\/a><\/li><li class=\"share-print\"><a rel=\"nofollow noopener noreferrer\" data-shared=\"\" class=\"share-print sd-button share-icon no-text\" href=\"http:\/\/yomeunoalretto.org\/?page_id=22\" target=\"_blank\" title=\"Haz clic para imprimir\" ><span><\/span><span class=\"sharing-screen-reader-text\">Haz clic para imprimir (Se abre en una ventana nueva)<\/span><\/a><\/li><li class=\"share-email\"><a rel=\"nofollow noopener noreferrer\" data-shared=\"\" class=\"share-email sd-button share-icon no-text\" href=\"mailto:?subject=%5BEntrada%20compartida%5D%20Galer%C3%ADa%20de%20productos&body=http%3A%2F%2Fyomeunoalretto.org%2F%3Fpage_id%3D22&share=email\" target=\"_blank\" title=\"Haz clic para enviar un enlace por correo electr\u00f3nico a un amigo\" data-email-share-error-title=\"\u00bfTienes un correo electr\u00f3nico configurado?\" data-email-share-error-text=\"Si tienes problemas al compartir por correo electr\u00f3nico, es posible que sea porque no tengas un correo electr\u00f3nico configurado en tu navegador. Puede que tengas que crear un nuevo correo electr\u00f3nico t\u00fa mismo.\" data-email-share-nonce=\"4bd40b8f09\" data-email-share-track-url=\"http:\/\/yomeunoalretto.org\/?page_id=22&amp;share=email\"><span><\/span><span class=\"sharing-screen-reader-text\">Haz clic para enviar un enlace por correo electr\u00f3nico a un amigo (Se abre en una ventana nueva)<\/span><\/a><\/li><li><a href=\"#\" class=\"sharing-anchor sd-button share-more\"><span>M\u00e1s<\/span><\/a><\/li><li class=\"share-end\"><\/li><\/ul><div class=\"sharing-hidden\"><div class=\"inner\" style=\"display: none;\"><ul><li class=\"share-linkedin\"><a rel=\"nofollow noopener noreferrer\" data-shared=\"sharing-linkedin-22\" class=\"share-linkedin sd-button share-icon no-text\" href=\"http:\/\/yomeunoalretto.org\/?page_id=22&amp;share=linkedin\" target=\"_blank\" title=\"Haz clic para compartir en LinkedIn\" ><span><\/span><span class=\"sharing-screen-reader-text\">Haz clic para compartir en LinkedIn (Se abre en una ventana nueva)<\/span><\/a><\/li><li class=\"share-tumblr\"><a rel=\"nofollow noopener noreferrer\" data-shared=\"\" class=\"share-tumblr sd-button share-icon no-text\" href=\"http:\/\/yomeunoalretto.org\/?page_id=22&amp;share=tumblr\" target=\"_blank\" title=\"Haz clic para compartir en Tumblr\" ><span><\/span><span class=\"sharing-screen-reader-text\">Haz clic para compartir en Tumblr (Se abre en una ventana nueva)<\/span><\/a><\/li><li class=\"share-end\"><\/li><li class=\"share-reddit\"><a rel=\"nofollow noopener noreferrer\" data-shared=\"\" class=\"share-reddit sd-button share-icon no-text\" href=\"http:\/\/yomeunoalretto.org\/?page_id=22&amp;share=reddit\" target=\"_blank\" title=\"Haz clic para compartir en Reddit\" ><span><\/span><span class=\"sharing-screen-reader-text\">Haz clic para compartir en Reddit (Se abre en una ventana nueva)<\/span><\/a><\/li><li class=\"share-pocket\"><a rel=\"nofollow noopener noreferrer\" data-shared=\"\" class=\"share-pocket sd-button share-icon no-text\" href=\"http:\/\/yomeunoalretto.org\/?page_id=22&amp;share=pocket\" target=\"_blank\" title=\"Haz clic para compartir en Pocket\" ><span><\/span><span class=\"sharing-screen-reader-text\">Haz clic para compartir en Pocket (Se abre en una ventana nueva)<\/span><\/a><\/li><li class=\"share-end\"><\/li><li class=\"share-pinterest\"><a rel=\"nofollow noopener noreferrer\" data-shared=\"sharing-pinterest-22\" class=\"share-pinterest sd-button share-icon no-text\" href=\"http:\/\/yomeunoalretto.org\/?page_id=22&amp;share=pinterest\" target=\"_blank\" title=\"Haz clic para compartir en Pinterest\" ><span><\/span><span class=\"sharing-screen-reader-text\">Haz clic para compartir en Pinterest (Se abre en una ventana nueva)<\/span><\/a><\/li><li class=\"share-end\"><\/li><\/ul><\/div><\/div><\/div><\/div><\/div>","protected":false},"author":1,"featured_media":0,"parent":0,"menu_order":3,"comment_status":"open","ping_status":"open","template":"","meta":[],"jetpack_shortlink":"https:\/\/wp.me\/P4JzDn-m","jetpack_sharing_enabled":true,"_links":{"self":[{"href":"http:\/\/yomeunoalretto.org\/index.php?rest_route=\/wp\/v2\/pages\/22"}],"collection":[{"href":"http:\/\/yomeunoalretto.org\/index.php?rest_route=\/wp\/v2\/pages"}],"about":[{"href":"http:\/\/yomeunoalretto.org\/index.php?rest_route=\/wp\/v2\/types\/page"}],"author":[{"embeddable":true,"href":"http:\/\/yomeunoalretto.org\/index.php?rest_route=\/wp\/v2\/users\/1"}],"replies":[{"embeddable":true,"href":"http:\/\/yomeunoalretto.org\/index.php?rest_route=%2Fwp%2Fv2%2Fcomments&post=22"}],"version-history":[{"count":48,"href":"http:\/\/yomeunoalretto.org\/index.php?rest_route=\/wp\/v2\/pages\/22\/revisions"}],"predecessor-version":[{"id":4745,"href":"http:\/\/yomeunoalretto.org\/index.php?rest_route=\/wp\/v2\/pages\/22\/revisions\/4745"}],"wp:attachment":[{"href":"http:\/\/yomeunoalretto.org\/index.php?rest_route=%2Fwp%2Fv2%2Fmedia&parent=22"}],"curies":[{"name":"wp","href":"https:\/\/api.w.org\/{rel}","templated":true}]}}