{"id":1881,"date":"2015-02-16T23:49:52","date_gmt":"2015-02-16T22:49:52","guid":{"rendered":"http:\/\/yomeunoalretto.org\/?page_id=1881"},"modified":"2015-02-17T07:51:44","modified_gmt":"2015-02-17T06:51:44","slug":"un-nueva-donacion-de-2000-e-de-dragados-offshore","status":"publish","type":"page","link":"http:\/\/yomeunoalretto.org\/?page_id=1881","title":{"rendered":"Un nueva donaci\u00f3n de 2000 \u20ac de Dragados\u00a0Offshore."},"content":{"rendered":"<p>El pasado 29 de enero la empresa Dragados Offshore ha vuelto a depositar su confianza en nuestra labor, y nos ha vuelto\u00a0a\u00a0hacer una donaci\u00f3n de 2.000 \u20ac a trav\u00e9s de los premios de seguridad con los que reconoce la labor de sus empleados en materia de seguridad e higiene en el trabajo.<\/p>\n<div id=\"attachment_1880\" style=\"width: 651px\" class=\"wp-caption aligncenter\"><img aria-describedby=\"caption-attachment-1880\" data-attachment-id=\"1880\" data-permalink=\"http:\/\/yomeunoalretto.org\/?attachment_id=1880\" data-orig-file=\"http:\/\/yomeunoalretto.org\/wp-content\/uploads\/2015\/02\/A\u00c9REA-VEGA-01-recortada.jpg\" data-orig-size=\"2906,1855\" data-comments-opened=\"1\" data-image-meta=\"{&quot;aperture&quot;:&quot;10&quot;,&quot;credit&quot;:&quot;&quot;,&quot;camera&quot;:&quot;Canon EOS 550D&quot;,&quot;caption&quot;:&quot;&quot;,&quot;created_timestamp&quot;:&quot;1415019185&quot;,&quot;copyright&quot;:&quot;&quot;,&quot;focal_length&quot;:&quot;49&quot;,&quot;iso&quot;:&quot;100&quot;,&quot;shutter_speed&quot;:&quot;0.004&quot;,&quot;title&quot;:&quot;&quot;,&quot;orientation&quot;:&quot;1&quot;}\" data-image-title=\"A\u00c9REA VEGA 01-recortada\" data-image-description=\"\" data-image-caption=\"&lt;p&gt;\u00a0\u00a9Imagen cortes\u00eda de Dragados Offshore S.A.&lt;\/p&gt;\n\" data-medium-file=\"http:\/\/yomeunoalretto.org\/wp-content\/uploads\/2015\/02\/A\u00c9REA-VEGA-01-recortada-250x160.jpg\" data-large-file=\"http:\/\/yomeunoalretto.org\/wp-content\/uploads\/2015\/02\/A\u00c9REA-VEGA-01-recortada-1024x654.jpg\" decoding=\"async\" loading=\"lazy\" class=\"wp-image-1880 \" src=\"http:\/\/yomeunoalretto.org\/wp-content\/uploads\/2015\/02\/A\u00c9REA-VEGA-01-recortada.jpg\" alt=\"\u00a0\u00a9Imagen cortes\u00eda de Dragados Offshore S.A.\" width=\"641\" height=\"409\" srcset=\"http:\/\/yomeunoalretto.org\/wp-content\/uploads\/2015\/02\/A\u00c9REA-VEGA-01-recortada.jpg 2906w, http:\/\/yomeunoalretto.org\/wp-content\/uploads\/2015\/02\/A\u00c9REA-VEGA-01-recortada-250x160.jpg 250w, http:\/\/yomeunoalretto.org\/wp-content\/uploads\/2015\/02\/A\u00c9REA-VEGA-01-recortada-1024x654.jpg 1024w, http:\/\/yomeunoalretto.org\/wp-content\/uploads\/2015\/02\/A\u00c9REA-VEGA-01-recortada-216x138.jpg 216w\" sizes=\"(max-width: 641px) 100vw, 641px\" \/><p id=\"caption-attachment-1880\" class=\"wp-caption-text\">\u00a9Imagen cortes\u00eda de Dragados Offshore S.A.<\/p><\/div>\n<p>Recordar que esta empresa, l\u00edder en proyectos de plataformas offshore y m\u00f3dulos para el sector\u00a0del\u00a0Oil &amp; Gas, ya realiz\u00f3 a nuestra asociaci\u00f3n la donaci\u00f3n del premio trimestral del mes de diciembre en otro de sus proyectos y ahora repite de nuevo a trav\u00e9s del proyecto <span style=\"color: #003366;\"><em><strong><a style=\"color: #003366;\" href=\"http:\/\/www.dragadosoffshore.com\" target=\"_blank\">Vega Pleyade<\/a>\u00a0<\/strong><\/em><\/span>\u00a0propiedad de la empresa <strong><em><span style=\"color: #003366;\"><a style=\"color: #003366;\" href=\"http:\/\/www.total.com\/en\/energies-expertise\/oil-gas\/exploration-production\/projects-achievements\/other-projects\/vega-pleyade-project-argentina\" target=\"_blank\">TOTAL AUSTRAL <\/a><\/span><\/em><\/strong>a la que tambi\u00e9n agradecemos esta aportaci\u00f3n.<\/p>\n<p>Este premio, dotado con la m\u00e1s que generosa cantidad de 2.000 euros, lo hemos destinado por nuestra parte al Hospital San Juan de Dios de Esplugues de Llobregat en Barcelona, para que el equipo m\u00e9dico dirigido y coordinado por las doctoras Mercedes Pineda y Judith Amstrong puedan continuar investigando en la mejora, y quien sabe si una cura, para las 3.000 afectadas por el S\u00edndrome de Rett en Espa\u00f1a.<\/p>\n<p>Es para estas 3.000 familias espa\u00f1olas de nuevo una aportaci\u00f3n mucho m\u00e1s que generosa, tanto por la cuant\u00eda de la misma como por la preocupaci\u00f3n mostrada de nuevo por la empresa y empleados, que nos han prestado todo su inter\u00e9s y apoyo en todas las ocasiones en que hemos sido atendidos por ellos.<\/p>\n<p>Tan solo nos queda agradecer de nuevo tanto a la empresa como al gran equipo humano que la compone la aportaci\u00f3n econ\u00f3mica recibida, como tambi\u00e9n nos gustar\u00eda felicitar a la empresa por mantener este tipo de iniciativas que consideramos son un gran ejemplo para nuestro entorno.<\/p>\n<p>Gracias de nuevo de todo coraz\u00f3n.<\/p>\n<div class=\"sharedaddy sd-sharing-enabled\"><div class=\"robots-nocontent sd-block sd-social sd-social-icon sd-sharing\"><h3 class=\"sd-title\">Comparte esto:<\/h3><div class=\"sd-content\"><ul><li class=\"share-facebook\"><a rel=\"nofollow noopener noreferrer\" data-shared=\"sharing-facebook-1881\" class=\"share-facebook sd-button share-icon no-text\" href=\"http:\/\/yomeunoalretto.org\/?page_id=1881&amp;share=facebook\" target=\"_blank\" title=\"Haz clic para compartir en Facebook\" ><span><\/span><span class=\"sharing-screen-reader-text\">Haz clic para compartir en Facebook (Se abre en una ventana nueva)<\/span><\/a><\/li><li class=\"share-twitter\"><a rel=\"nofollow noopener noreferrer\" data-shared=\"sharing-twitter-1881\" class=\"share-twitter sd-button share-icon no-text\" href=\"http:\/\/yomeunoalretto.org\/?page_id=1881&amp;share=twitter\" target=\"_blank\" title=\"Haz clic para compartir en Twitter\" ><span><\/span><span class=\"sharing-screen-reader-text\">Haz clic para compartir en Twitter (Se abre en una ventana nueva)<\/span><\/a><\/li><li class=\"share-print\"><a rel=\"nofollow noopener noreferrer\" data-shared=\"\" class=\"share-print sd-button share-icon no-text\" href=\"http:\/\/yomeunoalretto.org\/?page_id=1881\" target=\"_blank\" title=\"Haz clic para imprimir\" ><span><\/span><span class=\"sharing-screen-reader-text\">Haz clic para imprimir (Se abre en una ventana nueva)<\/span><\/a><\/li><li class=\"share-email\"><a rel=\"nofollow noopener noreferrer\" data-shared=\"\" class=\"share-email sd-button share-icon no-text\" href=\"mailto:?subject=%5BEntrada%20compartida%5D%20Un%20nueva%20donaci%C3%B3n%20de%202000%20%E2%82%AC%20de%20Dragados%C2%A0Offshore.&body=http%3A%2F%2Fyomeunoalretto.org%2F%3Fpage_id%3D1881&share=email\" target=\"_blank\" title=\"Haz clic para enviar un enlace por correo electr\u00f3nico a un amigo\" data-email-share-error-title=\"\u00bfTienes un correo electr\u00f3nico configurado?\" data-email-share-error-text=\"Si tienes problemas al compartir por correo electr\u00f3nico, es posible que sea porque no tengas un correo electr\u00f3nico configurado en tu navegador. Puede que tengas que crear un nuevo correo electr\u00f3nico t\u00fa mismo.\" data-email-share-nonce=\"a6ac6b94d8\" data-email-share-track-url=\"http:\/\/yomeunoalretto.org\/?page_id=1881&amp;share=email\"><span><\/span><span class=\"sharing-screen-reader-text\">Haz clic para enviar un enlace por correo electr\u00f3nico a un amigo (Se abre en una ventana nueva)<\/span><\/a><\/li><li><a href=\"#\" class=\"sharing-anchor sd-button share-more\"><span>M\u00e1s<\/span><\/a><\/li><li class=\"share-end\"><\/li><\/ul><div class=\"sharing-hidden\"><div class=\"inner\" style=\"display: none;\"><ul><li class=\"share-linkedin\"><a rel=\"nofollow noopener noreferrer\" data-shared=\"sharing-linkedin-1881\" class=\"share-linkedin sd-button share-icon no-text\" href=\"http:\/\/yomeunoalretto.org\/?page_id=1881&amp;share=linkedin\" target=\"_blank\" title=\"Haz clic para compartir en LinkedIn\" ><span><\/span><span class=\"sharing-screen-reader-text\">Haz clic para compartir en LinkedIn (Se abre en una ventana nueva)<\/span><\/a><\/li><li class=\"share-tumblr\"><a rel=\"nofollow noopener noreferrer\" data-shared=\"\" class=\"share-tumblr sd-button share-icon no-text\" href=\"http:\/\/yomeunoalretto.org\/?page_id=1881&amp;share=tumblr\" target=\"_blank\" title=\"Haz clic para compartir en Tumblr\" ><span><\/span><span class=\"sharing-screen-reader-text\">Haz clic para compartir en Tumblr (Se abre en una ventana nueva)<\/span><\/a><\/li><li class=\"share-end\"><\/li><li class=\"share-reddit\"><a rel=\"nofollow noopener noreferrer\" data-shared=\"\" class=\"share-reddit sd-button share-icon no-text\" href=\"http:\/\/yomeunoalretto.org\/?page_id=1881&amp;share=reddit\" target=\"_blank\" title=\"Haz clic para compartir en Reddit\" ><span><\/span><span class=\"sharing-screen-reader-text\">Haz clic para compartir en Reddit (Se abre en una ventana nueva)<\/span><\/a><\/li><li class=\"share-pocket\"><a rel=\"nofollow noopener noreferrer\" data-shared=\"\" class=\"share-pocket sd-button share-icon no-text\" href=\"http:\/\/yomeunoalretto.org\/?page_id=1881&amp;share=pocket\" target=\"_blank\" title=\"Haz clic para compartir en Pocket\" ><span><\/span><span class=\"sharing-screen-reader-text\">Haz clic para compartir en Pocket (Se abre en una ventana nueva)<\/span><\/a><\/li><li class=\"share-end\"><\/li><li class=\"share-pinterest\"><a rel=\"nofollow noopener noreferrer\" data-shared=\"sharing-pinterest-1881\" class=\"share-pinterest sd-button share-icon no-text\" href=\"http:\/\/yomeunoalretto.org\/?page_id=1881&amp;share=pinterest\" target=\"_blank\" title=\"Haz clic para compartir en Pinterest\" ><span><\/span><span class=\"sharing-screen-reader-text\">Haz clic para compartir en Pinterest (Se abre en una ventana nueva)<\/span><\/a><\/li><li class=\"share-end\"><\/li><\/ul><\/div><\/div><\/div><\/div><\/div>","protected":false},"excerpt":{"rendered":"<p>El pasado 29 de enero la empresa Dragados Offshore ha vuelto a depositar su confianza en nuestra labor, y nos ha vuelto\u00a0a\u00a0hacer una donaci\u00f3n de 2.000 \u20ac a trav\u00e9s de los premios de seguridad con los que reconoce la labor de sus empleados en materia de seguridad e higiene en el trabajo. Recordar que esta [&hellip;]<\/p>\n<div class=\"sharedaddy sd-sharing-enabled\"><div class=\"robots-nocontent sd-block sd-social sd-social-icon sd-sharing\"><h3 class=\"sd-title\">Comparte esto:<\/h3><div class=\"sd-content\"><ul><li class=\"share-facebook\"><a rel=\"nofollow noopener noreferrer\" data-shared=\"sharing-facebook-1881\" class=\"share-facebook sd-button share-icon no-text\" href=\"http:\/\/yomeunoalretto.org\/?page_id=1881&amp;share=facebook\" target=\"_blank\" title=\"Haz clic para compartir en Facebook\" ><span><\/span><span class=\"sharing-screen-reader-text\">Haz clic para compartir en Facebook (Se abre en una ventana nueva)<\/span><\/a><\/li><li class=\"share-twitter\"><a rel=\"nofollow noopener noreferrer\" data-shared=\"sharing-twitter-1881\" class=\"share-twitter sd-button share-icon no-text\" href=\"http:\/\/yomeunoalretto.org\/?page_id=1881&amp;share=twitter\" target=\"_blank\" title=\"Haz clic para compartir en Twitter\" ><span><\/span><span class=\"sharing-screen-reader-text\">Haz clic para compartir en Twitter (Se abre en una ventana nueva)<\/span><\/a><\/li><li class=\"share-print\"><a rel=\"nofollow noopener noreferrer\" data-shared=\"\" class=\"share-print sd-button share-icon no-text\" href=\"http:\/\/yomeunoalretto.org\/?page_id=1881\" target=\"_blank\" title=\"Haz clic para imprimir\" ><span><\/span><span class=\"sharing-screen-reader-text\">Haz clic para imprimir (Se abre en una ventana nueva)<\/span><\/a><\/li><li class=\"share-email\"><a rel=\"nofollow noopener noreferrer\" data-shared=\"\" class=\"share-email sd-button share-icon no-text\" href=\"mailto:?subject=%5BEntrada%20compartida%5D%20Un%20nueva%20donaci%C3%B3n%20de%202000%20%E2%82%AC%20de%20Dragados%C2%A0Offshore.&body=http%3A%2F%2Fyomeunoalretto.org%2F%3Fpage_id%3D1881&share=email\" target=\"_blank\" title=\"Haz clic para enviar un enlace por correo electr\u00f3nico a un amigo\" data-email-share-error-title=\"\u00bfTienes un correo electr\u00f3nico configurado?\" data-email-share-error-text=\"Si tienes problemas al compartir por correo electr\u00f3nico, es posible que sea porque no tengas un correo electr\u00f3nico configurado en tu navegador. Puede que tengas que crear un nuevo correo electr\u00f3nico t\u00fa mismo.\" data-email-share-nonce=\"a6ac6b94d8\" data-email-share-track-url=\"http:\/\/yomeunoalretto.org\/?page_id=1881&amp;share=email\"><span><\/span><span class=\"sharing-screen-reader-text\">Haz clic para enviar un enlace por correo electr\u00f3nico a un amigo (Se abre en una ventana nueva)<\/span><\/a><\/li><li><a href=\"#\" class=\"sharing-anchor sd-button share-more\"><span>M\u00e1s<\/span><\/a><\/li><li class=\"share-end\"><\/li><\/ul><div class=\"sharing-hidden\"><div class=\"inner\" style=\"display: none;\"><ul><li class=\"share-linkedin\"><a rel=\"nofollow noopener noreferrer\" data-shared=\"sharing-linkedin-1881\" class=\"share-linkedin sd-button share-icon no-text\" href=\"http:\/\/yomeunoalretto.org\/?page_id=1881&amp;share=linkedin\" target=\"_blank\" title=\"Haz clic para compartir en LinkedIn\" ><span><\/span><span class=\"sharing-screen-reader-text\">Haz clic para compartir en LinkedIn (Se abre en una ventana nueva)<\/span><\/a><\/li><li class=\"share-tumblr\"><a rel=\"nofollow noopener noreferrer\" data-shared=\"\" class=\"share-tumblr sd-button share-icon no-text\" href=\"http:\/\/yomeunoalretto.org\/?page_id=1881&amp;share=tumblr\" target=\"_blank\" title=\"Haz clic para compartir en Tumblr\" ><span><\/span><span class=\"sharing-screen-reader-text\">Haz clic para compartir en Tumblr (Se abre en una ventana nueva)<\/span><\/a><\/li><li class=\"share-end\"><\/li><li class=\"share-reddit\"><a rel=\"nofollow noopener noreferrer\" data-shared=\"\" class=\"share-reddit sd-button share-icon no-text\" href=\"http:\/\/yomeunoalretto.org\/?page_id=1881&amp;share=reddit\" target=\"_blank\" title=\"Haz clic para compartir en Reddit\" ><span><\/span><span class=\"sharing-screen-reader-text\">Haz clic para compartir en Reddit (Se abre en una ventana nueva)<\/span><\/a><\/li><li class=\"share-pocket\"><a rel=\"nofollow noopener noreferrer\" data-shared=\"\" class=\"share-pocket sd-button share-icon no-text\" href=\"http:\/\/yomeunoalretto.org\/?page_id=1881&amp;share=pocket\" target=\"_blank\" title=\"Haz clic para compartir en Pocket\" ><span><\/span><span class=\"sharing-screen-reader-text\">Haz clic para compartir en Pocket (Se abre en una ventana nueva)<\/span><\/a><\/li><li class=\"share-end\"><\/li><li class=\"share-pinterest\"><a rel=\"nofollow noopener noreferrer\" data-shared=\"sharing-pinterest-1881\" class=\"share-pinterest sd-button share-icon no-text\" href=\"http:\/\/yomeunoalretto.org\/?page_id=1881&amp;share=pinterest\" target=\"_blank\" title=\"Haz clic para compartir en Pinterest\" ><span><\/span><span class=\"sharing-screen-reader-text\">Haz clic para compartir en Pinterest (Se abre en una ventana nueva)<\/span><\/a><\/li><li class=\"share-end\"><\/li><\/ul><\/div><\/div><\/div><\/div><\/div>","protected":false},"author":1,"featured_media":0,"parent":0,"menu_order":0,"comment_status":"open","ping_status":"closed","template":"","meta":[],"jetpack_shortlink":"https:\/\/wp.me\/P4JzDn-ul","jetpack_sharing_enabled":true,"_links":{"self":[{"href":"http:\/\/yomeunoalretto.org\/index.php?rest_route=\/wp\/v2\/pages\/1881"}],"collection":[{"href":"http:\/\/yomeunoalretto.org\/index.php?rest_route=\/wp\/v2\/pages"}],"about":[{"href":"http:\/\/yomeunoalretto.org\/index.php?rest_route=\/wp\/v2\/types\/page"}],"author":[{"embeddable":true,"href":"http:\/\/yomeunoalretto.org\/index.php?rest_route=\/wp\/v2\/users\/1"}],"replies":[{"embeddable":true,"href":"http:\/\/yomeunoalretto.org\/index.php?rest_route=%2Fwp%2Fv2%2Fcomments&post=1881"}],"version-history":[{"count":4,"href":"http:\/\/yomeunoalretto.org\/index.php?rest_route=\/wp\/v2\/pages\/1881\/revisions"}],"predecessor-version":[{"id":1885,"href":"http:\/\/yomeunoalretto.org\/index.php?rest_route=\/wp\/v2\/pages\/1881\/revisions\/1885"}],"wp:attachment":[{"href":"http:\/\/yomeunoalretto.org\/index.php?rest_route=%2Fwp%2Fv2%2Fmedia&parent=1881"}],"curies":[{"name":"wp","href":"https:\/\/api.w.org\/{rel}","templated":true}]}}