{"id":1278,"date":"2015-01-08T01:57:05","date_gmt":"2015-01-08T00:57:05","guid":{"rendered":"http:\/\/yomeunoalretto.org\/?page_id=1278"},"modified":"2015-01-08T01:57:05","modified_gmt":"2015-01-08T00:57:05","slug":"i-mercadillo-solidario-mujeres-y-salud","status":"publish","type":"page","link":"http:\/\/yomeunoalretto.org\/?page_id=1278","title":{"rendered":"I Mercadillo solidario \u201c Mujeres y Salud\u201d"},"content":{"rendered":"<p><a href=\"http:\/\/yomeunoalretto.org\/wp-content\/uploads\/2015\/01\/10267772_423145074507170_7984759336531855927_n.jpg\"><img data-attachment-id=\"1277\" data-permalink=\"http:\/\/yomeunoalretto.org\/?attachment_id=1277\" data-orig-file=\"http:\/\/yomeunoalretto.org\/wp-content\/uploads\/2015\/01\/10267772_423145074507170_7984759336531855927_n.jpg\" data-orig-size=\"640,480\" data-comments-opened=\"1\" data-image-meta=\"{&quot;aperture&quot;:&quot;0&quot;,&quot;credit&quot;:&quot;&quot;,&quot;camera&quot;:&quot;&quot;,&quot;caption&quot;:&quot;&quot;,&quot;created_timestamp&quot;:&quot;0&quot;,&quot;copyright&quot;:&quot;&quot;,&quot;focal_length&quot;:&quot;0&quot;,&quot;iso&quot;:&quot;0&quot;,&quot;shutter_speed&quot;:&quot;0&quot;,&quot;title&quot;:&quot;&quot;,&quot;orientation&quot;:&quot;0&quot;}\" data-image-title=\"10267772_423145074507170_7984759336531855927_n\" data-image-description=\"\" data-image-caption=\"\" data-medium-file=\"http:\/\/yomeunoalretto.org\/wp-content\/uploads\/2015\/01\/10267772_423145074507170_7984759336531855927_n-250x188.jpg\" data-large-file=\"http:\/\/yomeunoalretto.org\/wp-content\/uploads\/2015\/01\/10267772_423145074507170_7984759336531855927_n.jpg\" decoding=\"async\" loading=\"lazy\" class=\" size-medium wp-image-1277 alignleft\" src=\"http:\/\/yomeunoalretto.org\/wp-content\/uploads\/2015\/01\/10267772_423145074507170_7984759336531855927_n-250x188.jpg\" alt=\"10267772_423145074507170_7984759336531855927_n\" width=\"250\" height=\"188\" srcset=\"http:\/\/yomeunoalretto.org\/wp-content\/uploads\/2015\/01\/10267772_423145074507170_7984759336531855927_n-250x188.jpg 250w, http:\/\/yomeunoalretto.org\/wp-content\/uploads\/2015\/01\/10267772_423145074507170_7984759336531855927_n-216x162.jpg 216w, http:\/\/yomeunoalretto.org\/wp-content\/uploads\/2015\/01\/10267772_423145074507170_7984759336531855927_n.jpg 640w\" sizes=\"(max-width: 250px) 100vw, 250px\" \/><\/a>Desde el pasado 18 de diciembre y hasta el d\u00eda 5 de enero la Asociaci\u00f3n Gaditana \u201cYo me uno al Retto por la investicacion del S\u00edndrome de Rett\u201d hemos estado presentes en el I Mercadillo solidario \u201c Mujeres y Salud\u201d.<\/p>\n<p>Desde aqu\u00ed queremos agradecer esta iniciativa al Ayuntamiento de C\u00e1diz, y en especial a\u00a0F\u00e1tima Salaverri, Directora de la Fundaci\u00f3n; como a Mercedes Colombo, delegada del \u00c1rea de fam<img data-attachment-id=\"1275\" data-permalink=\"http:\/\/yomeunoalretto.org\/?attachment_id=1275\" data-orig-file=\"http:\/\/yomeunoalretto.org\/wp-content\/uploads\/2015\/01\/10922414_4960039695324_2265611566453742519_n.jpg\" data-orig-size=\"720,540\" data-comments-opened=\"1\" data-image-meta=\"{&quot;aperture&quot;:&quot;0&quot;,&quot;credit&quot;:&quot;&quot;,&quot;camera&quot;:&quot;&quot;,&quot;caption&quot;:&quot;&quot;,&quot;created_timestamp&quot;:&quot;0&quot;,&quot;copyright&quot;:&quot;&quot;,&quot;focal_length&quot;:&quot;0&quot;,&quot;iso&quot;:&quot;0&quot;,&quot;shutter_speed&quot;:&quot;0&quot;,&quot;title&quot;:&quot;&quot;,&quot;orientation&quot;:&quot;0&quot;}\" data-image-title=\"10922414_4960039695324_2265611566453742519_n\" data-image-description=\"\" data-image-caption=\"\" data-medium-file=\"http:\/\/yomeunoalretto.org\/wp-content\/uploads\/2015\/01\/10922414_4960039695324_2265611566453742519_n-250x188.jpg\" data-large-file=\"http:\/\/yomeunoalretto.org\/wp-content\/uploads\/2015\/01\/10922414_4960039695324_2265611566453742519_n.jpg\" decoding=\"async\" loading=\"lazy\" class=\" size-medium wp-image-1275 alignright\" src=\"http:\/\/yomeunoalretto.org\/wp-content\/uploads\/2015\/01\/10922414_4960039695324_2265611566453742519_n-250x188.jpg\" alt=\"10922414_4960039695324_2265611566453742519_n\" width=\"250\" height=\"188\" srcset=\"http:\/\/yomeunoalretto.org\/wp-content\/uploads\/2015\/01\/10922414_4960039695324_2265611566453742519_n-250x188.jpg 250w, http:\/\/yomeunoalretto.org\/wp-content\/uploads\/2015\/01\/10922414_4960039695324_2265611566453742519_n-216x162.jpg 216w, http:\/\/yomeunoalretto.org\/wp-content\/uploads\/2015\/01\/10922414_4960039695324_2265611566453742519_n.jpg 720w\" sizes=\"(max-width: 250px) 100vw, 250px\" \/>ilia.\u00a0No solo porque nos hab\u00e9is brindado la posibilidad de darnos a conocer a la sociedad gaditana (que no es poco), sino tambi\u00e9n porque ha sido para nosotros una oportunidad de entablar nuevos acuerdos y proyectos con otras entidades de la ciudad (tanto oficiales como oficiosas) y porque adem\u00e1s hemos conocido a otras familias y amigos de afectadas por el s\u00edndrome tanto de C\u00e1diz, M\u00e1laga como Madrid.<\/p>\n<p><a href=\"http:\/\/yomeunoalretto.org\/wp-content\/uploads\/2015\/01\/10922447_428443553977322_2980652617117303513_n.jpg\"><img data-attachment-id=\"1273\" data-permalink=\"http:\/\/yomeunoalretto.org\/?attachment_id=1273\" data-orig-file=\"http:\/\/yomeunoalretto.org\/wp-content\/uploads\/2015\/01\/10922447_428443553977322_2980652617117303513_n.jpg\" data-orig-size=\"640,480\" data-comments-opened=\"1\" data-image-meta=\"{&quot;aperture&quot;:&quot;0&quot;,&quot;credit&quot;:&quot;&quot;,&quot;camera&quot;:&quot;&quot;,&quot;caption&quot;:&quot;&quot;,&quot;created_timestamp&quot;:&quot;0&quot;,&quot;copyright&quot;:&quot;&quot;,&quot;focal_length&quot;:&quot;0&quot;,&quot;iso&quot;:&quot;0&quot;,&quot;shutter_speed&quot;:&quot;0&quot;,&quot;title&quot;:&quot;&quot;,&quot;orientation&quot;:&quot;0&quot;}\" data-image-title=\"10922447_428443553977322_2980652617117303513_n\" data-image-description=\"\" data-image-caption=\"\" data-medium-file=\"http:\/\/yomeunoalretto.org\/wp-content\/uploads\/2015\/01\/10922447_428443553977322_2980652617117303513_n-250x188.jpg\" data-large-file=\"http:\/\/yomeunoalretto.org\/wp-content\/uploads\/2015\/01\/10922447_428443553977322_2980652617117303513_n.jpg\" decoding=\"async\" loading=\"lazy\" class=\"alignleft wp-image-1273 size-medium\" src=\"http:\/\/yomeunoalretto.org\/wp-content\/uploads\/2015\/01\/10922447_428443553977322_2980652617117303513_n-250x188.jpg\" alt=\"10922447_428443553977322_2980652617117303513_n\" width=\"250\" height=\"188\" srcset=\"http:\/\/yomeunoalretto.org\/wp-content\/uploads\/2015\/01\/10922447_428443553977322_2980652617117303513_n-250x188.jpg 250w, http:\/\/yomeunoalretto.org\/wp-content\/uploads\/2015\/01\/10922447_428443553977322_2980652617117303513_n-216x162.jpg 216w, http:\/\/yomeunoalretto.org\/wp-content\/uploads\/2015\/01\/10922447_428443553977322_2980652617117303513_n.jpg 640w\" sizes=\"(max-width: 250px) 100vw, 250px\" \/><\/a>Igualmente queremos agradecer al personal de la Fundaci\u00f3n de la Mujer, que nos ha prestado toda su colaboraci\u00f3n y comprensi\u00f3n en estas dos semanas largas; as\u00ed como a todos aquellos ciudadanos, amigos y colaboradores de la asociaci\u00f3n que os hab\u00e9is pasado a echar un cable o a charlar un rato, muy especialmente al batall\u00f3n de ni\u00f1os que ha formado el taller de globoflexia y ha animado el ambiente en las fr\u00edas tardes de este invierno.<\/p>\n<p>Consideramos que empezamos el 2015\u00a0por el buen camino de cara a nuestro principal objetivo, divulgar el conocimiento de la enfermedad. Y recordad: 2015 el a\u00f1o de las ni\u00f1as bonitas, en a\u00f1o de las nenas Rett.<\/p>\n<div class=\"sharedaddy sd-sharing-enabled\"><div class=\"robots-nocontent sd-block sd-social sd-social-icon sd-sharing\"><h3 class=\"sd-title\">Comparte esto:<\/h3><div class=\"sd-content\"><ul><li class=\"share-facebook\"><a rel=\"nofollow noopener noreferrer\" data-shared=\"sharing-facebook-1278\" class=\"share-facebook sd-button share-icon no-text\" href=\"http:\/\/yomeunoalretto.org\/?page_id=1278&amp;share=facebook\" target=\"_blank\" title=\"Haz clic para compartir en Facebook\" ><span><\/span><span class=\"sharing-screen-reader-text\">Haz clic para compartir en Facebook (Se abre en una ventana nueva)<\/span><\/a><\/li><li class=\"share-twitter\"><a rel=\"nofollow noopener noreferrer\" data-shared=\"sharing-twitter-1278\" class=\"share-twitter sd-button share-icon no-text\" href=\"http:\/\/yomeunoalretto.org\/?page_id=1278&amp;share=twitter\" target=\"_blank\" title=\"Haz clic para compartir en Twitter\" ><span><\/span><span class=\"sharing-screen-reader-text\">Haz clic para compartir en Twitter (Se abre en una ventana nueva)<\/span><\/a><\/li><li class=\"share-print\"><a rel=\"nofollow noopener noreferrer\" data-shared=\"\" class=\"share-print sd-button share-icon no-text\" href=\"http:\/\/yomeunoalretto.org\/?page_id=1278\" target=\"_blank\" title=\"Haz clic para imprimir\" ><span><\/span><span class=\"sharing-screen-reader-text\">Haz clic para imprimir (Se abre en una ventana nueva)<\/span><\/a><\/li><li class=\"share-email\"><a rel=\"nofollow noopener noreferrer\" data-shared=\"\" class=\"share-email sd-button share-icon no-text\" href=\"mailto:?subject=%5BEntrada%20compartida%5D%20I%20Mercadillo%20solidario%20%E2%80%9C%20Mujeres%20y%20Salud%E2%80%9D&body=http%3A%2F%2Fyomeunoalretto.org%2F%3Fpage_id%3D1278&share=email\" target=\"_blank\" title=\"Haz clic para enviar un enlace por correo electr\u00f3nico a un amigo\" data-email-share-error-title=\"\u00bfTienes un correo electr\u00f3nico configurado?\" data-email-share-error-text=\"Si tienes problemas al compartir por correo electr\u00f3nico, es posible que sea porque no tengas un correo electr\u00f3nico configurado en tu navegador. Puede que tengas que crear un nuevo correo electr\u00f3nico t\u00fa mismo.\" data-email-share-nonce=\"0c006ed46f\" data-email-share-track-url=\"http:\/\/yomeunoalretto.org\/?page_id=1278&amp;share=email\"><span><\/span><span class=\"sharing-screen-reader-text\">Haz clic para enviar un enlace por correo electr\u00f3nico a un amigo (Se abre en una ventana nueva)<\/span><\/a><\/li><li><a href=\"#\" class=\"sharing-anchor sd-button share-more\"><span>M\u00e1s<\/span><\/a><\/li><li class=\"share-end\"><\/li><\/ul><div class=\"sharing-hidden\"><div class=\"inner\" style=\"display: none;\"><ul><li class=\"share-linkedin\"><a rel=\"nofollow noopener noreferrer\" data-shared=\"sharing-linkedin-1278\" class=\"share-linkedin sd-button share-icon no-text\" href=\"http:\/\/yomeunoalretto.org\/?page_id=1278&amp;share=linkedin\" target=\"_blank\" title=\"Haz clic para compartir en LinkedIn\" ><span><\/span><span class=\"sharing-screen-reader-text\">Haz clic para compartir en LinkedIn (Se abre en una ventana nueva)<\/span><\/a><\/li><li class=\"share-tumblr\"><a rel=\"nofollow noopener noreferrer\" data-shared=\"\" class=\"share-tumblr sd-button share-icon no-text\" href=\"http:\/\/yomeunoalretto.org\/?page_id=1278&amp;share=tumblr\" target=\"_blank\" title=\"Haz clic para compartir en Tumblr\" ><span><\/span><span class=\"sharing-screen-reader-text\">Haz clic para compartir en Tumblr (Se abre en una ventana nueva)<\/span><\/a><\/li><li class=\"share-end\"><\/li><li class=\"share-reddit\"><a rel=\"nofollow noopener noreferrer\" data-shared=\"\" class=\"share-reddit sd-button share-icon no-text\" href=\"http:\/\/yomeunoalretto.org\/?page_id=1278&amp;share=reddit\" target=\"_blank\" title=\"Haz clic para compartir en Reddit\" ><span><\/span><span class=\"sharing-screen-reader-text\">Haz clic para compartir en Reddit (Se abre en una ventana nueva)<\/span><\/a><\/li><li class=\"share-pocket\"><a rel=\"nofollow noopener noreferrer\" data-shared=\"\" class=\"share-pocket sd-button share-icon no-text\" href=\"http:\/\/yomeunoalretto.org\/?page_id=1278&amp;share=pocket\" target=\"_blank\" title=\"Haz clic para compartir en Pocket\" ><span><\/span><span class=\"sharing-screen-reader-text\">Haz clic para compartir en Pocket (Se abre en una ventana nueva)<\/span><\/a><\/li><li class=\"share-end\"><\/li><li class=\"share-pinterest\"><a rel=\"nofollow noopener noreferrer\" data-shared=\"sharing-pinterest-1278\" class=\"share-pinterest sd-button share-icon no-text\" href=\"http:\/\/yomeunoalretto.org\/?page_id=1278&amp;share=pinterest\" target=\"_blank\" title=\"Haz clic para compartir en Pinterest\" ><span><\/span><span class=\"sharing-screen-reader-text\">Haz clic para compartir en Pinterest (Se abre en una ventana nueva)<\/span><\/a><\/li><li class=\"share-end\"><\/li><\/ul><\/div><\/div><\/div><\/div><\/div>","protected":false},"excerpt":{"rendered":"<p>Desde el pasado 18 de diciembre y hasta el d\u00eda 5 de enero la Asociaci\u00f3n Gaditana \u201cYo me uno al Retto por la investicacion del S\u00edndrome de Rett\u201d hemos estado presentes en el I Mercadillo solidario \u201c Mujeres y Salud\u201d. Desde aqu\u00ed queremos agradecer esta iniciativa al Ayuntamiento de C\u00e1diz, y en especial a\u00a0F\u00e1tima Salaverri, [&hellip;]<\/p>\n<div class=\"sharedaddy sd-sharing-enabled\"><div class=\"robots-nocontent sd-block sd-social sd-social-icon sd-sharing\"><h3 class=\"sd-title\">Comparte esto:<\/h3><div class=\"sd-content\"><ul><li class=\"share-facebook\"><a rel=\"nofollow noopener noreferrer\" data-shared=\"sharing-facebook-1278\" class=\"share-facebook sd-button share-icon no-text\" href=\"http:\/\/yomeunoalretto.org\/?page_id=1278&amp;share=facebook\" target=\"_blank\" title=\"Haz clic para compartir en Facebook\" ><span><\/span><span class=\"sharing-screen-reader-text\">Haz clic para compartir en Facebook (Se abre en una ventana nueva)<\/span><\/a><\/li><li class=\"share-twitter\"><a rel=\"nofollow noopener noreferrer\" data-shared=\"sharing-twitter-1278\" class=\"share-twitter sd-button share-icon no-text\" href=\"http:\/\/yomeunoalretto.org\/?page_id=1278&amp;share=twitter\" target=\"_blank\" title=\"Haz clic para compartir en Twitter\" ><span><\/span><span class=\"sharing-screen-reader-text\">Haz clic para compartir en Twitter (Se abre en una ventana nueva)<\/span><\/a><\/li><li class=\"share-print\"><a rel=\"nofollow noopener noreferrer\" data-shared=\"\" class=\"share-print sd-button share-icon no-text\" href=\"http:\/\/yomeunoalretto.org\/?page_id=1278\" target=\"_blank\" title=\"Haz clic para imprimir\" ><span><\/span><span class=\"sharing-screen-reader-text\">Haz clic para imprimir (Se abre en una ventana nueva)<\/span><\/a><\/li><li class=\"share-email\"><a rel=\"nofollow noopener noreferrer\" data-shared=\"\" class=\"share-email sd-button share-icon no-text\" href=\"mailto:?subject=%5BEntrada%20compartida%5D%20I%20Mercadillo%20solidario%20%E2%80%9C%20Mujeres%20y%20Salud%E2%80%9D&body=http%3A%2F%2Fyomeunoalretto.org%2F%3Fpage_id%3D1278&share=email\" target=\"_blank\" title=\"Haz clic para enviar un enlace por correo electr\u00f3nico a un amigo\" data-email-share-error-title=\"\u00bfTienes un correo electr\u00f3nico configurado?\" data-email-share-error-text=\"Si tienes problemas al compartir por correo electr\u00f3nico, es posible que sea porque no tengas un correo electr\u00f3nico configurado en tu navegador. Puede que tengas que crear un nuevo correo electr\u00f3nico t\u00fa mismo.\" data-email-share-nonce=\"0c006ed46f\" data-email-share-track-url=\"http:\/\/yomeunoalretto.org\/?page_id=1278&amp;share=email\"><span><\/span><span class=\"sharing-screen-reader-text\">Haz clic para enviar un enlace por correo electr\u00f3nico a un amigo (Se abre en una ventana nueva)<\/span><\/a><\/li><li><a href=\"#\" class=\"sharing-anchor sd-button share-more\"><span>M\u00e1s<\/span><\/a><\/li><li class=\"share-end\"><\/li><\/ul><div class=\"sharing-hidden\"><div class=\"inner\" style=\"display: none;\"><ul><li class=\"share-linkedin\"><a rel=\"nofollow noopener noreferrer\" data-shared=\"sharing-linkedin-1278\" class=\"share-linkedin sd-button share-icon no-text\" href=\"http:\/\/yomeunoalretto.org\/?page_id=1278&amp;share=linkedin\" target=\"_blank\" title=\"Haz clic para compartir en LinkedIn\" ><span><\/span><span class=\"sharing-screen-reader-text\">Haz clic para compartir en LinkedIn (Se abre en una ventana nueva)<\/span><\/a><\/li><li class=\"share-tumblr\"><a rel=\"nofollow noopener noreferrer\" data-shared=\"\" class=\"share-tumblr sd-button share-icon no-text\" href=\"http:\/\/yomeunoalretto.org\/?page_id=1278&amp;share=tumblr\" target=\"_blank\" title=\"Haz clic para compartir en Tumblr\" ><span><\/span><span class=\"sharing-screen-reader-text\">Haz clic para compartir en Tumblr (Se abre en una ventana nueva)<\/span><\/a><\/li><li class=\"share-end\"><\/li><li class=\"share-reddit\"><a rel=\"nofollow noopener noreferrer\" data-shared=\"\" class=\"share-reddit sd-button share-icon no-text\" href=\"http:\/\/yomeunoalretto.org\/?page_id=1278&amp;share=reddit\" target=\"_blank\" title=\"Haz clic para compartir en Reddit\" ><span><\/span><span class=\"sharing-screen-reader-text\">Haz clic para compartir en Reddit (Se abre en una ventana nueva)<\/span><\/a><\/li><li class=\"share-pocket\"><a rel=\"nofollow noopener noreferrer\" data-shared=\"\" class=\"share-pocket sd-button share-icon no-text\" href=\"http:\/\/yomeunoalretto.org\/?page_id=1278&amp;share=pocket\" target=\"_blank\" title=\"Haz clic para compartir en Pocket\" ><span><\/span><span class=\"sharing-screen-reader-text\">Haz clic para compartir en Pocket (Se abre en una ventana nueva)<\/span><\/a><\/li><li class=\"share-end\"><\/li><li class=\"share-pinterest\"><a rel=\"nofollow noopener noreferrer\" data-shared=\"sharing-pinterest-1278\" class=\"share-pinterest sd-button share-icon no-text\" href=\"http:\/\/yomeunoalretto.org\/?page_id=1278&amp;share=pinterest\" target=\"_blank\" title=\"Haz clic para compartir en Pinterest\" ><span><\/span><span class=\"sharing-screen-reader-text\">Haz clic para compartir en Pinterest (Se abre en una ventana nueva)<\/span><\/a><\/li><li class=\"share-end\"><\/li><\/ul><\/div><\/div><\/div><\/div><\/div>","protected":false},"author":1,"featured_media":0,"parent":0,"menu_order":0,"comment_status":"open","ping_status":"open","template":"","meta":[],"jetpack_shortlink":"https:\/\/wp.me\/P4JzDn-kC","jetpack_sharing_enabled":true,"_links":{"self":[{"href":"http:\/\/yomeunoalretto.org\/index.php?rest_route=\/wp\/v2\/pages\/1278"}],"collection":[{"href":"http:\/\/yomeunoalretto.org\/index.php?rest_route=\/wp\/v2\/pages"}],"about":[{"href":"http:\/\/yomeunoalretto.org\/index.php?rest_route=\/wp\/v2\/types\/page"}],"author":[{"embeddable":true,"href":"http:\/\/yomeunoalretto.org\/index.php?rest_route=\/wp\/v2\/users\/1"}],"replies":[{"embeddable":true,"href":"http:\/\/yomeunoalretto.org\/index.php?rest_route=%2Fwp%2Fv2%2Fcomments&post=1278"}],"version-history":[{"count":3,"href":"http:\/\/yomeunoalretto.org\/index.php?rest_route=\/wp\/v2\/pages\/1278\/revisions"}],"predecessor-version":[{"id":1281,"href":"http:\/\/yomeunoalretto.org\/index.php?rest_route=\/wp\/v2\/pages\/1278\/revisions\/1281"}],"wp:attachment":[{"href":"http:\/\/yomeunoalretto.org\/index.php?rest_route=%2Fwp%2Fv2%2Fmedia&parent=1278"}],"curies":[{"name":"wp","href":"https:\/\/api.w.org\/{rel}","templated":true}]}}