{"id":1179,"date":"2014-10-30T07:57:18","date_gmt":"2014-10-30T06:57:18","guid":{"rendered":"http:\/\/yomeunoalretto.org\/?page_id=1179"},"modified":"2014-10-30T09:17:42","modified_gmt":"2014-10-30T08:17:42","slug":"defile-de-modas-monadas-kids-wear-a-beneficio-del-sindrome-rett","status":"publish","type":"page","link":"http:\/\/yomeunoalretto.org\/?page_id=1179","title":{"rendered":"Desfile de Modas Monadas Kids Wear a Beneficio del Sindrome Rett"},"content":{"rendered":"<p>El pr\u00f3ximo s\u00e1ba<a href=\"http:\/\/yomeunoalretto.org\/wp-content\/uploads\/2014\/10\/IMG-20141029-WA00011.jpg\"><img data-attachment-id=\"1177\" data-permalink=\"http:\/\/yomeunoalretto.org\/?attachment_id=1177\" data-orig-file=\"http:\/\/yomeunoalretto.org\/wp-content\/uploads\/2014\/10\/IMG-20141029-WA00011.jpg\" data-orig-size=\"633,879\" data-comments-opened=\"1\" data-image-meta=\"{&quot;aperture&quot;:&quot;0&quot;,&quot;credit&quot;:&quot;&quot;,&quot;camera&quot;:&quot;&quot;,&quot;caption&quot;:&quot;&quot;,&quot;created_timestamp&quot;:&quot;0&quot;,&quot;copyright&quot;:&quot;&quot;,&quot;focal_length&quot;:&quot;0&quot;,&quot;iso&quot;:&quot;0&quot;,&quot;shutter_speed&quot;:&quot;0&quot;,&quot;title&quot;:&quot;&quot;,&quot;orientation&quot;:&quot;1&quot;}\" data-image-title=\"IMG-20141029-WA0001\" data-image-description=\"\" data-image-caption=\"\" data-medium-file=\"http:\/\/yomeunoalretto.org\/wp-content\/uploads\/2014\/10\/IMG-20141029-WA00011-180x250.jpg\" data-large-file=\"http:\/\/yomeunoalretto.org\/wp-content\/uploads\/2014\/10\/IMG-20141029-WA00011.jpg\" decoding=\"async\" loading=\"lazy\" class=\"alignleft wp-image-1177 size-medium\" src=\"http:\/\/yomeunoalretto.org\/wp-content\/uploads\/2014\/10\/IMG-20141029-WA00011-180x250.jpg\" alt=\"IMG-20141029-WA0001\" width=\"180\" height=\"250\" srcset=\"http:\/\/yomeunoalretto.org\/wp-content\/uploads\/2014\/10\/IMG-20141029-WA00011-180x250.jpg 180w, http:\/\/yomeunoalretto.org\/wp-content\/uploads\/2014\/10\/IMG-20141029-WA00011-120x168.jpg 120w, http:\/\/yomeunoalretto.org\/wp-content\/uploads\/2014\/10\/IMG-20141029-WA00011.jpg 633w\" sizes=\"(max-width: 180px) 100vw, 180px\" \/><\/a>do 1 de noviembre, la firma <span style=\"color: #ff9900;\"><strong><a style=\"color: #ff9900;\" href=\"https:\/\/www.facebook.com\/Monadasmodas?fref=ts\" target=\"_blank\">Monadas Kids Wear<\/a><\/strong><\/span>, ha organizado un pase de modas a beneficio de nuestra asociaci\u00f3n, la gala estar\u00e1 presentada por el presentador de Onda C\u00e1diz Germ\u00e1n Garc\u00eda, y amenizado con las actuaciones de la escuela de arte flamenco Saroche y el guitarrista Antonio G\u00f3mez.<\/p>\n<p>Recuerda S\u00e1bado 01 de noviembre a partir de las 17:30, en el Centro de Arte Flamenco de la Merced: un estupendo colof\u00f3n para el mes octubre, mes de la concienciaci\u00f3n del S\u00edndrome de Rett.<\/p>\n<p>Moda y Arte. An\u00edmate, pasaremos un rato muy agradable y diferente.<\/p>\n<div class=\"sharedaddy sd-sharing-enabled\"><div class=\"robots-nocontent sd-block sd-social sd-social-icon sd-sharing\"><h3 class=\"sd-title\">Comparte esto:<\/h3><div class=\"sd-content\"><ul><li class=\"share-facebook\"><a rel=\"nofollow noopener noreferrer\" data-shared=\"sharing-facebook-1179\" class=\"share-facebook sd-button share-icon no-text\" href=\"http:\/\/yomeunoalretto.org\/?page_id=1179&amp;share=facebook\" target=\"_blank\" title=\"Haz clic para compartir en Facebook\" ><span><\/span><span class=\"sharing-screen-reader-text\">Haz clic para compartir en Facebook (Se abre en una ventana nueva)<\/span><\/a><\/li><li class=\"share-twitter\"><a rel=\"nofollow noopener noreferrer\" data-shared=\"sharing-twitter-1179\" class=\"share-twitter sd-button share-icon no-text\" href=\"http:\/\/yomeunoalretto.org\/?page_id=1179&amp;share=twitter\" target=\"_blank\" title=\"Haz clic para compartir en Twitter\" ><span><\/span><span class=\"sharing-screen-reader-text\">Haz clic para compartir en Twitter (Se abre en una ventana nueva)<\/span><\/a><\/li><li class=\"share-print\"><a rel=\"nofollow noopener noreferrer\" data-shared=\"\" class=\"share-print sd-button share-icon no-text\" href=\"http:\/\/yomeunoalretto.org\/?page_id=1179\" target=\"_blank\" title=\"Haz clic para imprimir\" ><span><\/span><span class=\"sharing-screen-reader-text\">Haz clic para imprimir (Se abre en una ventana nueva)<\/span><\/a><\/li><li class=\"share-email\"><a rel=\"nofollow noopener noreferrer\" data-shared=\"\" class=\"share-email sd-button share-icon no-text\" href=\"mailto:?subject=%5BEntrada%20compartida%5D%20Desfile%20de%20Modas%20Monadas%20Kids%20Wear%20a%20Beneficio%20del%20Sindrome%20Rett&body=http%3A%2F%2Fyomeunoalretto.org%2F%3Fpage_id%3D1179&share=email\" target=\"_blank\" title=\"Haz clic para enviar un enlace por correo electr\u00f3nico a un amigo\" data-email-share-error-title=\"\u00bfTienes un correo electr\u00f3nico configurado?\" data-email-share-error-text=\"Si tienes problemas al compartir por correo electr\u00f3nico, es posible que sea porque no tengas un correo electr\u00f3nico configurado en tu navegador. Puede que tengas que crear un nuevo correo electr\u00f3nico t\u00fa mismo.\" data-email-share-nonce=\"ab1143f97b\" data-email-share-track-url=\"http:\/\/yomeunoalretto.org\/?page_id=1179&amp;share=email\"><span><\/span><span class=\"sharing-screen-reader-text\">Haz clic para enviar un enlace por correo electr\u00f3nico a un amigo (Se abre en una ventana nueva)<\/span><\/a><\/li><li><a href=\"#\" class=\"sharing-anchor sd-button share-more\"><span>M\u00e1s<\/span><\/a><\/li><li class=\"share-end\"><\/li><\/ul><div class=\"sharing-hidden\"><div class=\"inner\" style=\"display: none;\"><ul><li class=\"share-linkedin\"><a rel=\"nofollow noopener noreferrer\" data-shared=\"sharing-linkedin-1179\" class=\"share-linkedin sd-button share-icon no-text\" href=\"http:\/\/yomeunoalretto.org\/?page_id=1179&amp;share=linkedin\" target=\"_blank\" title=\"Haz clic para compartir en LinkedIn\" ><span><\/span><span class=\"sharing-screen-reader-text\">Haz clic para compartir en LinkedIn (Se abre en una ventana nueva)<\/span><\/a><\/li><li class=\"share-tumblr\"><a rel=\"nofollow noopener noreferrer\" data-shared=\"\" class=\"share-tumblr sd-button share-icon no-text\" href=\"http:\/\/yomeunoalretto.org\/?page_id=1179&amp;share=tumblr\" target=\"_blank\" title=\"Haz clic para compartir en Tumblr\" ><span><\/span><span class=\"sharing-screen-reader-text\">Haz clic para compartir en Tumblr (Se abre en una ventana nueva)<\/span><\/a><\/li><li class=\"share-end\"><\/li><li class=\"share-reddit\"><a rel=\"nofollow noopener noreferrer\" data-shared=\"\" class=\"share-reddit sd-button share-icon no-text\" href=\"http:\/\/yomeunoalretto.org\/?page_id=1179&amp;share=reddit\" target=\"_blank\" title=\"Haz clic para compartir en Reddit\" ><span><\/span><span class=\"sharing-screen-reader-text\">Haz clic para compartir en Reddit (Se abre en una ventana nueva)<\/span><\/a><\/li><li class=\"share-pocket\"><a rel=\"nofollow noopener noreferrer\" data-shared=\"\" class=\"share-pocket sd-button share-icon no-text\" href=\"http:\/\/yomeunoalretto.org\/?page_id=1179&amp;share=pocket\" target=\"_blank\" title=\"Haz clic para compartir en Pocket\" ><span><\/span><span class=\"sharing-screen-reader-text\">Haz clic para compartir en Pocket (Se abre en una ventana nueva)<\/span><\/a><\/li><li class=\"share-end\"><\/li><li class=\"share-pinterest\"><a rel=\"nofollow noopener noreferrer\" data-shared=\"sharing-pinterest-1179\" class=\"share-pinterest sd-button share-icon no-text\" href=\"http:\/\/yomeunoalretto.org\/?page_id=1179&amp;share=pinterest\" target=\"_blank\" title=\"Haz clic para compartir en Pinterest\" ><span><\/span><span class=\"sharing-screen-reader-text\">Haz clic para compartir en Pinterest (Se abre en una ventana nueva)<\/span><\/a><\/li><li class=\"share-end\"><\/li><\/ul><\/div><\/div><\/div><\/div><\/div>","protected":false},"excerpt":{"rendered":"<p>El pr\u00f3ximo s\u00e1bado 1 de noviembre, la firma Monadas Kids Wear, ha organizado un pase de modas a beneficio de nuestra asociaci\u00f3n, la gala estar\u00e1 presentada por el presentador de Onda C\u00e1diz Germ\u00e1n Garc\u00eda, y amenizado con las actuaciones de la escuela de arte flamenco Saroche y el guitarrista Antonio G\u00f3mez. Recuerda S\u00e1bado 01 de [&hellip;]<\/p>\n<div class=\"sharedaddy sd-sharing-enabled\"><div class=\"robots-nocontent sd-block sd-social sd-social-icon sd-sharing\"><h3 class=\"sd-title\">Comparte esto:<\/h3><div class=\"sd-content\"><ul><li class=\"share-facebook\"><a rel=\"nofollow noopener noreferrer\" data-shared=\"sharing-facebook-1179\" class=\"share-facebook sd-button share-icon no-text\" href=\"http:\/\/yomeunoalretto.org\/?page_id=1179&amp;share=facebook\" target=\"_blank\" title=\"Haz clic para compartir en Facebook\" ><span><\/span><span class=\"sharing-screen-reader-text\">Haz clic para compartir en Facebook (Se abre en una ventana nueva)<\/span><\/a><\/li><li class=\"share-twitter\"><a rel=\"nofollow noopener noreferrer\" data-shared=\"sharing-twitter-1179\" class=\"share-twitter sd-button share-icon no-text\" href=\"http:\/\/yomeunoalretto.org\/?page_id=1179&amp;share=twitter\" target=\"_blank\" title=\"Haz clic para compartir en Twitter\" ><span><\/span><span class=\"sharing-screen-reader-text\">Haz clic para compartir en Twitter (Se abre en una ventana nueva)<\/span><\/a><\/li><li class=\"share-print\"><a rel=\"nofollow noopener noreferrer\" data-shared=\"\" class=\"share-print sd-button share-icon no-text\" href=\"http:\/\/yomeunoalretto.org\/?page_id=1179\" target=\"_blank\" title=\"Haz clic para imprimir\" ><span><\/span><span class=\"sharing-screen-reader-text\">Haz clic para imprimir (Se abre en una ventana nueva)<\/span><\/a><\/li><li class=\"share-email\"><a rel=\"nofollow noopener noreferrer\" data-shared=\"\" class=\"share-email sd-button share-icon no-text\" href=\"mailto:?subject=%5BEntrada%20compartida%5D%20Desfile%20de%20Modas%20Monadas%20Kids%20Wear%20a%20Beneficio%20del%20Sindrome%20Rett&body=http%3A%2F%2Fyomeunoalretto.org%2F%3Fpage_id%3D1179&share=email\" target=\"_blank\" title=\"Haz clic para enviar un enlace por correo electr\u00f3nico a un amigo\" data-email-share-error-title=\"\u00bfTienes un correo electr\u00f3nico configurado?\" data-email-share-error-text=\"Si tienes problemas al compartir por correo electr\u00f3nico, es posible que sea porque no tengas un correo electr\u00f3nico configurado en tu navegador. Puede que tengas que crear un nuevo correo electr\u00f3nico t\u00fa mismo.\" data-email-share-nonce=\"ab1143f97b\" data-email-share-track-url=\"http:\/\/yomeunoalretto.org\/?page_id=1179&amp;share=email\"><span><\/span><span class=\"sharing-screen-reader-text\">Haz clic para enviar un enlace por correo electr\u00f3nico a un amigo (Se abre en una ventana nueva)<\/span><\/a><\/li><li><a href=\"#\" class=\"sharing-anchor sd-button share-more\"><span>M\u00e1s<\/span><\/a><\/li><li class=\"share-end\"><\/li><\/ul><div class=\"sharing-hidden\"><div class=\"inner\" style=\"display: none;\"><ul><li class=\"share-linkedin\"><a rel=\"nofollow noopener noreferrer\" data-shared=\"sharing-linkedin-1179\" class=\"share-linkedin sd-button share-icon no-text\" href=\"http:\/\/yomeunoalretto.org\/?page_id=1179&amp;share=linkedin\" target=\"_blank\" title=\"Haz clic para compartir en LinkedIn\" ><span><\/span><span class=\"sharing-screen-reader-text\">Haz clic para compartir en LinkedIn (Se abre en una ventana nueva)<\/span><\/a><\/li><li class=\"share-tumblr\"><a rel=\"nofollow noopener noreferrer\" data-shared=\"\" class=\"share-tumblr sd-button share-icon no-text\" href=\"http:\/\/yomeunoalretto.org\/?page_id=1179&amp;share=tumblr\" target=\"_blank\" title=\"Haz clic para compartir en Tumblr\" ><span><\/span><span class=\"sharing-screen-reader-text\">Haz clic para compartir en Tumblr (Se abre en una ventana nueva)<\/span><\/a><\/li><li class=\"share-end\"><\/li><li class=\"share-reddit\"><a rel=\"nofollow noopener noreferrer\" data-shared=\"\" class=\"share-reddit sd-button share-icon no-text\" href=\"http:\/\/yomeunoalretto.org\/?page_id=1179&amp;share=reddit\" target=\"_blank\" title=\"Haz clic para compartir en Reddit\" ><span><\/span><span class=\"sharing-screen-reader-text\">Haz clic para compartir en Reddit (Se abre en una ventana nueva)<\/span><\/a><\/li><li class=\"share-pocket\"><a rel=\"nofollow noopener noreferrer\" data-shared=\"\" class=\"share-pocket sd-button share-icon no-text\" href=\"http:\/\/yomeunoalretto.org\/?page_id=1179&amp;share=pocket\" target=\"_blank\" title=\"Haz clic para compartir en Pocket\" ><span><\/span><span class=\"sharing-screen-reader-text\">Haz clic para compartir en Pocket (Se abre en una ventana nueva)<\/span><\/a><\/li><li class=\"share-end\"><\/li><li class=\"share-pinterest\"><a rel=\"nofollow noopener noreferrer\" data-shared=\"sharing-pinterest-1179\" class=\"share-pinterest sd-button share-icon no-text\" href=\"http:\/\/yomeunoalretto.org\/?page_id=1179&amp;share=pinterest\" target=\"_blank\" title=\"Haz clic para compartir en Pinterest\" ><span><\/span><span class=\"sharing-screen-reader-text\">Haz clic para compartir en Pinterest (Se abre en una ventana nueva)<\/span><\/a><\/li><li class=\"share-end\"><\/li><\/ul><\/div><\/div><\/div><\/div><\/div>","protected":false},"author":1,"featured_media":0,"parent":0,"menu_order":0,"comment_status":"open","ping_status":"open","template":"","meta":[],"jetpack_shortlink":"https:\/\/wp.me\/P4JzDn-j1","jetpack_sharing_enabled":true,"_links":{"self":[{"href":"http:\/\/yomeunoalretto.org\/index.php?rest_route=\/wp\/v2\/pages\/1179"}],"collection":[{"href":"http:\/\/yomeunoalretto.org\/index.php?rest_route=\/wp\/v2\/pages"}],"about":[{"href":"http:\/\/yomeunoalretto.org\/index.php?rest_route=\/wp\/v2\/types\/page"}],"author":[{"embeddable":true,"href":"http:\/\/yomeunoalretto.org\/index.php?rest_route=\/wp\/v2\/users\/1"}],"replies":[{"embeddable":true,"href":"http:\/\/yomeunoalretto.org\/index.php?rest_route=%2Fwp%2Fv2%2Fcomments&post=1179"}],"version-history":[{"count":3,"href":"http:\/\/yomeunoalretto.org\/index.php?rest_route=\/wp\/v2\/pages\/1179\/revisions"}],"predecessor-version":[{"id":1183,"href":"http:\/\/yomeunoalretto.org\/index.php?rest_route=\/wp\/v2\/pages\/1179\/revisions\/1183"}],"wp:attachment":[{"href":"http:\/\/yomeunoalretto.org\/index.php?rest_route=%2Fwp%2Fv2%2Fmedia&parent=1179"}],"curies":[{"name":"wp","href":"https:\/\/api.w.org\/{rel}","templated":true}]}}

<p>El próximo sába<a href="http://yomeunoalretto.org/wp-content/uploads/2014/10/IMG-20141029-WA00011.jpg"><img data-attachment-id="1177" data-permalink="http://yomeunoalretto.org/?attachment_id=1177" data-orig-file="http://yomeunoalretto.org/wp-content/uploads/2014/10/IMG-20141029-WA00011.jpg" data-orig-size="633,879" data-comments-opened="1" data-image-meta="{&quot;aperture&quot;:&quot;0&quot;,&quot;credit&quot;:&quot;&quot;,&quot;camera&quot;:&quot;&quot;,&quot;caption&quot;:&quot;&quot;,&quot;created_timestamp&quot;:&quot;0&quot;,&quot;copyright&quot;:&quot;&quot;,&quot;focal_length&quot;:&quot;0&quot;,&quot;iso&quot;:&quot;0&quot;,&quot;shutter_speed&quot;:&quot;0&quot;,&quot;title&quot;:&quot;&quot;,&quot;orientation&quot;:&quot;1&quot;}" data-image-title="IMG-20141029-WA0001" data-image-description="" data-image-caption="" data-medium-file="http://yomeunoalretto.org/wp-content/uploads/2014/10/IMG-20141029-WA00011-180x250.jpg" data-large-file="http://yomeunoalretto.org/wp-content/uploads/2014/10/IMG-20141029-WA00011.jpg" decoding="async" loading="lazy" class="alignleft wp-image-1177 size-medium" src="http://yomeunoalretto.org/wp-content/uploads/2014/10/IMG-20141029-WA00011-180x250.jpg" alt="IMG-20141029-WA0001" width="180" height="250" srcset="http://yomeunoalretto.org/wp-content/uploads/2014/10/IMG-20141029-WA00011-180x250.jpg 180w, http://yomeunoalretto.org/wp-content/uploads/2014/10/IMG-20141029-WA00011-120x168.jpg 120w, http://yomeunoalretto.org/wp-content/uploads/2014/10/IMG-20141029-WA00011.jpg 633w" sizes="(max-width: 180px) 100vw, 180px" /></a>do 1 de noviembre, la firma <span style="color: #ff9900;"><strong><a style="color: #ff9900;" href="https://www.facebook.com/Monadasmodas?fref=ts" target="_blank">Monadas Kids Wear</a></strong></span>, ha organizado un pase de modas a beneficio de nuestra asociación, la gala estará presentada por el presentador de Onda Cádiz Germán García, y amenizado con las actuaciones de la escuela de arte flamenco Saroche y el guitarrista Antonio Gómez.</p>
<p>Recuerda Sábado 01 de noviembre a partir de las 17:30, en el Centro de Arte Flamenco de la Merced: un estupendo colofón para el mes octubre, mes de la concienciación del Síndrome de Rett.</p>
<p>Moda y Arte. Anímate, pasaremos un rato muy agradable y diferente.</p>
<div class="sharedaddy sd-sharing-enabled"><div class="robots-nocontent sd-block sd-social sd-social-icon sd-sharing"><h3 class="sd-title">Comparte esto:</h3><div class="sd-content"><ul><li class="share-facebook"><a rel="nofollow noopener noreferrer" data-shared="sharing-facebook-1179" class="share-facebook sd-button share-icon no-text" href="http://yomeunoalretto.org/?page_id=1179&amp;share=facebook" target="_blank" title="Haz clic para compartir en Facebook" ><span></span><span class="sharing-screen-reader-text">Haz clic para compartir en Facebook (Se abre en una ventana nueva)</span></a></li><li class="share-twitter"><a rel="nofollow noopener noreferrer" data-shared="sharing-twitter-1179" class="share-twitter sd-button share-icon no-text" href="http://yomeunoalretto.org/?page_id=1179&amp;share=twitter" target="_blank" title="Haz clic para compartir en Twitter" ><span></span><span class="sharing-screen-reader-text">Haz clic para compartir en Twitter (Se abre en una ventana nueva)</span></a></li><li class="share-print"><a rel="nofollow noopener noreferrer" data-shared="" class="share-print sd-button share-icon no-text" href="http://yomeunoalretto.org/?page_id=1179" target="_blank" title="Haz clic para imprimir" ><span></span><span class="sharing-screen-reader-text">Haz clic para imprimir (Se abre en una ventana nueva)</span></a></li><li class="share-email"><a rel="nofollow noopener noreferrer" data-shared="" class="share-email sd-button share-icon no-text" href="mailto:?subject=%5BEntrada%20compartida%5D%20Desfile%20de%20Modas%20Monadas%20Kids%20Wear%20a%20Beneficio%20del%20Sindrome%20Rett&body=http%3A%2F%2Fyomeunoalretto.org%2F%3Fpage_id%3D1179&share=email" target="_blank" title="Haz clic para enviar un enlace por correo electrónico a un amigo" data-email-share-error-title="¿Tienes un correo electrónico configurado?" data-email-share-error-text="Si tienes problemas al compartir por correo electrónico, es posible que sea porque no tengas un correo electrónico configurado en tu navegador. Puede que tengas que crear un nuevo correo electrónico tú mismo." data-email-share-nonce="ab1143f97b" data-email-share-track-url="http://yomeunoalretto.org/?page_id=1179&amp;share=email"><span></span><span class="sharing-screen-reader-text">Haz clic para enviar un enlace por correo electrónico a un amigo (Se abre en una ventana nueva)</span></a></li><li><a href="#" class="sharing-anchor sd-button share-more"><span>Más</span></a></li><li class="share-end"></li></ul><div class="sharing-hidden"><div class="inner" style="display: none;"><ul><li class="share-linkedin"><a rel="nofollow noopener noreferrer" data-shared="sharing-linkedin-1179" class="share-linkedin sd-button share-icon no-text" href="http://yomeunoalretto.org/?page_id=1179&amp;share=linkedin" target="_blank" title="Haz clic para compartir en LinkedIn" ><span></span><span class="sharing-screen-reader-text">Haz clic para compartir en LinkedIn (Se abre en una ventana nueva)</span></a></li><li class="share-tumblr"><a rel="nofollow noopener noreferrer" data-shared="" class="share-tumblr sd-button share-icon no-text" href="http://yomeunoalretto.org/?page_id=1179&amp;share=tumblr" target="_blank" title="Haz clic para compartir en Tumblr" ><span></span><span class="sharing-screen-reader-text">Haz clic para compartir en Tumblr (Se abre en una ventana nueva)</span></a></li><li class="share-end"></li><li class="share-reddit"><a rel="nofollow noopener noreferrer" data-shared="" class="share-reddit sd-button share-icon no-text" href="http://yomeunoalretto.org/?page_id=1179&amp;share=reddit" target="_blank" title="Haz clic para compartir en Reddit" ><span></span><span class="sharing-screen-reader-text">Haz clic para compartir en Reddit (Se abre en una ventana nueva)</span></a></li><li class="share-pocket"><a rel="nofollow noopener noreferrer" data-shared="" class="share-pocket sd-button share-icon no-text" href="http://yomeunoalretto.org/?page_id=1179&amp;share=pocket" target="_blank" title="Haz clic para compartir en Pocket" ><span></span><span class="sharing-screen-reader-text">Haz clic para compartir en Pocket (Se abre en una ventana nueva)</span></a></li><li class="share-end"></li><li class="share-pinterest"><a rel="nofollow noopener noreferrer" data-shared="sharing-pinterest-1179" class="share-pinterest sd-button share-icon no-text" href="http://yomeunoalretto.org/?page_id=1179&amp;share=pinterest" target="_blank" title="Haz clic para compartir en Pinterest" ><span></span><span class="sharing-screen-reader-text">Haz clic para compartir en Pinterest (Se abre en una ventana nueva)</span></a></li><li class="share-end"></li></ul></div></div></div></div></div>

<p>El próximo sábado 1 de noviembre, la firma Monadas Kids Wear, ha organizado un pase de modas a beneficio de nuestra asociación, la gala estará presentada por el presentador de Onda Cádiz Germán García, y amenizado con las actuaciones de la escuela de arte flamenco Saroche y el guitarrista Antonio Gómez. Recuerda Sábado 01 de [&hellip;]</p>
<div class="sharedaddy sd-sharing-enabled"><div class="robots-nocontent sd-block sd-social sd-social-icon sd-sharing"><h3 class="sd-title">Comparte esto:</h3><div class="sd-content"><ul><li class="share-facebook"><a rel="nofollow noopener noreferrer" data-shared="sharing-facebook-1179" class="share-facebook sd-button share-icon no-text" href="http://yomeunoalretto.org/?page_id=1179&amp;share=facebook" target="_blank" title="Haz clic para compartir en Facebook" ><span></span><span class="sharing-screen-reader-text">Haz clic para compartir en Facebook (Se abre en una ventana nueva)</span></a></li><li class="share-twitter"><a rel="nofollow noopener noreferrer" data-shared="sharing-twitter-1179" class="share-twitter sd-button share-icon no-text" href="http://yomeunoalretto.org/?page_id=1179&amp;share=twitter" target="_blank" title="Haz clic para compartir en Twitter" ><span></span><span class="sharing-screen-reader-text">Haz clic para compartir en Twitter (Se abre en una ventana nueva)</span></a></li><li class="share-print"><a rel="nofollow noopener noreferrer" data-shared="" class="share-print sd-button share-icon no-text" href="http://yomeunoalretto.org/?page_id=1179" target="_blank" title="Haz clic para imprimir" ><span></span><span class="sharing-screen-reader-text">Haz clic para imprimir (Se abre en una ventana nueva)</span></a></li><li class="share-email"><a rel="nofollow noopener noreferrer" data-shared="" class="share-email sd-button share-icon no-text" href="mailto:?subject=%5BEntrada%20compartida%5D%20Desfile%20de%20Modas%20Monadas%20Kids%20Wear%20a%20Beneficio%20del%20Sindrome%20Rett&body=http%3A%2F%2Fyomeunoalretto.org%2F%3Fpage_id%3D1179&share=email" target="_blank" title="Haz clic para enviar un enlace por correo electrónico a un amigo" data-email-share-error-title="¿Tienes un correo electrónico configurado?" data-email-share-error-text="Si tienes problemas al compartir por correo electrónico, es posible que sea porque no tengas un correo electrónico configurado en tu navegador. Puede que tengas que crear un nuevo correo electrónico tú mismo." data-email-share-nonce="ab1143f97b" data-email-share-track-url="http://yomeunoalretto.org/?page_id=1179&amp;share=email"><span></span><span class="sharing-screen-reader-text">Haz clic para enviar un enlace por correo electrónico a un amigo (Se abre en una ventana nueva)</span></a></li><li><a href="#" class="sharing-anchor sd-button share-more"><span>Más</span></a></li><li class="share-end"></li></ul><div class="sharing-hidden"><div class="inner" style="display: none;"><ul><li class="share-linkedin"><a rel="nofollow noopener noreferrer" data-shared="sharing-linkedin-1179" class="share-linkedin sd-button share-icon no-text" href="http://yomeunoalretto.org/?page_id=1179&amp;share=linkedin" target="_blank" title="Haz clic para compartir en LinkedIn" ><span></span><span class="sharing-screen-reader-text">Haz clic para compartir en LinkedIn (Se abre en una ventana nueva)</span></a></li><li class="share-tumblr"><a rel="nofollow noopener noreferrer" data-shared="" class="share-tumblr sd-button share-icon no-text" href="http://yomeunoalretto.org/?page_id=1179&amp;share=tumblr" target="_blank" title="Haz clic para compartir en Tumblr" ><span></span><span class="sharing-screen-reader-text">Haz clic para compartir en Tumblr (Se abre en una ventana nueva)</span></a></li><li class="share-end"></li><li class="share-reddit"><a rel="nofollow noopener noreferrer" data-shared="" class="share-reddit sd-button share-icon no-text" href="http://yomeunoalretto.org/?page_id=1179&amp;share=reddit" target="_blank" title="Haz clic para compartir en Reddit" ><span></span><span class="sharing-screen-reader-text">Haz clic para compartir en Reddit (Se abre en una ventana nueva)</span></a></li><li class="share-pocket"><a rel="nofollow noopener noreferrer" data-shared="" class="share-pocket sd-button share-icon no-text" href="http://yomeunoalretto.org/?page_id=1179&amp;share=pocket" target="_blank" title="Haz clic para compartir en Pocket" ><span></span><span class="sharing-screen-reader-text">Haz clic para compartir en Pocket (Se abre en una ventana nueva)</span></a></li><li class="share-end"></li><li class="share-pinterest"><a rel="nofollow noopener noreferrer" data-shared="sharing-pinterest-1179" class="share-pinterest sd-button share-icon no-text" href="http://yomeunoalretto.org/?page_id=1179&amp;share=pinterest" target="_blank" title="Haz clic para compartir en Pinterest" ><span></span><span class="sharing-screen-reader-text">Haz clic para compartir en Pinterest (Se abre en una ventana nueva)</span></a></li><li class="share-end"></li></ul></div></div></div></div></div>
